--
-- Host: localhost    Database: nm_site5_pt_br
-- ------------------------------------------------------


--
-- Table structure for table `nm_aplicacoes`
--

CREATE TABLE `nm_aplicacoes` (
  `codigo` varchar(50) NOT NULL,
  `nome` varchar(100) NOT NULL,
  PRIMARY KEY  (`codigo`)
) ENGINE=InnoDB DEFAULT CHARSET=latin1;

--
-- Dumping data for table `nm_aplicacoes`
--

INSERT INTO `nm_aplicacoes` VALUES ('cons_alunos','Consulta de Alunos'),('cons_alunos_cursos','Consulta de alunos por curso'),('cons_clientes_categorias','Consulta de clientes por categorias'),('cons_depoimentos','Consulta de depoimentos'),('cons_example','Consulta de Exemplos filtrado por Topico'),('cons_exemplos_grupos','Consulta das categorias dos exemplos'),('cons_exemplos_grupos_itens','Consulta dos exemplos'),('cons_links','Consulta Links Pai do site'),('cons_representantes','Consulta de representantes'),('cons_turma','Consulta de turmas'),('cons_turma_tipo','Consulta de tipos de turma'),('cons_workshop','Consulta de WorkShop'),('cons_workshop_tipo','Consulta de tipos de Workshop'),('form_aluno','Cadastro de alunos'),('form_aplicacoes','Cadastro de Aplicações do Sistema de Controle do Site'),('form_cases','Cadastro de cases'),('form_clientes','Cadastro de clientes'),('form_clientes_categorias','Cadastro das categorias dos clientes'),('form_depoimentos','Cadastro dos depoimentos'),('form_example','Cadastro de Exemplos'),('form_exemplos_grupos','Cadastro das categorias dos exemplos'),('form_exemplos_grupos_itens','Cadastro de exemplos'),('form_faq','Cadastro de FAQ'),('form_grupo','Cadastro de Grupos de Usuários do Sistema de Controle do Site'),('form_home','Cadastro dos textos da home'),('form_links','Cadastro dos Links PAI'),('form_link_sub','Cadastro dos Links FILHO'),('form_nm_compara','Form comparacao de produtos - Caracteristicas'),('form_nm_compara_produto','Form comparacao de produtos'),('form_noticias','Cadastro de noticias'),('form_sys_category','Cadastro de sys_category'),('form_turma','Cadastro de curso'),('form_turma_aluno','Cadastro de alunos do curso'),('form_turma_tipo','Cadastro de tipo de curso'),('form_usuario_grupo','Cadastro do sistema de seguranca dos grupos dos usuarios'),('form_videos','Cadastro dos video da home'),('form_workshop','Cadastro de workshop'),('form_workshop_alunos','Cadastro de alunos do workshop'),('form_workshop_tipo','Cadastro de tipos de workshop'),('frm_beneficios','Cadastro de beneficios da home'),('frm_doc','Cadastro de Categorias da Documentação'),('frm_doc_item','Cadastro dos ítens da Documentação 	 '),('frm_homerecursos','Cadastro de recursos da home'),('frm_recursos','Cadastro de recursos'),('frm_representantes','Cadastro de representantes'),('frm_sistemas','Cadastro dos Sistemas de Exemplos'),('frm_sistemas_caracteristicas','Cadastro dos Topicos do Sistemas de Exemplos'),('grid_topics','Grid de Topicos dos Exemplos'),('menu','Menu do site');

--
-- Table structure for table `nm_apresentacao_online`
--

CREATE TABLE `nm_apresentacao_online` (
  `codigo` int(11) NOT NULL auto_increment,
  `apresentacao_tipo` int(11) NOT NULL,
  `data_apresentacao` date NOT NULL,
  `hora_apresentacao` time NOT NULL,
  `apresentado` char(1) NOT NULL default 'N',
  `disponivel_site` char(1) NOT NULL default 'S',
  `qtd_alunos` int(10) NOT NULL,
  `reuniao_num` varchar(50) NOT NULL,
  `descricao` varchar(250) default NULL,
  PRIMARY KEY  (`codigo`),
  KEY `ik_apresentacao_tipo` (`apresentacao_tipo`),
  CONSTRAINT `nm_apresentacao_online_ibfk_1` FOREIGN KEY (`apresentacao_tipo`) REFERENCES `nm_apresentacao_online_tipo` (`codigo`)
) ENGINE=InnoDB AUTO_INCREMENT=13 DEFAULT CHARSET=latin1;

--
-- Dumping data for table `nm_apresentacao_online`
--

INSERT INTO `nm_apresentacao_online` VALUES (1,1,'2009-11-30','10:30:00','N','S',15,'795318112','gotomeeting'),(2,1,'2009-11-30','16:00:00','N','S',15,'937232745','gotomeeting'),(3,1,'2009-12-14','10:30:00','N','S',15,'891282569','gotomeeting'),(4,1,'2009-12-14','16:00:00','N','S',15,'246593753','gotomeeting'),(5,1,'2009-12-15','10:30:00','N','S',15,'363160857','gotomeeting'),(6,1,'2009-12-15','16:00:00','N','S',15,'789653633','gotomeeting'),(7,1,'2009-12-16','10:30:00','N','S',15,'311086833','gotomeeting'),(8,1,'2009-12-16','16:00:00','N','S',15,'183561713','gotomeeting'),(9,1,'2009-12-17','10:30:00','N','S',15,'918546249','gotomeeting'),(10,1,'2009-12-17','16:00:00','N','S',15,'592357520','gotomeeting'),(11,1,'2009-12-18','10:30:00','N','S',15,'535554257','gotomeeting'),(12,1,'2009-12-18','16:00:00','N','S',15,'578926272','gotomeeting');

--
-- Table structure for table `nm_apresentacao_online_alunos`
--

CREATE TABLE `nm_apresentacao_online_alunos` (
  `codigo` int(11) NOT NULL auto_increment,
  `apresentacao_online` int(11) NOT NULL,
  `nome` varchar(60) NOT NULL,
  `cidade` varchar(32) default NULL,
  `estado` varchar(32) default NULL,
  `pais` varchar(250) default NULL,
  `email` varchar(250) NOT NULL,
  `empresa` varchar(250) default NULL,
  `telefone` varchar(250) default NULL,
  `participou` char(1) default 'N',
  `data_cadastro` datetime NOT NULL,
  `ip` varchar(15) NOT NULL,
  `email_enviado` int(11) default NULL,
  `email_lembrete_enviado` int(11) default NULL,
  PRIMARY KEY  (`codigo`),
  KEY `fk_apresentacao_online` (`apresentacao_online`),
  CONSTRAINT `nm_apresentacao_online_alunos_ibfk_1` FOREIGN KEY (`apresentacao_online`) REFERENCES `nm_apresentacao_online` (`codigo`)
) ENGINE=InnoDB AUTO_INCREMENT=42 DEFAULT CHARSET=latin1;

--
-- Dumping data for table `nm_apresentacao_online_alunos`
--

INSERT INTO `nm_apresentacao_online_alunos` VALUES (1,3,'Neiva Diniz','São Paulo','SP',NULL,'neiva@scriptCase.com.br','LB','55052342','N','2009-12-10 21:43:08','189.121.245.208',NULL,NULL),(2,3,'THIAGO VIEIRA','CAMPO GRANDE','MS',NULL,'thiago@okconsultoria.com.br','OK CONSULTORIA .COM.BR','6792656589','N','2009-12-11 00:04:20','189.59.84.43',NULL,NULL),(3,3,'Júlia Correia','São João da Boa Vista','São Paulo',NULL,'julia@tecmil.com.br','Techno Millenium','19 3622 3309','N','2009-12-11 00:27:20','187.49.223.41',NULL,NULL),(4,3,'Marcus Tonini','Belo Horizonte','MG',NULL,'marcus@vaccinar.com.br','Vaccinar Ind e Com Ltda','31.3448.5000','N','2009-12-11 07:02:04','189.101.51.18',NULL,NULL),(5,4,'Braille','Itajuba','Minas Gerais',NULL,'braille@tecmil.com.br','Techno Millenium','11 9499 8255','N','2009-12-11 07:32:08','189.57.111.40',NULL,NULL),(6,3,'João Célio','Plano Piloto','Brasilia',NULL,'joao.santos@faapatletas.gov.br','Faap','(61) 3217-1841','N','2009-12-11 07:55:14','200.198.193.98',NULL,NULL),(7,3,'Ednaldo','Curitiba','PR',NULL,'ednaldo@nspenha.com.br','Penha','(41) 3271-8666','N','2009-12-11 07:55:24','201.40.242.50',NULL,NULL),(8,3,'Ronaldo Braz Rosa','Jandaia','Goiás',NULL,'ronaldobraz@uol.com.br','Infotec','(64)3563-1695','N','2009-12-11 08:01:18','189.74.154.225',NULL,NULL),(9,3,'Edson Blum dos Prazeres','Curitiba','Parana',NULL,'blum@nspenha.com.br','Penha','41 32718683','N','2009-12-11 08:02:48','201.40.242.50',NULL,NULL),(10,3,'João Paulo Valeriano Fonseca','Brasilia','DF',NULL,'valeriano@pmdf.df.gov.br','PMDF','(61)9169-1715','N','2009-12-11 08:12:50','189.123.16.224',NULL,NULL),(11,3,'Everton','Brasília','DF',NULL,'everton@cfa.org.br','CFA','6132181827','N','2009-12-11 08:33:19','189.85.80.210',NULL,NULL),(12,4,'EDIMAR DETTOGNI ZANELATO','VITÓRIA','ESPÍRITO SANTO',NULL,'EZANELATO@REDEGAZETA.COM.BR','REDE GAZETA','(27)3321-8581','N','2009-12-11 08:34:30','189.50.6.101',NULL,NULL),(13,3,'João Martins','Lisboa','Portugal',NULL,'joao@lnec.pt','LNEC','','N','2009-12-11 08:46:14','193.136.104.23',NULL,NULL),(14,3,'Jocivan Suassone Alves','PALMAS','TOCANTINS',NULL,'suassone@gmail.com','NATURATINS','3218-2650','N','2009-12-11 09:36:11','200.163.75.250',NULL,NULL),(15,3,'Jean Paiva','Belém','Pará',NULL,'atfenn@gmail.com','Santa Izabel Alimentos Ltda','(91)40094400','N','2009-12-11 11:10:37','200.242.193.122',NULL,NULL),(16,12,'ricrado kruger','Rio de Janeiro','Rio de Janeiro',NULL,'potalla@hotmail.com','','21 24310136','N','2009-12-11 11:22:33','189.122.53.8',NULL,NULL),(17,11,'Eduardo Oliveira','Brasília','DF',NULL,'ejaobr@yahoo.com.br','MSA/SPREAD','61 8407 4492','N','2009-12-11 12:04:43','200.198.205.19',NULL,NULL),(18,4,'Raimundo Luiz Oliveira','Feira de Santana','BA',NULL,'ray@coofsaude.com.br','CoofSaude - Cooperativa Feirense de Saude LTDA','75 3224-7704','N','2009-12-11 14:45:08','189.22.237.1',NULL,NULL),(19,3,'arlindo','recife','pe',NULL,'arlindo@scriptcase.net','','','N','2009-12-11 14:54:38','189.115.161.41',NULL,NULL),(20,12,'JOFRAN MENDES','FORTALEZA','CEARÁ',NULL,'jofran@macrosys.com.br','Macrosys','(85)3091-4603','N','2009-12-11 16:17:44','201.8.97.43',NULL,NULL),(21,3,'GILSOE DE OLIVEIRA MATOS','OSORIO','RIO GRANDE DO SUL',NULL,'gilsoematos@yahoo.com.br','B2 LOGISTICA LTDA','51-97675712','N','2009-12-11 22:45:40','189.45.36.38',NULL,NULL),(22,4,'Ezequiel Daguano','Nordborg','Aahus',NULL,'ezequiel@danfoss.com','Danfoss A/S','','N','2009-12-11 23:34:49','189.120.107.4',NULL,NULL),(23,4,'Valdiney','Campo Grande','MS',NULL,'valdiney@datalex.com.br','Autonomo','(67) 9282-0946','N','2009-12-12 11:31:53','189.27.95.129',NULL,NULL),(24,4,'clovis soares','recife','pe',NULL,'clovis360@gmail.com','base divisória','81 87747429','N','2009-12-12 13:59:51','189.81.11.175',NULL,NULL),(25,4,'Leonardo Timponi','Esmeraldas','Minas Gerais',NULL,'ltimponi@gmail.com','Perimetral','31-35381230','N','2009-12-13 08:59:57','189.107.169.165',NULL,NULL),(26,5,'MARCELO FERREIRA','RECIFE','PERNAMBUCO',NULL,'marcelo@netlogin.com.br','Pessoal','81-87395754','N','2009-12-14 08:35:33','189.93.210.116',NULL,NULL),(27,4,'Andre Luiz Dominiquini','São Paulo','São Paulo',NULL,'cpd@italicasaude.com.br','Itálica Saúde LTDA','(11)30684422','N','2009-12-14 10:02:36','189.47.209.104',NULL,NULL),(28,4,'Ronaldo Braz Rosa','Jandaia','Goiás',NULL,'ronaldobraz@uol.com.br','RA Informatica','(64)3563-1695','N','2009-12-14 10:15:11','189.74.154.225',NULL,NULL),(29,4,'Marcela Amorim','São Paulo','São Paulo',NULL,'marcela@netmake.com.br','LineBrasil','11 5505-2342','N','2009-12-14 10:41:14','189.121.4.52',NULL,NULL),(30,4,'Lucimar Magalhães','Jaguariúna','SP',NULL,'lamagalhaes@gmail.com','Assist Com. e Serv. Ltda','19 38674766','N','2009-12-14 13:10:20','201.26.203.123',NULL,NULL),(31,4,'sidnei','sao paulo','sao paulo',NULL,'ney@saopaulotecnologia.com.br','sidlain systems informatica ltda','84561960','N','2009-12-14 13:58:23','187.35.57.36',NULL,NULL),(32,5,'Valdiney','Campo Grande','MS',NULL,'valdiney@datalex.com.br','Autonomo','(67) 9282-0946','N','2009-12-14 16:30:13','189.27.74.190',NULL,NULL),(33,5,'Renato Belini','Teresina','Piaui',NULL,'renatobelini@hotmail.com','nenhuma','86 88014865','N','2009-12-14 16:43:33','187.41.121.123',NULL,NULL),(34,5,'João Paulo','Brasília','DF',NULL,'valeriano@pmdf.df.gov.br','PMDF','6191691715','N','2009-12-14 16:46:40','189.72.173.98',NULL,NULL),(35,5,'Leonardo Timponi','Esmeraldas','MG',NULL,'ltimponi@gmail.com','Perimetral','31-35381230','N','2009-12-14 18:37:00','189.107.164.80',NULL,NULL),(36,5,'Júlia Marsico Correia','São João da Boa Vista','São Paulo',NULL,'julia@tecmil.com.br','Techno Millenium','19 3622 3309','N','2009-12-15 07:22:14','189.57.111.40',NULL,NULL),(37,5,'Francisco Viégas','Recife','Peranmbuco',NULL,'franciscocviegas@yahoo.com.br','','(81)33417058','N','2009-12-15 09:58:56','200.149.243.18',NULL,NULL),(38,7,'Wilson','Brotas','SP',NULL,'wil_oliv@uol.com.br','','','N','2009-12-15 10:06:04','189.35.25.22',NULL,NULL),(39,10,'francisco ricardo','recife','pernambuco',NULL,'ricardo@netmake.com.br','','32','N','2009-12-15 10:51:22','189.115.161.41',NULL,NULL),(40,6,'Ezequiel Daguano','São Paulo','SP',NULL,'ezequiel@danfoss.com','',' 55 11 21355434','N','2009-12-15 12:47:07','189.42.139.132',NULL,NULL),(41,6,'Romulo Banhe','Jundiai','SP',NULL,'romulo.banhe@terra.com.br','Cerealista Maranhão','89577307','N','2009-12-15 13:24:08','189.57.116.226',NULL,NULL);

--
-- Table structure for table `nm_apresentacao_online_tipo`
--

CREATE TABLE `nm_apresentacao_online_tipo` (
  `codigo` int(11) NOT NULL auto_increment,
  `nome` varchar(250) NOT NULL,
  `descricao` text NOT NULL,
  `disponivel_site` char(1) NOT NULL,
  `cp_titulo` varchar(250) NOT NULL,
  `cp_pdf` varchar(250) NOT NULL,
  `ordem` int(11) default NULL,
  PRIMARY KEY  (`codigo`)
) ENGINE=InnoDB AUTO_INCREMENT=2 DEFAULT CHARSET=latin1;

--
-- Dumping data for table `nm_apresentacao_online_tipo`
--

INSERT INTO `nm_apresentacao_online_tipo` VALUES (1,'Online WorkShop','Online WorkShop','S','ScriptCase WorkShop','pdf/Workshop.pdf',1);

--
-- Table structure for table `nm_beneficios`
--

CREATE TABLE `nm_beneficios` (
  `codigo` int(11) NOT NULL auto_increment,
  `titulo` varchar(250) NOT NULL,
  `beneficio` text NOT NULL,
  `imagem` varchar(250) NOT NULL,
  `posicao_imagem` int(11) NOT NULL,
  `ordem` int(11) NOT NULL,
  `exibe_home` char(1) NOT NULL default 'N',
  PRIMARY KEY  (`codigo`),
  KEY `ordem` (`ordem`),
  KEY `posicao_imagem` (`posicao_imagem`),
  CONSTRAINT `nm_beneficios_ibfk_1` FOREIGN KEY (`posicao_imagem`) REFERENCES `nm_posicao` (`codigo`)
) ENGINE=InnoDB AUTO_INCREMENT=5 DEFAULT CHARSET=latin1;

--
-- Dumping data for table `nm_beneficios`
--

INSERT INTO `nm_beneficios` VALUES (1,'Redução de Tempo/Custo','Aplicações prontas em poucos minutos e mais praticidade no re-uso e na manutenção. Elimine o custo com erros/re-trabalho e garanta maiores resultados, e em muito menos tempo.','img/imgtnproductive.gif',1,1,'S'),(2,'Desenvolvimento Distribuído','Ambiente web, o ScriptCase traz mobilidade e desenvolvimento integrado para equipes. É só abrir o browser e está pronto para trabalhar.','',2,2,'S'),(3,'Focando nas Prioridades','A ferramenta prepara as rotinas de infra-estrutura e deixa você livre para focar nas regras de negócio.','',2,3,'S'),(4,'Rápido Aprendizado','O ScriptCase possui uma interface que facilita a adaptação. Além disso, os usuários contam com Base de Conhecimento, Suporte, Vídeos, e mais.','',2,4,'S');

--
-- Table structure for table `nm_caracteristicas`
--

CREATE TABLE `nm_caracteristicas` (
  `codigo` int(11) NOT NULL auto_increment,
  `titulo` varchar(250) NOT NULL,
  `caracteristica` text NOT NULL,
  `imagem` varchar(250) NOT NULL,
  `thumbnail` varchar(250) NOT NULL,
  `posicao_imagem` int(11) NOT NULL,
  `ordem` int(11) NOT NULL,
  `exibe_home` char(1) NOT NULL default 'N',
  `exibe_img_maximized` char(1) default 'S',
  PRIMARY KEY  (`codigo`),
  KEY `ordem` (`ordem`),
  KEY `posicao_imagem` (`posicao_imagem`),
  CONSTRAINT `nm_caracteristicas_ibfk_1` FOREIGN KEY (`posicao_imagem`) REFERENCES `nm_posicao` (`codigo`)
) ENGINE=InnoDB AUTO_INCREMENT=203 DEFAULT CHARSET=latin1;

--
-- Dumping data for table `nm_caracteristicas`
--

INSERT INTO `nm_caracteristicas` VALUES (1,'Wizard de Criação de Aplicação','Com apenas alguns clicks, os usuários podem criar aplicações WEB complexas com dezenas de opções, desde relatórios até formulários de entrada de dados.','img/wizard_orig.jpg','img/wizard_thumb.jpg',1,37,'N','S'),(2,'Relatórios Dinâmicos','O ScriptCase oferece formas dinâmicas de apresentar os relatórios como agrupamento de dados, totalizações, cruzamento de informações, entre outros recursos.','img/dinamico_orig.jpg','img/dinamico_thumb.jpg',1,2,'S','S'),(3,'Filtros, Ordenação e Navegação','O ScriptCase desenvolve aplicações de filtro com o objetivo de facilitar as pesquisas por parte dos usuário final. Através destes filtros os usuários podem pesquisar através dos campos do relatório, formatar a exibição das colunas, alterar as regras de ordenação e outras funcionalidades.','img/filtro_orig.jpg','img/filtro_thumb.jpg',1,3,'S','S'),(4,'Formatos de Exportação','Com apenas um click os relatórios podem ser exportados para xls, xml, pdf, entre outros formatos.','img/export_orig.jpg','img/export_thumb.jpg',1,10,'N','S'),(5,'Componentes AJAX','Desenvolva aplicações com ajax através do framework sem necessidade de programar.','img/ajax_orig.jpg','img/ajax_thumb.jpg',1,13,'S','S'),(6,'Menus','Crie menus dinâmicos do tipo horizontal, vertical e tree view através de interface gráfica para chamar os seus aplicativos.','img/menu_orig.jpg','img/menu_thumb.jpg',1,6,'N','S'),(7,'Gráficos e Gerador de Gráficos','ScriptCase cria automaticamente gráficos nos seus relatórios em tempo real e exibe diretamente no seu navegador.','img/grafico_orig.jpg','img/grafico_thumb.jpg',1,4,'S','S'),(8,'Formulários','O ScriptCase auxilia o usuário a criar formulários utilizando blocos, abas, com múltiplos registros, grid editável entre outros recursos através de um wizard com apenas alguns clicks.','img/form_orig.jpg','img/form_thumb.jpg',1,1,'S','S'),(9,'Componentes','O ScriptCase permite que o usuário crie componentes diferentes como combobox, auto-complete ajax, duplo-select e outros.','img/componente_orig.jpg','img/componente_thumb.jpg',1,23,'N','S'),(10,'Mestre/Detalhe','ScriptCase cria de forma visual em apenas alguns clicks entradas de dados no formato Mestre/Detalhe. Esta opção permite criar relacionamento 1:n usando Ajax e controle de transação e integridade.','img/mestre_orig.jpg','img/mestre_thumb.jpg',1,5,'S','S'),(11,'Visual','As aplicações geradas usam CSS para configuração visual. ScriptCase permite de forma visual que você edite todos os objetos e estilos do HTML. Modifique o visual do seu sistema inteiro em apenas alguns segundos.','img/visual_orig.jpg','img/visual_thumb.jpg',1,24,'N','S'),(12,'SQL Builder','ScriptCase possui um Wizard que permite criar comandos SQL visualmente. Desenvolvedores podem facilmente escolher tabelas, campos, joins e testar os seus resultados.','img/sqlbuilder_orig.jpg','img/sqlbuilder_thumb.jpg',1,25,'N','S'),(13,'Segurança','O ScriptCase protege as aplicações utilizando funcionalidades extras de segurança para prevenir que usuários não autorizados tenham acesso a determinadas aplicações.','img/seguranca_orig.jpg','img/seguranca_thumb.jpg',1,21,'N','S'),(14,'Camada de Banco de Dados','O ScriptCase cria uma camada de banco de dados permitindo usuários a editar a conexão de seus aplicativos em alguns segundos sem perder o que já está feito.','img/banco_orig.jpg','img/banco_thumb.jpg',1,22,'N','S'),(15,'Grid Editável','O componente de Grid Editável permite editar vários registros ao mesmo tempo. Permite criar processamento de pedidos, inventários, ítens, carrinhos de compra e qualquer outro tipo de exemplo de entrada de vários registros.','img/grideditavel_orig.jpg','img/grideditavel_thumb.jpg',1,11,'S','S'),(16,'Internacionalização','ScriptCase oferece suporte a criar e editar as mensagens do sistema permitindo que o desenvolvedor crie aplicações para outros idiomas.','img/idioma_orig.jpg','img/idioma_thumb.jpg',1,20,'N','S'),(17,'Upload de Arquivo(Documentos, Fotos, etc)','Todos os formulários de entrada de dados tem componentes para facilitar o envio dos arquivos da máquina cliente para o servidor afim de armazenas no banco de dados ou em diretório.','img/upload_orig.jpg','img/upload_thumb.jpg',1,12,'N','S'),(18,'Editor de Texto (WYSIWYG)','Poderoso editor de texto pode ser usado no lugar dos tradicionais campos TextArea(Texto com múltiplas linhas) na aplicação gerada.','img/editor_orig.jpg','img/editor_thumb.jpg',1,26,'N','S'),(19,'Conexões com múltiplos servidores','ScriptCase suporta múltiplas conexões em um mesmo sistema ou até em uma mesma aplicação, por exemplo, validar um usuário em um banco e mostrar um relatório através das informações de outro banco de dados.','img/multservidor_orig.jpg','img/multservidor_thumb.jpg',1,27,'N','S'),(20,'Customização de Código e Eventos','Aplicações geradas com o ScriptCase podem ser bastantes flexíveis nas regras de negócio permitindo a customização das ações em seus eventos. Usuários podem definir as ações em cada um dos eventos, métodos e validações. ','img/evento_orig.jpg','img/evento_thumb.jpg',1,28,'N','S'),(21,'Base de Dados de Exemplo','ScriptCase é distribuido com uma Base de Dados de exemplos e alguns sistemas que podem ser baixados em nosso site para que você dê seus primeiros passos com o ScriptCase.','img/mr_orig.jpg','img/mr_thumb.jpg',1,29,'N','S'),(22,'Extenso Suporte a Bancos de Dados','ScriptCase suporta os Bancos de Dados mais usados no mercado através de drives diretos como MS SQL, MySQL, Oracle, PostgreSQL, DB2, SQLite, SyBase e outros Bancos através de ODBC, ADO e COM.','img/basedados_orig.jpg','img/basedados_thumb.jpg',1,30,'N','S'),(188,'Aplicação BLANK','Com este tipo de aplicação é possível criar programas PHP   com toda liberdade e a facilidade proporcionada pelo uso das   macros do ScriptCase.','img/feature01.png','img/feature01_thumb.png',1,31,'S','S'),(189,'Aplicação CONTAINER','Permite criar páginas no estilo painel onde podem ser  acopladas varias aplicações como gráficos, consultas, forms e páginas  externas.','img/feature02.png','img/feature02_thumb.png',1,8,'S','S'),(190,'Objeto CAPTCHA para aplicações de form e controle','Permite adicionar as aplicações de formulário e controle um objeto CAPTCHA.','img/feature03.png','img/feature03_thumb.png',1,14,'S','S'),(191,'Suporte ao JQUERY','Thickbox para exibição de imagens em tamanho original e janelas pop-up das ligações JQuery - Intelisense, otimizando o  recurso auto-complete AJAX nos formulários e filtros. Além dos  componentes introduzidos nesta nova versão é possível utilizar toda o  poder do JQUERY para enriquecer as suas aplicações geradas.','img/feature04.png','img/feature04_thumb.png',1,7,'S','S'),(192,'Seleção de tema pelo usuário final nas aplicações geradas','Temas  dinâmicos acessíveis ao usuário final. O desenvolvedor para cada  projeto poderá agora definir os temas ou esquemas de cores disponíveis aos seus usuários que poderão selecionar na entrada das aplicações, por  exemplo, na tela de login do sistema gerado, que tema utilizar para  visualizar as aplicações.','img/feature05.png','img/feature05_thumb.png',1,15,'S','S'),(193,'Geração dos gráficos em flash ','Nova funcionalidade de gerar os gráficos das aplicações de consulta em Flash.    Agora também é possivel gerar aplicações que exibem apenas o gráfico   sem a necessidade de navegação da grid de dados para a página do gráfico.','img/feature06.png','img/feature06_thumb.png',1,16,'S','S'),(194,'Opção de expand e colapse para os blocos ','Opção  de expand &amp; colapse nos blocos das aplicações geradas. Agora é  possível utilizar nos forms e consultas um  ícone para exibir e ocultar os campos dos blocos.','img/feature07.png','img/feature07_thumb.png',1,33,'S','S'),(195,'Métodos JAVASCRIPT ','Permite criar métodos Javascript que podem ser utilizados dentro dos eventos Ajax.','img/feature08.png','img/feature08_thumb.png',1,32,'S','S'),(196,'Pesquisa dentro dos projetos ','Com este novo recurso é fácil, por exemplo, localizar uma aplicação que use determinada tabela ou um determinado campo.','img/feature09.png','img/feature09_thumb.png',1,34,'S','S'),(197,'Interface de desenvolvimento disponível em seis idiomas ','O  ScriptCase já está presente em mais de 50 países e este número cresce a cada  dia nesta nova versão estão contemplados 6 idiomas para o ambiente de  desenvolvimento (português, ingles, espanhol, italiano, francês e  alemão) mais 23 idiomas para as aplicações geradas.','img/feature10.png','img/feature10_thumb.png',1,9,'S','S'),(198,'Geração de diagrama do projeto com destaque para as ligações entre as aplicações ','Este novo recurso permite visualizar todas as aplicações de um projeto em um gráfico e o relacionamento    entre os objetos.','img/feature11.png','img/feature11_thumb.png',1,17,'S','S'),(199,'Geração de multiplas aplicações simultaneamente ','Agora é possível criar várias aplicações com um só clique basta escolher as tabelas.    Podemos desenvolver por exemplo todos os cadastros básicos dos nossos sistemas em um minuto.','img/feature12.png','img/feature12_thumb.png',1,18,'S','S'),(200,'Módulo para agregar funções de segurança nas aplicações (RBAC) ','Este novo recurso permite automatizar o controle de acesso a suas aplicações (<strong>R</strong>ole<strong>B</strong>ased<strong>A</strong>ccess<strong>C</strong>ontrol),   criando os programas de manutenção em aplicação, usuários e grupos automaticamente.','img/feature13.png','img/feature13_thumb.png',1,19,'S','S'),(201,'Função AUTOSAVE no ambiente de desenvolvimento agilizando o desenvolvimento ','Nova opção de AUTO-SAVE para o ambiente de desenvolvimento o que possibilita um desenvolvimento mais agil.','img/feature14.png','img/feature14_thumb.png',1,35,'S','S'),(202,'Rename de aplicação avançado ','Ao  renomear uma aplicação é mostrado uma lista de todas as aplicações que  fazem referência a mesma e a opção de atualizar todas estas ligações.','img/feature15.png','img/feature15_thumb.png',1,36,'S','S');

--
-- Table structure for table `nm_caracteristicashome`
--

CREATE TABLE `nm_caracteristicashome` (
  `codigo` int(11) NOT NULL auto_increment,
  `topico` text NOT NULL,
  `ordem` int(11) NOT NULL,
  PRIMARY KEY  (`codigo`),
  KEY `ordem` (`ordem`)
) ENGINE=InnoDB AUTO_INCREMENT=16 DEFAULT CHARSET=latin1;

--
-- Dumping data for table `nm_caracteristicashome`
--

INSERT INTO `nm_caracteristicashome` VALUES (7,'DESCRICAO|As aplicações do ScriptCase são geradas na linguagem PHP com Javascript e fazem uso da tecnologia AJAX:|||IMG_URL|img/imgtnresources.gif',0),(8,'AJAX',1),(9,'Grid editável',2),(10,'Mestre/detalhe',3),(11,'Formulários',4),(12,'Consultas',5),(13,'Menus',6),(14,'Abas',7),(15,'Recursos adicionais',8);

--
-- Table structure for table `nm_clientes`
--

CREATE TABLE `nm_clientes` (
  `codigo` int(11) NOT NULL auto_increment,
  `categoria` int(11) NOT NULL,
  `nome_cliente` varchar(250) NOT NULL,
  `logotipo` varchar(250) NOT NULL,
  `descricao` varchar(250) default NULL,
  `site` varchar(250) default NULL,
  `flag_principais` char(1) NOT NULL default 'N',
  `ordem` int(11) NOT NULL default '0',
  PRIMARY KEY  (`codigo`),
  KEY `ordem` (`ordem`),
  KEY `categoria` (`categoria`),
  CONSTRAINT `nm_clientes_ibfk_1` FOREIGN KEY (`categoria`) REFERENCES `nm_clientes_categorias` (`codigo`)
) ENGINE=InnoDB AUTO_INCREMENT=68 DEFAULT CHARSET=latin1;

--
-- Dumping data for table `nm_clientes`
--

INSERT INTO `nm_clientes` VALUES (7,1,'Presidência da República','/img/presidencia_republica.png',NULL,NULL,'S',1),(8,1,'Ministério da Cultura','/img/minc.png',NULL,NULL,'S',2),(9,1,'Anvisa ','/img/anvisaa.png',NULL,NULL,'N',3),(10,1,'Ministério da Defesa','/img/ministerio_defesa.png',NULL,NULL,'N',4),(11,2,'Prodesp (SP)','/img/prodesp.png',NULL,NULL,'S',1),(12,2,'Proderj (RJ)','/img/proderj.png',NULL,NULL,'S',2),(13,2,'ATI  (PE)','/img/ati.png',NULL,NULL,'S',3),(14,2,'SGI (MS)','/img/sgi.png',NULL,NULL,'S',4),(15,2,'Secretaria da Agricultura (SP)','/img/seagri_sp.png',NULL,NULL,'S',5),(16,2,'Secretaria de Transporte Metropolitanos (SP)','/img/stm_sp.png',NULL,NULL,'S',6),(17,2,'Secretaria de Educação (PE)','/img/pernambuco.png',NULL,NULL,'S',7),(18,2,'Secretaria de Governo (BA)','/img/bahia.png',NULL,NULL,'N',8),(19,2,'Secretaria da Saude (BA)','/img/bahia.png',NULL,NULL,'S',9),(20,2,'Secretaria de Segurança Publica (SE)','/img/ssp_se.png',NULL,NULL,'S',10),(21,2,'Policia Militar (PR)','/img/pmpr.png',NULL,NULL,'S',11),(22,2,'Policia Militar (RJ)','/img/pmrj.png',NULL,NULL,'S',12),(23,2,'Corpo de Bombeiros (SP)','/img/bmsaopaulo.png',NULL,NULL,'S',13),(24,2,'Corpo de Bombeiros (AC)','/img/bombeiro_ac.png',NULL,NULL,'S',14),(25,3,'Prefeitura de Americana (SP)','/img/americana_sp.png',NULL,NULL,'S',1),(26,3,'Prefeitura de Limeira (SP)','/img/limeira_sp.png',NULL,NULL,'S',2),(27,3,'Prefeitura de Piracicaba (SP)','/img/piracicapa_sp.png',NULL,NULL,'S',3),(28,3,'Prefeitura de Palmas (TO)','/img/palmas_to.png',NULL,NULL,'S',4),(29,3,'Prefeitura de Arapiraca (AL)','/img/arapiraca_al.png',NULL,NULL,'S',5),(30,3,'Prefeitura de Sobral (CE)','/img/sobral_ce.png',NULL,NULL,'S',6),(31,3,'Prefeitura de Guarapuava (PR)','/img/guarapuava_pr.png',NULL,NULL,'S',7),(32,3,'Câmara de Osasco (SP)','/img/camara_osasco_sp.png',NULL,NULL,'S',8),(33,3,'Câmara de Salvador (BA)','/img/cms.png',NULL,NULL,'N',9),(34,3,'Câmara de São Paulo (SP)','/img/camara_sp.png',NULL,NULL,'S',10),(35,3,'Câmara do Rio de Janeiro (RJ)','/img/camara_rj.png',NULL,NULL,'S',11),(36,3,'Guarda Civil Metropolitana (SP)','/img/guarda_civil_metropolitana.png',NULL,NULL,'S',12),(37,4,'CREA (SP)','/img/crea_sp.png',NULL,NULL,'S',1),(38,4,'COREN (SP)','/img/coren_sp.png',NULL,NULL,'S',2),(39,4,'CRECI (SP)','/img/creci_sp.png',NULL,NULL,'S',3),(40,5,'Simpress ','/img/simpress.jpg',NULL,NULL,'S',1),(41,5,'Schering Plough','/img/schering_plough.jpg',NULL,NULL,'S',2),(42,5,'Queiroz Galvão','/img/queiroz_galvao.png',NULL,NULL,'S',3),(43,5,'Fujitsu','/img/fujitsu-logo.jpg',NULL,NULL,'S',4),(44,5,'Cimpor ','/img/cimpor.png',NULL,NULL,'S',5),(45,5,'La Selva','/img/laselva.png',NULL,NULL,'S',6),(46,5,'Arvin Meritor','/img/arvin_meritor.png',NULL,NULL,'S',7),(47,5,'Baldacci','/img/baldacci.png',NULL,NULL,'S',8),(48,5,'Wheaton','/img/wheaton.png',NULL,NULL,'S',9),(49,5,'Zaraplast','/img/zaraplast.png',NULL,NULL,'S',10),(50,5,'Cimentos Poty','/img/cimentopoty.jpg',NULL,NULL,'S',11),(51,5,'Belmetal','/img/belmetal.png',NULL,NULL,'S',12),(52,5,'Grupo Brennand','/img/civ.png',NULL,NULL,'N',13),(53,5,'Welleda','/img/weleda.png',NULL,NULL,'S',14),(54,6,'FACULDADE SEAMA (AP)','/img/seama.png',NULL,NULL,'S',1),(55,6,'FACULDADE MACKENZIE (SP)','/img/mackenzie.png',NULL,NULL,'S',2),(56,6,'UFPR (PR)','/img/ufpr.png',NULL,NULL,'S',3),(57,6,'UEPA (PA)','/img/uepa.png',NULL,NULL,'S',4),(58,6,'UFSCAR (SP)','/img/ufscar.png',NULL,NULL,'S',5),(59,6,'UNIVERSIDADE GAMA FILHO (RJ)','/img/gama.png',NULL,NULL,'S',6),(60,6,'UFGO (GO)','/img/ufg.png',NULL,NULL,'N',7),(61,6,'UEMS (MS)','/img/uems.png',NULL,NULL,'S',8),(62,6,'UNIFIEO (SP)','/img/unifieo.png',NULL,NULL,'S',9),(63,6,'FACULDADE INTEGRADA DA TERRA (DF)','/img/ftb.png',NULL,NULL,'S',10),(64,6,'FACULDADES INTEGRADAS TORRICELLI (SP)','/img/torricelli.png',NULL,NULL,'S',11),(65,6,'FAENAC (SP)','/img/faenac.png',NULL,NULL,'S',12),(66,6,'FACULDADES INTEGRADAS ANGLO AMERICANA (RJ)','/img/anglo_americana.png',NULL,NULL,'S',13),(67,6,'UNIVERSIDADE ESTADUAL DE FEIRA DE SANTANA','/img/uefs.png',NULL,NULL,'S',14);

--
-- Table structure for table `nm_clientes_cases`
--

CREATE TABLE `nm_clientes_cases` (
  `codigo` int(11) NOT NULL auto_increment,
  `titulo` varchar(250) NOT NULL,
  `titulo_curto` varchar(250) NOT NULL,
  `url_documento` varchar(250) NOT NULL,
  `logo` varchar(250) NOT NULL,
  `descricao` varchar(250) NOT NULL,
  `ordem` int(11) NOT NULL,
  PRIMARY KEY  (`codigo`)
) ENGINE=InnoDB AUTO_INCREMENT=7 DEFAULT CHARSET=latin1;

--
-- Dumping data for table `nm_clientes_cases`
--

INSERT INTO `nm_clientes_cases` VALUES (1,'Companhia Hidro Elétrica do São Francisco - PE','CHESF','cases/sc_case_CHESF.pdf','img/imgchesf.gif','Chesf amplia comunicação interna nos diversos orgãos da empresa. ',1),(2,'Zaraplast - SP','Zaraplast','cases/sc_case_ZARAPLAST.pdf','img/imgzaraplast.gif','Produtora de embalagens e artefatos de plástico',5),(3,'Secretaria do Desenvolvimento Agrário - CE','Sec. de Desenvolvimento Agrario','cases/sc_case_SDAC.pdf','img/imgSDA.gif','Sec. do Desenvolvimento Agrário do Ceará acelera produtividade.',2),(5,'Control Ware - SP','Control Ware','cases/sc_case_controlware.pdf','img/imgcontrolware.gif','Control Ware desenvolve Centro de Compras em tempo recorde.',3),(6,'Tupahue','Tupahue','cases/sc_case_tupahue.pdf','img/imgtupahue.gif','A Tupahue Tintas atua na fabricação de vernizes e pigmentos para elaboração de tintas (serigraia e rotulação).',4);

--
-- Table structure for table `nm_clientes_categorias`
--

CREATE TABLE `nm_clientes_categorias` (
  `codigo` int(11) NOT NULL auto_increment,
  `categoria` varchar(250) NOT NULL,
  `ordem` int(11) NOT NULL,
  PRIMARY KEY  (`codigo`),
  KEY `ordem` (`ordem`)
) ENGINE=InnoDB AUTO_INCREMENT=7 DEFAULT CHARSET=latin1;

--
-- Dumping data for table `nm_clientes_categorias`
--

INSERT INTO `nm_clientes_categorias` VALUES (1,'Governo Esfera Federal',1),(2,'Governo Esfera Estadual',2),(3,'Goveno Esfera Municipal',3),(4,'Conselhos de Classe',4),(5,'Corporativos',5),(6,'Faculdades e Universidades',6);

--
-- Table structure for table `nm_clientes_rolando`
--

CREATE TABLE `nm_clientes_rolando` (
  `id` int(11) NOT NULL auto_increment,
  `nome` varchar(255) NOT NULL,
  `ordem` int(11) default NULL,
  PRIMARY KEY  (`id`)
) ENGINE=MyISAM AUTO_INCREMENT=201 DEFAULT CHARSET=latin1;

--
-- Dumping data for table `nm_clientes_rolando`
--

INSERT INTO `nm_clientes_rolando` VALUES (1,'Thailand 3 Army Area					 ',1),(2,'Gruposoft Sistemas						 ',2),(3,'First Data Latvia						 ',3),(4,'PT Vaia Indonesia						 ',4),(5,'VoiceMpower							 ',5),(6,'2F INFORMATICA S.A.S.					 ',6),(7,'UNIDAT spol. s r.o.						 ',7),(8,'CHAMBRE DE COMMERCE 74					 ',8),(9,'Fater Spa							 ',9),(10,'R.S. Ricerca Sviluppo Srl					 ',10),(11,'Rush Security Services Ltd					 ',11),(12,'NUEVO HABITAR & ASOCIADOS					 ',12),(13,'Scantec Informática Lda					 ',13),(14,'Nicosia prof. Gaetano					 ',14),(15,'MICROFORMAS, S.A. DE C.V.					 ',15),(16,'Emiratesglass						 ',16),(17,'SAS SIALIS							 ',17),(18,'IMDEVE INFORMATIQUE						 ',18),(19,'EDV-Beratung Joerg Hillebrand				 ',19),(20,'IGE								 ',20),(21,'MundoSystem Colombia					 ',21),(22,'2FIT bv							 ',22),(23,'iGREJAfacil							 ',23),(24,'RCFP							 ',24),(25,'AVISNET SYSTEM INFORMATICA LTDA				 ',25),(26,'Mirasys Ltd							 ',26),(27,'GA BRAZILIAN ASSEMBLY OF GOD CHURCH				 ',27),(28,'Hamilton							 ',28),(29,'DELPHINEA CONSEILS						 ',29),(30,'trioservice							 ',30),(31,'NSZFI							 ',31),(32,'ABROM Informatikai Kft.					 ',32),(33,'examenvirtual.net						 ',33),(34,'Global technology Resources					 ',34),(35,'DATECSA S.A.						 ',35),(36,'IPSS							 ',36),(37,'Core4 Philippines						 ',37),(38,'Jupiter Information Services				 ',38),(39,'Invertek Ltd						 ',39),(40,'Erling Sande AS						 ',40),(41,'mobileObjects AG						 ',41),(42,'PAOLO ASTORI SPA						 ',42),(43,'Fox Business Systems					 ',43),(44,'Trivex Systems Ltd						 ',44),(45,'2FIT BV							 ',45),(46,'RP								 ',46),(47,'Stokke							 ',47),(48,'SEVE							 ',48),(49,'AMG								 ',49),(50,'Bracco Research SA						 ',50),(51,'Opieki Zdrowotnej						 ',51),(52,'Esware							 ',52),(53,'CH-Technology						 ',53),(54,'IND WEB SRL							 ',54),(55,'Taylor Associates						 ',55),(56,'Naturepix Photo						 ',56),(57,'Línea Publicidad S.A.					 ',57),(58,'WINE SQUARE SRL UNIPERSONALE				 ',58),(59,'Sygma Bouwmanagement BV					 ',59),(60,'TECprovide							 ',60),(61,'Gian Luca Fregnella & C: S.r.l.				 ',61),(62,'Management Solutions Software LLC				 ',62),(63,'Comune di Feltre						 ',63),(64,'Apertio gcv							 ',64),(65,'AXIMA S.R.L.						 ',65),(66,'GORD Systems Services					 ',66),(67,'Municipalidad Provincial de Cajamarca			 ',67),(68,'CCB - Cimpor Cimentos do Brasil Ltda			 ',68),(69,'Belmetal Industria e Comercio Ltda.				 ',69),(70,'CFA 							 ',70),(71,'CESB 							 ',71),(72,'TELEMATICA 							 ',72),(73,'Encalso 							 ',73),(74,'Simpress RICOH						 ',74),(75,'ArvinMeritor 						 ',75),(76,'NT SOFTWARE 						 ',76),(77,'Weleda 							 ',77),(78,'NEW TEMPER NOROESTE IND. 					 ',78),(79,'EZ TEC 							 ',79),(80,'ITEL INFORMÁTICA LTDA. (Matriz)				 ',80),(81,'CANADA MOTORS 						 ',81),(82,'AGROVALE 							 ',82),(83,'PXS SERVICES						 ',83),(84,'Yamaha musical division (Brasil)				 ',84),(85,'BSY - BUSINESSYSTEM 					 ',85),(86,'CCB - Cimpor 						 ',86),(87,'Anis Razuk Industria e Comercio Ltda			 ',87),(88,'TECNODATA TRANSITO LTDA					 ',88),(89,'Projects Comunicação Multimídia e Tecnologia Ltda.		 ',89),(90,'RTJ INFORMATICA LTDA - ME / CONTAINER SOLUTION		 ',90),(91,'ZARAPLAST   S/A						 ',91),(92,'SB Comércio LTDA.						 ',92),(93,'GEOCAD 							 ',93),(94,'HIPERMERCADO BERGAMINI					 ',94),(95,'IBF - Industria Brasileira de Filmes S/A			 ',95),(96,'BR CONNECTION COM E SERV DE INFORM LTDA			 ',96),(97,'VOCAL volvo dealer 						 ',97),(98,'Butantan foundation						 ',98),(99,'Schering Plough						 ',99),(100,'CREMER S.A							 ',100),(101,'Rayervas Deborayne Ind Com ltda.				 ',101),(102,'Distribuidora Curitiba de Papéis e Livros S.A.		 ',102),(103,'SERVI-SAN LTDA						 ',103),(104,'PROVIDER TECNOLOGIA DE SISTEMAS LTDA.			 ',104),(105,'Adubos Sudoeste LTDA					 ',105),(106,'Microcis Consultoria, Informática e Serviços Ltda		 ',106),(107,'INFOBOX - PORTO DIGITAL LTDA.				 ',107),(108,'Raphy Industria Textil Ltda					 ',108),(109,'Neuralnet Tecnologia e Serviços S.A., 			 ',109),(110,'Phoenix Engenharia de Software Ltda				 ',110),(111,'RECESA PISOS E AZULEJOS LTDA.				 ',111),(112,'MXM SISTEMAS E SERVIÇOS DE INFORMÁTICA LTDA.		 ',112),(113,'HYSSA ABRAHIM & CIA LTDA.					 ',113),(114,'Electro Aço Altona S/A					 ',114),(115,'CPAD 							 ',115),(116,'NICREGISTRO INTERNET PROVIDER 				 ',116),(117,'CBS S/A  - Cia Brasileira de Sandálias			 ',117),(118,'DFL Indústria e Comércio S/A				 ',118),(119,'Sólida Informática Ltda.					 ',119),(120,'Attié Calil Advogados Associados				 ',120),(121,'Laselva							 ',121),(122,'ARPMED 							 ',122),(123,'MODULUS 							 ',123),(124,'CONSULTAR 							 ',124),(125,'JL FURLAN 							 ',125),(126,'GAAK Brasil Internet 					 ',126),(127,'SS Digital 							 ',127),(128,'GISANET 							 ',128),(129,'Unimed 							 ',129),(130,'Agência Sul-Americana de Desenvolvimento			 ',130),(131,'Federal Solutions 						 ',131),(132,'PINHEIROS VEICULOS LTDA.					 ',132),(133,'ActiveMaster Soluções em Informatica Ltda			 ',133),(134,'All Tasks 							 ',134),(135,'Center Norte S/A 						 ',135),(136,'RB37 TECNOLOGIA DE INFORMÁTICA LTDA				 ',136),(137,'Wacco do Brasil LTDA					 ',137),(138,'Safety Engenharia e Sistemas p/ Informática Ltda.		 ',138),(139,'AGEMAR Transportes e Empreendimentos Ltda.			 ',139),(140,'Netuno Alimentos Ltda					 ',140),(141,'AZIN Tecnologia da Informação 				 ',141),(142,'St Comércio de Sistemas e Controles de Acesso Ltda		 ',142),(143,'RANUR AGENCIAMENTO DE CARGAS E TRANSPORTES LTDA		 ',143),(144,'Max Gear Indústria e Comercio de Auto Peças			 ',144),(145,'Construtora Tarjab Ltda.					 ',145),(146,'Limestone Marmores do Brasil LTDA (Imarf)			 ',146),(147,'ARWR Tecnologia em Informática Ltda				 ',147),(148,'Opencadd Advanced Technology 				 ',148),(149,'TASA TINTURARIA AMERICANA S.A				 ',149),(150,'FAAP/DF 							 ',150),(151,'TRON 							 ',151),(152,'Car System							 ',152),(153,'SP Vox Televendas Ltda					 ',153),(154,'Balitek  							 ',154),(155,'Binária Sistemas 						 ',155),(156,'Hi-Soft 							 ',156),(157,'Vitapan Indústria Farmacêutica LTDA				 ',157),(158,'Assist Comercio e Serviços Ltda -  Epp			 ',158),(159,'BELÉM IMPORTADOS						 ',159),(160,'Hospfar Indústria de Produtos Hospitalares Ltda.		 ',160),(161,'EDM ALPHAGRAPHICS						 ',161),(162,'FASTPRINT LTDA.						 ',162),(163,'PROVIDER PRODUTOS E SISTEMAS LTDA.				 ',163),(164,'HYPERBYTE INFORMATICA LTDA.					 ',164),(165,'Wagner Morgado - ME						 ',165),(166,'Prima Processamento de Dados Ltda.				 ',166),(167,'Tenosoft Software Ltda					 ',167),(168,'Unidrogas Indústria e Comércio de Medicamentos LTDA		 ',168),(169,'Dialecto Soluções Inteligentes				 ',169),(170,'Video Engenho & Arte - Veanet				 ',170),(171,'RBR Informatica LTDA					 ',171),(172,'Serviço de Saúde Dr. Candido Ferreira			 ',172),(173,'Credfort - Ferraz e Pinheiro Ltda. - EPP			 ',173),(174,'RRH S/C LTDA.						 ',174),(175,'D.S.I.  -  Delta Sistemas de Informação Ltda		 ',175),(176,'TISS - Tecnologia Informação Sistemas e Serviços		 ',176),(177,'EXAME MEDICINA LABORATÓRIAL					 ',177),(178,'Sementes Talismã Ltda					 ',178),(179,'BEMFAM - Bem-Estar Familiar no Brasil			 ',179),(180,'CONSTAT SERVIÇOS EM INFORMÁTICA LTDA			 ',180),(181,'RF PARTICIPAÇÕES LTDA					 ',181),(182,'ADICON INTERMEDIAÇÃO E CONSULTORIA DE NEG. LTDA		 ',182),(183,'SMART TELECOMUNICACOES E SERVICOS LTDA.			 ',183),(184,'KEPLER SISTEMAS LTDA					 ',184),(185,'MIX MARKET COMERCIO DE PRODUTOS DE INFORMATICA LTDA		 ',185),(186,'SACRASOFT COMÉRCIO E INFORMÁTICA LTDA			 ',186),(187,'PONTUAL INFORMÁTICA LTDA.					 ',187),(188,'Studio Alfa Artes Graficas Ltda				 ',188),(189,'Element Marketing e Participações Ltda.			 ',189),(190,'LITIUM SOFTWARE CONSULTORIA LTDA.				 ',190),(191,'LTR SOLUÇÕES EM TECNOLOGIA DA INFORMAÇÃO LTDA ME 		 ',191),(192,'ANALITEC INFORMÁTICA LTDA					 ',192),(193,'REALWEB SOLUÇÕES LTDA.					 ',193),(194,'ROTECH CONSULTORIA E TECNOLOGIA LTDA			 ',194),(195,'CESVI BRASIL 						 ',195),(196,'Visual Sistemas de Informática e Automação Ltda.		 ',196),(197,'BGM Indústria e Comércio de Alimentos			 ',197),(198,'TRACE COMERCIAL  LTDA					 ',198),(199,'Integra Automação e Controle Ltda.				 ',199),(200,'Tela 7 Comunicação Digital					 ',200);

--
-- Table structure for table `nm_compara`
--

CREATE TABLE `nm_compara` (
  `codigo` int(11) NOT NULL auto_increment,
  `caracteristica` varchar(250) NOT NULL,
  `ordem` int(11) NOT NULL,
  `has_images` char(1) NOT NULL default 'S',
  PRIMARY KEY  (`codigo`),
  KEY `ordem` (`ordem`)
) ENGINE=InnoDB AUTO_INCREMENT=55 DEFAULT CHARSET=latin1;

--
-- Dumping data for table `nm_compara`
--

INSERT INTO `nm_compara` VALUES (1,'Aplicação de Consulta',1,'S'),(2,'Aplicação de Formulários',2,'S'),(3,'Aplicação de Menu',3,'S'),(4,'Aplicação de Menu Arvore',4,'S'),(5,'Aplicação de Filtro',5,'S'),(6,'Aplicação de Controle',7,'S'),(7,'Aplicação de Abas',8,'S'),(8,'Número de aplicações ilimitados.',9,'S'),(9,'Número de projetos ilimitados.',10,'S'),(10,'Número de conexões com banco de dados ilimitados.',11,'S'),(11,'Permite desenvolvedores simutânes.',12,'S'),(12,'&nbsp;&nbsp;&nbsp;&nbsp;MySQL',17,'S'),(13,'&nbsp;&nbsp;&nbsp;&nbsp;PostgreSQL',18,'S'),(14,'&nbsp;&nbsp;&nbsp;&nbsp;SQLite',19,'S'),(15,'&nbsp;&nbsp;&nbsp;&nbsp;Interbase',20,'S'),(16,'&nbsp;&nbsp;&nbsp;&nbsp;Firebird',21,'S'),(17,'&nbsp;&nbsp;&nbsp;&nbsp;Access',22,'S'),(18,'&nbsp;&nbsp;&nbsp;&nbsp;Oracle',14,'S'),(19,'&nbsp;&nbsp;&nbsp;&nbsp;MS SQLServer',14,'S'),(20,'&nbsp;&nbsp;&nbsp;&nbsp;DB2',15,'S'),(21,'&nbsp;&nbsp;&nbsp;&nbsp;SyBase',16,'S'),(22,'Suporte a Internacionalização',45,'S'),(23,'Dicionário de Dados',12,'S'),(24,'Filtros, ordenação e navegação automáticos',47,'S'),(25,'Funcionalidades de Drill down',48,'S'),(26,'Recursos Ajax',27,'N'),(27,'Gráfico e gerador de Gráfico',37,'S'),(28,'Aplicações de Mestre/Detalhe (forms / consultas)',8,'S'),(29,'Editor Visual de Temas',38,'S'),(30,'Construtor de SQL',39,'S'),(31,'Aplicações de Segurança',33,'N'),(32,'&nbsp;&nbsp;&nbsp;&nbsp;RBAC - Role-based Access Control',34,'S'),(33,'Aplicações de Grid Editável',8,'S'),(34,'&nbsp;&nbsp;&nbsp;&nbsp;Segurança por Sessão automática',36,'S'),(35,'Controle de Upload de Arquivos',41,'S'),(36,'Rich Text Editor',42,'S'),(37,'Multiplas conexões com Banco de Dados',43,'S'),(38,'Suporte aos Banco de Dados',13,'N'),(39,'Exportação de dados em PDF , XLS , XML , CSV, RTF',46,'S'),(40,'&nbsp;&nbsp;&nbsp;&nbsp;Campos Auto-complete',28,'S'),(41,'&nbsp;&nbsp;&nbsp;&nbsp;Recarga de campos automática',29,'S'),(42,'&nbsp;&nbsp;&nbsp;&nbsp;Programação em Eventos',30,'S'),(43,'&nbsp;&nbsp;&nbsp;&nbsp;Suporte a JQUERY',31,'S'),(44,'&nbsp;&nbsp;&nbsp;&nbsp;Lookup de campos',32,'S'),(45,'Resumo Pivot',85,'S'),(46,'&nbsp;&nbsp;&nbsp;&nbsp;CAPTCHA',35,'S'),(47,'Suporte a Stored procedures',90,'S'),(48,'Suporte a Views',91,'S'),(49,'Suporte a campos Imagem',40,'S'),(50,'&nbsp;&nbsp;&nbsp;&nbsp;Validação automática de <i>Chaves Primárias</i>',32,'S'),(51,'&nbsp;&nbsp;&nbsp;&nbsp;Validação automática de <i>Chaves Estrangeiras</i> Easy-validation',32,'S'),(52,'&nbsp;&nbsp;&nbsp;&nbsp;Validação automática de Tipos de Dados',32,'S'),(53,'&nbsp;&nbsp;&nbsp;&nbsp;Validação automática de campos Obrigatórios',32,'S'),(54,'Controle de Relacionamentos Many-to-Many',80,'S');

--
-- Table structure for table `nm_compara_produto`
--

CREATE TABLE `nm_compara_produto` (
  `codigo` int(11) NOT NULL auto_increment,
  `produto` varchar(250) NOT NULL,
  `ordem` int(11) NOT NULL,
  PRIMARY KEY  (`codigo`)
) ENGINE=InnoDB AUTO_INCREMENT=3 DEFAULT CHARSET=latin1;

--
-- Dumping data for table `nm_compara_produto`
--

INSERT INTO `nm_compara_produto` VALUES (1,'ScriptCase Profesional Edition',1),(2,'ScriptCase Enterprise Edition',2);

--
-- Table structure for table `nm_compara_x_produto`
--

CREATE TABLE `nm_compara_x_produto` (
  `cd_compara` int(11) NOT NULL,
  `cd_compara_produto` int(11) NOT NULL,
  PRIMARY KEY  (`cd_compara`,`cd_compara_produto`),
  KEY `cd_compara_produto` (`cd_compara_produto`),
  CONSTRAINT `nm_compara_x_produto_ibfk_1` FOREIGN KEY (`cd_compara`) REFERENCES `nm_compara` (`codigo`),
  CONSTRAINT `nm_compara_x_produto_ibfk_2` FOREIGN KEY (`cd_compara_produto`) REFERENCES `nm_compara_produto` (`codigo`)
) ENGINE=InnoDB DEFAULT CHARSET=latin1;

--
-- Dumping data for table `nm_compara_x_produto`
--

INSERT INTO `nm_compara_x_produto` VALUES (1,1),(2,1),(3,1),(4,1),(5,1),(6,1),(7,1),(8,1),(12,1),(13,1),(14,1),(15,1),(16,1),(17,1),(22,1),(23,1),(24,1),(25,1),(26,1),(27,1),(28,1),(29,1),(30,1),(31,1),(32,1),(33,1),(34,1),(35,1),(36,1),(37,1),(38,1),(39,1),(40,1),(41,1),(42,1),(43,1),(44,1),(45,1),(46,1),(47,1),(48,1),(49,1),(50,1),(51,1),(52,1),(53,1),(54,1),(1,2),(2,2),(3,2),(4,2),(5,2),(6,2),(7,2),(8,2),(9,2),(10,2),(11,2),(12,2),(13,2),(14,2),(15,2),(16,2),(17,2),(18,2),(19,2),(20,2),(21,2),(22,2),(23,2),(24,2),(25,2),(26,2),(27,2),(28,2),(29,2),(30,2),(31,2),(32,2),(33,2),(34,2),(35,2),(36,2),(37,2),(38,2),(39,2),(40,2),(41,2),(42,2),(43,2),(44,2),(45,2),(46,2),(47,2),(48,2),(49,2),(50,2),(51,2),(52,2),(53,2),(54,2);

--
-- Table structure for table `nm_depoimentos`
--

CREATE TABLE `nm_depoimentos` (
  `id_depoimento` int(11) NOT NULL auto_increment,
  `empresa` varchar(250) NOT NULL default '',
  `fantasia` varchar(250) NOT NULL default '',
  `mensagem` text NOT NULL,
  `autor` varchar(250) NOT NULL default '',
  `cargo` varchar(250) NOT NULL,
  `site` varchar(250) NOT NULL,
  `logo` varchar(250) NOT NULL,
  `ordem` int(11) NOT NULL default '0',
  PRIMARY KEY  (`id_depoimento`),
  KEY `ordem` (`ordem`)
) ENGINE=InnoDB AUTO_INCREMENT=19 DEFAULT CHARSET=latin1;

--
-- Dumping data for table `nm_depoimentos`
--

INSERT INTO `nm_depoimentos` VALUES (1,'Grupo Elógica','Elógica','Há cinco anos, utilizamos com grande sucesso o ScriptCase na Elogica. O benefício maior é o ganho de produtividade no desenvolvimento de aplicações web, com a consequente melhoria nos resultados da empresa.','Luiz Vieira','Presidente da Elógica S.A','http://www.elogica.com/','../testimonials/img/grupo-elogica.gif',0),(2,'Companhia Hidro Elétrica do São Francisco','CHESF','É com satisfação que falamos do ScritpCase, pois acreditamos que assim como nós, irá facilitar muito o trabalho do desenvolvedor. Destaco também o excelente atendimento oferecido pela empresa.','Tânia Maymone','Diretoria Financeira','http://www.chesf.gov.br/','../testimonials/img/chesf.gif',0),(3,'Secretaria de Infra-Estrutura da Bahia(SEINFRA)','SEINFRA-BA','Nos na SEINFRA fizemos a opção pelo scriptcase. A decisão foi simples, nosso projeto de modernização prevê o uso de plataformas abertas e total integração com ferramentas de portais corporativos.','Ulisses Lemos Bezerra','COMOD','http://www.seinfra.ba.gov.br/','../testimonials/img/seinfra-ba.gif',0),(4,'Fundação Joaquim Nabuco','FUNDAJ','Optamos pelo Scriptcase por ser uma ferramenta que desenvolve sistemas de forma rápida e simples, gerando PHP que é uma linguagem baseada em software livre (que é uma indicação do governo federal para as instituições federais). Após o período de adaptação, desenvolvemos alguns sistemas, como: Controle de veículos e Controle de Licitação. Estamos migrando os sistemas desenvolvidos em Visual Basic para o PHP através do scriptcase. A experiência tem sido muito positiva, pois a produtividade cresceu, a adaptação aconteceu de forma tranqüila, pois sempre contamos com ajuda do suporte técnico para solucionar as dúvidas que surgem à medida que vamos nos aprofundando no usa da ferramenta. Outro ponto de destaque é que a ferramenta está sempre melhorando de acordo com nossas necessidades.','Adriana Dourado Martins','Coordenadora Geral de Informação e Tecnologia','http://www.fundaj.gov.br/','../testimonials/img/fundaj_logo.gif',0),(5,'Secretaria de Educação de Pernambuco','SEDUC-PE','Escolhemos o ScriptCase devido a facilidade e praticidade no desenvolvimento WEB. Desenvolvemos de imediato duas aplicações que estão rodando na WEB antes mesmo que tivéssemos tido o treinamento, a primeira foi uma consulta determinada pelo MEC e Ministério Público que se encontra no endereço <A Href=\'http://www.educacao.pe.gov.br/escolas_particulares.shtml\' target=\'_BLANK\'>http://www.educacao.pe.gov.br/escolas_particulares.shtml</A>. A segunda foi o Recadastramento de alunos da Rede Publica da região metropolitana que se encontra no endereço <A Href=\'http://www.educacao.pe.gov.br/gestao_escolar.shtml\' target=\'_BLANK\'>http://www.educacao.pe.gov.br/gestao_escolar.shtml</A>. O comprometimento com o nosso trabalho por parte da Netmake foi um fato que nos deixou bastante gratificados no Esforço desprendido para conseguir atingir nossos objetivos. Já estamos com mais uma aplicação quentinha que em breve estará rodando na WEB: um Sistema Gerencial também desenvolvido no ScriptCase. A Netmake Soluções em Informática os nossos agradecimentos e contamos com vocês nesse Ano de 2006, numa Relação profissional de alta qualidade para alcançarmos nossa meta em 2006.','Sylvio Santa Rosa','Analista de Sistemas','http://www.educacao.pe.gov.br/','../testimonials/img/seduc-pe.gif',0),(6,'Secretaria de Planejamento do Estado de Pernambuco','SEPLAN-PE','Decidimos pelo Scriptcase pela facilidade de uso e portabilidade entre sistemas servidores Windows e Linux que temos atualmente instalados aqui na SEPLAN. Com o Scriptcase, foram desenvolvidos três sistemas:<BR /><BR />1 - Sistema de Controle de Frota de Veículos que faz a reserva e controle dos veículos da Secretaria, usado na intranet;<BR /><BR />2 - Sistema de Controle de Equipamentos, que faz o controle e localização dos equipamentos de informatica, usado também na intranet, e<BR /><BR />3 - Sistema de Monitoramento de Ações, usado pela Agencia Condepe/Fidem, para o controle e acompanhamento interno das açoes daquela agência, hospedado e acessado pela Internet no nosso servidor WEB.<BR /><BR />Obs: Atualmente, o Sistema de Controle de Equipamentos esta sendo refeito, para ser incluída a função de Help Desk.<BR /><BR />Notadamente a ferramenta nos tem feito dar um grande salto em produtividade e qualidade, tendo sido, portando uma experiência positiva, aliada ainda ao fato do pronto atendimento do suporte da equipe da NETMAKE.','Aercio Ramoa','Gerente da Unidade de Tecnologia de Informação','http://www.seplan.pe.gov.br/','../testimonials/img/logo.gif',0),(7,'Corpo de Bombeiros Militar de Pernambuco','CBM-PE','Depois de larga pesquisa de mercado visando escolher o software de desenvolvimento de aplicações que seria adotado por nossa instituição, optamos pela aquisição do ScriptCase. Pela facilidade de utilização, rapidez na criação e pelo fato de ser baseado em plataforma aberta, o ScriptCase é hoje a principal ferramenta de desenvolvimento do Corpo de Bombeiros Militar de Pernambuco.','Major Almir da Rocha Silva','Chefe do Centro de Tecnologia da Informação e Comunicações','http://www.sds.pe.gov.br/cbmpe/','../testimonials/img/cbmpe.gif',0),(8,'AEnet Sistemas - São Paulo','AEnet Sistemas','Nós da AEnet Sistemas sempre procuramos utilizar a maior parte do nosso tempo na criação de facilidades e soluções para os clientes. Para isso temos que contar com soluções inteligentes como o Scriptcase  que permitam manter o foco na solução e não na linguagem de programação, otimizando assim nosso desenvolvimento.','Flávio Antonio Caporali','Engenheiro de Software','http://www.aenet.com.br/','../testimonials/img/aenetsistemas.gif',0),(9,'AST Sistemas - Aracaju - SE','AST Sistemas','Muito bommmmmmm.... Já fiz alguns projetos aqui meio robustos, inclusive com cálculos e etc, apanhando muito em uns e em outros tirando de letra, com a ajuda do suporte :) ... mas a cada nova necessidade em um projeto, vou aprendendo cada vez mais e, vendo a facilidade e praticidade que é trabalhar com o ScriptCase.','Aldo Távora','Analista de Sistemas','','../testimonials/img/logo.gif',0),(10,'TI Net Ltda - Caruaru - PE','TI Net','Ferramenta indispensável para desenvolvimento de software para usuário final, pois além de termos a praticidade de desenvolver aplicações de outras aplicações.  Podemos criar modelos específicos de trabalho.  Com isso a produção de software tem um rendimento significativo, se comparando com programas de desenvolvimento.  Este é o grande diferencial da ferramenta de Trabalho.','Victor Pinto','Analista de Sistemas','','../testimonials/img/logo.gif',0),(11,'Cinbesa  Companhia de Informática de Belém - PA','CINBESA','O advento do Scriptcase como ferramenta de desenvolvimento na Cinbesa, é o diferencial competitivo que possibilita o sucesso da nossa instituição. Passamos a evoluir, inovar e atender com a qualidade que os nossos clientes desejam e merecem. ','Tomaz de Aquino Rodrigues de Freitas','Diretor de Produtos e Serviços','http://www.cinbesa.com.br/','../testimonials/img/cinbesa.gif',0),(12,'Digital BIS - Recife','Digital BIS','Acho que existe um mote interessante no ScriptCase, o fato de que o sistema contribuem para o aceleramento do desenvolvimento tecnológico do País, tanto no setor privado quanto público. Uma vez que a ferramenta torna possível uma redução drástica no tempo de produção e desenvolvimento, é isto que acontece no macro. :) ','Cláudio França','Diretor','http://www.digitalbis.com.br','../testimonials/img/logo.gif',0),(13,'Zaraplast  - São Paulo','Zaraplast','\"Foram muitos meses de pesquisa e interação com soluções do mundo livre e comunidades ao redor do mundo sem sucesso. As ferramentas que encontramos não faziam quase nada do que esperávamos como patamar mínimo de produtividade.\nApós 17 meses de uso, todas as aplicações web são desenvolvidas com o Scriptcase. Indico o software para empresas de qualquer porte que queiram um resultado rápido em aplicações web e desejam ter seus profissionais de Tecnologia da Informação mais focados nos aspectos do negócio e não estritamente nos de escopo técnico.\"\n<br /><br /><br />\nSOBRE A ZARAPLAST: \n<br />\nA Zaraplast foi a primeira indústria latino-americana de embalagens certificada no ISO 9002, pela BVQI em 1994. Possui 4 fábricas, 2.000 funcionários e  mais de 350 usuários de informática. Completando 40 anos no mercado, a indústria cresce e se destaca por sua filosofia de produzir embalagens de qualidade e oferecer os melhores serviços para seus clientes.\nA empresa iniciou no ano de 2004 - aplicações web dinâmicas na sua intranet. Para isso, utilizou a linguagem PHP e inaugurou o portal Zaranet. Com a adoção desta nova plataforma e linguagem, a produtividade de programação diminuiu e a complexidade em manter os padrões para o desenvolvimento de software aumentou.','Mauro Cestarolli','Gerente de Tecnologia da Informação','http://www.zaraplast.com.br/','../testimonials/img/zaraplast.gif',0),(14,'Creci - São Paulo','CRECI','\"Recomendo que as empresas adquiram o Scriptcase porque além de ser prático e rápido, ele é simples e seguro. O modo de segurança do software é muito bom. Além da economia que ele gera na empresa, não requer muita prática e habilidade para utilizá-lo.\"\r\n<br /><br /><br />SOBRE O CRECI:<br /> O Creci %u2013 SP possui 300 funcionários, 20 mil imobiliárias e 48 mil corretores ativos. Atualmente o Centro de Processamento de Dados do Conselho utiliza o Scriptcase no desenvolvimento de um marco aplicativo que unificará todos os arquivos, organizando e facilitando o trabalho internamente.','Walter Arendt','Gerente CPD','http://www.crecisp.gov.br/','../testimonials/img/creci-sp.gif',0),(15,'SDA Secretaria do Desenvolvimento Agrário - CE','SDA - Ceará','Essa tecnologia permite o rápido desenvolvimento de aplicações para web. E são aplicações poderosas com vários recursos e com flexibilidade para customizações. A curva de aprendizagem é baixa. Nossa equipe de desenvolvimento em 2 meses estava dominando plenamente a tecnologia e produzindo (mesmo!) para o ambiente web. Tínhamos somente uma preocupação com a questão de performance das aplicações por conta do Scriptcase gerar aplicações para PHP. Tivemos uma experiência no início de 2007 que nos tranqüilizou : uma aplicação 24 x 7 (era um recadastramento para o governo federal, envolvendo mais de 180 mil produtores rurais) com utilização massiva durante um pequeno espaço de tempo (45 dias) e posso assegurar que não tivemos problemas de performance com essa aplicação. ','Germano Monge','Núcleo da Tecnologia da Informação','','../testimonials/img/logo.gif',0),(16,'Áldo Távora - Aracaju-SE','Áldo Távora','O Scriptcase é tão fácil que seria bom que pouquíssímas pessoas tivessem acesso a ele :)... vai acabar ficando sem graça ser programador... acabei de resolver um problemaçoooooo aqui, de uma hora pra outra... obrigadooooo','Áldo Távora','Analista de Sistemas','','../testimonials/img/logo.gif',0),(17,'ASAsys Informática - Rio de Janeiro','ASAsys Informática','Trabalho há mais de 20 anos e até hoje não tinha visto algo tão simples e ao mesmo tempo tão rico em recursos para uma ferramenta de desenvolvimento sem a necessidade de uma programação intensa.\n\nDevido ao desenvolvimento de produtos para solucionar problemas internos de nossa empresa, através do Scriptcase e com resultados excelentes, resolvemos apostar e estamos migrando nosso produto comercial (ASAsysnet %u2013 Gestor de Negócio) para o ScriptCase. \n\nEssa escolha demonstra nossa total confiança e credibilidade nesse excelente ferramenta de desenvolvimento.','Emerson Hebert','Analista de Sistemas','http://www.asasys.com.br/','../testimonials/img/asasys.gif',0),(18,'Montreal Informática','Montreal Informática','\"A experiência de quinze anos na área de arquitetura de sistemas, com todas as necessidades e exigências decorrentes, exigiu a elaboração e defesa de conceitos do que acreditava ser um ambiente ideal de desenvolvimento. Ser apresentado ao ScriptCase foi como um reencontro com algo que existia apenas em desejo, mas que descobria enfim materializado com muita competência pelo pessoal da NetMake. Entre diversas qualidades dignas de nota, destaco a capacidade do ScriptCase em organizar o pensamento e a ação individual e de equipes, permitindo uma interação absolutamente dinâmica com o mundo real, com a conseqüente geração e implementação de sistemas com alto nível de maturidade, com uma produtividade antes só almejada. Também é importante destacar o entusiasmo e o compromentimento do pessoal da Netmake responsáveis pelo atendimento e relacionamento com os clientes. Essa combinação certamente tem se revelado uma fórmula de sucesso.\"\n\n \n\n','Augusto César Modesto','Coordenador da Vertical de Saúde','http://www.montreal.com.br/','../testimonials/img/montrealinfo.gif',0);

--
-- Table structure for table `nm_descricao`
--

CREATE TABLE `nm_descricao` (
  `codigo` int(11) NOT NULL auto_increment,
  `topico` text NOT NULL,
  `ordem` int(11) NOT NULL,
  PRIMARY KEY  (`codigo`),
  KEY `ordem` (`ordem`)
) ENGINE=InnoDB AUTO_INCREMENT=8 DEFAULT CHARSET=latin1;

--
-- Dumping data for table `nm_descricao`
--

INSERT INTO `nm_descricao` VALUES (1,'<strong>O ScriptCase</strong> é um ambiente completo de desenvolvimento. Através de uma interface  amigável, o ScriptCase cria aplicações para Web com qualidade e rapidez, promovendo economia de tempo,<strong> aumento da produtividade e integração</strong> entre os membros da  sua equipe.',2),(4,'Gerando Aplicações WEB em PHP com velocidade',1),(6,'IMG_CONF|float:right; margin-top: -186px; margin-right: -25px;|||IMG_URL|img/imgusers.gif|||DIV_HEIGHT|height:370px;',0),(7,'O ScriptCase suporta os Bancos de Dados mais usados no mercado, como Oracle, DB2, MS SQLServer, MySQL, PostgreSQL, Sybase, MS Access etc.\n<br /><br />\nO código-fonte das aplicações são em PHP e JavaScript com uso da tecnologia AJAX. As aplicações rodam totalmente independente da ferramenta e são compatíveis com Windows, Unix, AS/400 entre outros.\n<br /><br />\nO desenvolvimento é feito diretamente no browser, permitindo integração da sua equipe além de possibilitar o desenvolvimento distribuído.',3);

--
-- Table structure for table `nm_doc_categoria`
--

CREATE TABLE `nm_doc_categoria` (
  `codigo` int(11) NOT NULL auto_increment,
  `categoria` varchar(250) NOT NULL,
  `url_link` varchar(250) default NULL,
  `ordem` int(11) default NULL,
  PRIMARY KEY  (`codigo`)
) ENGINE=InnoDB AUTO_INCREMENT=2 DEFAULT CHARSET=latin1;

--
-- Dumping data for table `nm_doc_categoria`
--

INSERT INTO `nm_doc_categoria` VALUES (1,'Documentação Online',NULL,1);

--
-- Table structure for table `nm_doc_item`
--

CREATE TABLE `nm_doc_item` (
  `codigo` int(11) NOT NULL auto_increment,
  `codigo_categoria` int(11) NOT NULL,
  `nome` varchar(250) NOT NULL,
  `descricao` varchar(250) default NULL,
  `url_view` varchar(250) default NULL,
  `target_view` varchar(250) default NULL,
  `url_down` varchar(250) default NULL,
  `ordem` int(11) default NULL,
  PRIMARY KEY  (`codigo`),
  KEY `codigo_categoria` (`codigo_categoria`),
  CONSTRAINT `nm_doc_item_ibfk_1` FOREIGN KEY (`codigo_categoria`) REFERENCES `nm_doc_categoria` (`codigo`)
) ENGINE=InnoDB AUTO_INCREMENT=2 DEFAULT CHARSET=latin1;

--
-- Dumping data for table `nm_doc_item`
--

INSERT INTO `nm_doc_item` VALUES (1,1,'WebHelp','Manual completo do ScriptCase','http://downloads.scriptcase.net/downloads/v5/manual/pt_br/webhelp/manual_mp/manual_mp.htm','manual','',1);

--
-- Table structure for table `nm_estados`
--

CREATE TABLE `nm_estados` (
  `EstadoID` char(2) NOT NULL default '',
  `NomeEstado` varchar(20) NOT NULL default '',
  PRIMARY KEY  (`EstadoID`)
) ENGINE=InnoDB DEFAULT CHARSET=latin1;

--
-- Dumping data for table `nm_estados`
--

INSERT INTO `nm_estados` VALUES ('AC','Acre'),('AL','Alagoas'),('AM','Amazonas'),('AP','Amapá'),('BA','Bahia'),('CE','Ceará'),('DF','Distrito Federal'),('ES','Espírito Santo'),('GO','Goias'),('MA','Maranhão'),('MG','Minas Gerais'),('MS','Mato Grosso do Sul'),('MT','Mato Grosso'),('PA','Pará'),('PB','Paraíba'),('PE','Pernambuco'),('PI','Piauí'),('PR','Paraná'),('RJ','Rio de Janeiro'),('RN','Rio Grande do Norte'),('RO','Rondônia'),('RR','Roraima'),('RS','Rio  Grande do Sul'),('SC','Santa Catarina'),('SE','Sergipe'),('SP','São Paulo'),('TO','Tocantins');

--
-- Table structure for table `nm_exemplos_grupos`
--

CREATE TABLE `nm_exemplos_grupos` (
  `codigo` int(11) NOT NULL auto_increment,
  `grupo` varchar(250) NOT NULL,
  `ordem` int(11) NOT NULL,
  `destaque` varchar(1) NOT NULL,
  PRIMARY KEY  (`codigo`),
  KEY `ordem` (`ordem`)
) ENGINE=InnoDB AUTO_INCREMENT=13 DEFAULT CHARSET=latin1;

--
-- Dumping data for table `nm_exemplos_grupos`
--

INSERT INTO `nm_exemplos_grupos` VALUES (1,'Formulários',3,'0'),(2,'Consultas, Relatórios e Gráficos',2,'0'),(3,'Formulários de Pesquisa',7,'0'),(4,'Aplicações de Menu',8,'0'),(5,'PDF Report',9,'0'),(6,'Aplicações de Aba',10,'0'),(7,'Internacionalização',4,'0'),(8,'Sistemas',1,'0'),(11,'Aplicação Blank',5,'1'),(12,'Aplicação Container',6,'1');

--
-- Table structure for table `nm_exemplos_grupos_itens`
--

CREATE TABLE `nm_exemplos_grupos_itens` (
  `codigo` int(11) NOT NULL auto_increment,
  `exemplo_grupos` int(11) NOT NULL,
  `titulo` varchar(250) NOT NULL,
  `url` varchar(250) NOT NULL,
  `url_video` varchar(250) default NULL,
  `target` varchar(32) NOT NULL,
  `target_video` varchar(32) default NULL,
  `ordem` int(11) NOT NULL,
  `seloajax_sn` varchar(1) default NULL,
  `selonew_sn` varchar(1) default NULL,
  `descr` varchar(255) default NULL,
  `destaque_order` int(11) default NULL,
  `views` int(11) default NULL,
  PRIMARY KEY  (`codigo`),
  KEY `exemplo_grupos` (`exemplo_grupos`),
  KEY `ordem` (`ordem`),
  CONSTRAINT `nm_exemplos_grupos_itens_ibfk_1` FOREIGN KEY (`exemplo_grupos`) REFERENCES `nm_exemplos_grupos` (`codigo`)
) ENGINE=InnoDB AUTO_INCREMENT=59 DEFAULT CHARSET=latin1;

--
-- Dumping data for table `nm_exemplos_grupos_itens`
--

INSERT INTO `nm_exemplos_grupos_itens` VALUES (1,1,'Mestre/Detalhe','/sistemas/v5/exemplos_pt_br/form38/form38.php','tutoriais/form/form38.php','_blank','popup',1,'S','','Neste exemplo é desenvolvido um completo Mestre / Detalhe. ',NULL,146),(2,1,'Grid Editavel','/sistemas/v5/exemplos_pt_br/form39/form39.php','tutoriais/form/form39.php','_blank','popup',5,'S','','Exemplo do formulário grid editável.',NULL,92),(4,1,'Editor HTML','/sistemas/v5/exemplos_pt_br/form41/form41.php','tutoriais/form/form41.php','_blank','popup',7,'','','Neste exemplo é mostrado o uso do Editor HTML.',NULL,69),(5,1,'Formulario com Blocos e Abas','/sistemas/v5/exemplos_pt_br/form42/form42.php','tutoriais/form/form42.php','_blank','popup',6,'','','Este exemplo demonstra como organizar o formulário com Blocos e Abas.',NULL,69),(6,1,'Edição de um campo Select utilizando outro formulario','/sistemas/v5/exemplos_pt_br/form45/form45.php','tutoriais/form/form45.php','_blank','popup',8,'','','Veja como realizar a ligação para atualizar a tabela usada no campo select (combobox).',NULL,43),(8,2,'Usando Quebras e Totalização','/sistemas/v5/exemplos_pt_br/grid22/grid22.php','tutoriais/grid/grid22.php','_blank','popup',5,'','','Um exemplo de relatório com os recursos de quebras, totalização e resumo.',NULL,77),(9,2,'Resumo Pivot table','/sistemas/v5/exemplos_pt_br/grid29/grid29.php','tutoriais/grid/grid29.php','_blank','popup',2,'','','Este exemplo demonstra uma importante funcionalidade: o tipo de resumo Pivot.',NULL,116),(10,2,'Simples drill down','/sistemas/v5/exemplos_pt_br/grid14/grid14.php','tutoriais/grid/grid14.php','_blank','popup',4,'','','Este exemplo mostra como criar uma ligação entre duas consultas com passagem de parâmetros.',NULL,105),(14,2,'Relatorio Clientes x Pedido','/sistemas/v5/exemplos_pt_br/grid20/grid20.php','tutoriais/grid/grid20.php','_blank','popup',8,'','','Neste exemplo são usados duas aplicações de consulta, uma baseada na tabela de Clientes (Aplicação Mestre) e outra baseada na tabela de Pedidos (Aplicação Detalhe) para criar um relátorio de Subconsulta.',NULL,103),(15,3,'Recarga de campo usando AJAX','/sistemas/v5/exemplos_pt_br/grid31/grid31.php','tutoriais/search/grid31.php','_blank','popup',1,'S','','Aprenda a desenvolver uma aplicação de filtro utilizando recarga de campo Ajax. ',NULL,83),(16,3,'Criando Blocos na aplicação de Filtro','/sistemas/v5/exemplos_pt_br/grid30/grid30.php','tutoriais/search/grid30.php','_blank','popup',5,'','','Exemplo de aplicação de Filtro utilizando blocos.',NULL,32),(17,3,'Filtro e consulta na mesma pagina','/sistemas/v5/exemplos_pt_br/grid12/grid12.php','tutoriais/search/grid12.php','_blank','popup',3,'','','Este exemplo demonstra como criar uma consulta e filtro na mesma página.',NULL,42),(18,3,'Condições especiais para campos de data ','/sistemas/v5/exemplos_pt_br/search02/search02.php','tutoriais/search/search02.php','_blank','popup',4,'','','Este exemplo mostra como utilizar as condições especiais do ScriptCase no campo do tipo Data.',NULL,37),(19,4,'Menu Horizontal ','/sistemas/v5/exemplos_pt_br/menu01/menu01.php','tutoriais/menu/menu01.php','_blank','popup',1,'','','Este exemplo mostra como criar um menu horizontal.',NULL,118),(20,4,'Menu Tree','/sistemas/v5/exemplos_pt_br/menu02/menu02.php','tutoriais/menu/menu02.php','_blank','popup',5,'','','Veja como criar um menu árvore.',NULL,112),(21,5,'Cartão de Visitas em PDF','/sistemas/v5/exemplos_pt_br/pdf02/pdf02.php','tutoriais/pdf/pdf02.php','_blank','popup',1,'','','Com o ScriptCase é possível mostrar vários cartões de visita na mesma página. Aqui está um exemplo usando o Report PDF.',NULL,87),(22,5,'Imprimindo Nota Fiscal','/sistemas/v5/exemplos_pt_br/pdf03/pdf03.php','tutoriais/pdf/pdf03.php','_blank','popup',5,'','','Este exemplo mostra como criar uma Nota Fiscal no Report PDF.',NULL,80),(23,6,'Criando uma aplicação de Abas','/sistemas/v5/exemplos_pt_br/tab01/tab01.php','tutoriais/tabs/tab01.php','_blank','popup',1,'S','','Este exemplo explica como criar uma aplicação do tipo Aba.',NULL,161),(25,1,'Atualiza tabela de ligação','/sistemas/v5/exemplos_pt_br/form24/form24.php','tutoriais/form/form24.php','_blank','popup',9,'','','Aqui você aprenderá a criar uma aplicação que permite atualizar tabelas com relacionamento N:N utilizando objeto Duplo Select.',NULL,41),(26,2,'Consultas aninhadas usando treeview','/sistemas/v5/exemplos_pt_br/grid25/grid25.php','tutoriais/grid/grid25.php','_blank','popup',9,'','','Este exemplo demonstra como usar subconsultas com o formato treeview. ',NULL,105),(28,1,'Validação de Chave Unica ','/sistemas/v5/exemplos_pt_br/form44/form44.php','tutoriais/form/form44.php','_blank','popup',11,'S','','Exemplo de formulário utilizando validação de Chave Única.',NULL,29),(29,1,'Capturar informação de consulta','/sistemas/v5/exemplos_pt_br/form13/form13.php','tutoriais/form/form13.php','_blank','_blank',2,'','','A ligação de Captura do ScriptCase é um recurso muito útil para buscar informações relativas a um campo de uma aplicação durante uma atualização.',NULL,48),(31,7,'Consulta com troca de idioma','/sistemas/v5/exemplos_pt_br/grid_33/grid_33.php','tutoriais/internationalization/grid_33.php','_blank','popup',1,'','','Aqui é mostrado como criar um relatório com multi-idiomas.',NULL,25),(32,7,'Formulário de login com um campo de Idiomas','/sistemas/v5/exemplos_pt_br/ctr_5/ctr_5.php','tutoriais/internationalization/ctr_5.php','_blank','popup',5,'','','Neste exemplo, é possível selecionar o idioma através de um campo Select na aplicação de login. ',NULL,31),(33,1,'Capture Autocomplete ','/sistemas/v5/exemplos_pt_br/form54/form54.php','tutoriais/form/form54.php','_blank','popup',13,'S','','Outro exemplo de ligação de captura e um recurso útil: a função AutoComplete com AJAX.',NULL,53),(34,1,'Consulta e Formulario na mesma pagina','/sistemas/v5/exemplos_pt_br/form55/form55.php','tutoriais/form/form55.php','_blank','popup',14,'','','Neste exemplo é mostrado uma ligação entre consulta e formulário na mesma janela.',NULL,83),(35,1,'Simples Mestre-Detalhes para Empregados / Projetos ','/sistemas/v5/exemplos_pt_br/form56/form56.php','tutoriais/form/form56.php','_blank','popup',4,'','','Para criar uma aplicação mestre / detalhe simples serão utilizadas: uma consulta (para listar os funcionários), um formulário (para editar o funcionário) e um formulário grid editável (para editar os detalhes do funcionário) .',NULL,56),(36,1,'Atualizando relações Muitos-para-muitos  através de CheckBox List ','/sistemas/v5/exemplos_pt_br/form57/form57.php','tutoriais/form/form57.php','_blank','popup',10,'','','Neste tutorial você vai aprender como funciona o relacionamento muitos para muitos, usando uma aplicação de formulário com um campo checkbox.',NULL,56),(37,1,'Usando mascaras em Entrada de Dados','/sistemas/v5/exemplos_pt_br/form58/form58.php','tutoriais/form/form58.php','_blank','popup',2,'S','','Este exemplo aborda o uso de formulários com máscaras de entrada de dados e a validação do número de segurança social utilizando Ajax.',NULL,69),(38,8,'News','/sistemas4/sc_news_en_us/login/login.php','','_blank','',2,'','S','Sistema de notícias on-line tem todas as características básicas. Seu código é aberto para mudanças e distribuição para os clientes do ScriptCase. Ele roda nos bancos de dados Mysql ou Sqlite.',2,58),(39,8,'Album','/sistemas/v5/album/login/login.php','','_blank','',5,'','S','Sistema on-line de álbum tem muitas características avançadas para uso e manipulação de imagens. Seu código é aberto para mudanças e distribuição para os clientes do ScriptCase. Ele roda nos bancos de dados Mysql ou Sqlite',NULL,68),(40,1,'Usando Captcha no formulario de Login','/sistemas/v5/exemplos_pt_br/ctr06/ctr06.php','','_blank','',1,'','S','Veja como usar um objeto CAPTCHA em um formulário de login.',0,88),(41,2,'Resumo e gráfico','/sistemas/v5/exemplos_pt_br/grid34/grid34.php','tutoriais/grid/grid34.php','_blank','popup',0,'','S','Este exemplo mostra como criar um relatório com o resumo e gráfico na mesma página.',1,152),(42,2,'Resumo Pivot e Grafico','/sistemas/v5/exemplos_pt_br/grid35/grid35.php','tutoriais/grid/grid35.php','_blank','popup',2,'','S','Criando um resumo Pivot com gráficos.',NULL,112),(43,2,'Perfil de Empregado ','/sistemas/v5/exemplos_pt_br/grid36/grid36.php','','_blank','popup',13,'','S','Este exemplo demonstra como criar um consulta Slide utilizando Blocos e campo do tipo Imagem.',NULL,91),(44,2,'Avaliação de Produtos','/sistemas/v5/exemplos_pt_br/grid38/grid38.php','','_blank','popup',14,'','S','Neste exemplo é visto uma aplicação de consulta utilizando gráfico de linha.',NULL,77),(45,2,'Consulta Default','/sistemas/v5/exemplos_pt_br/grid39/grid39.php','','_blank','popup',16,'','','Exemplo de uma consulta simples',NULL,43),(46,2,'Consulta Mestre/detalhe','/sistemas/v5/exemplos_pt_br/grid40/grid40.php','','_blank','popup',15,'','S','Este exemplo mostra uma aplicação Mestre-detalhe de categorias/produtos.',NULL,74),(47,8,'Helpdesk','/sistemas/v5/helpdesk/','','_blank','',1,'','S','Confira nosso novo sistema de exemplo de Helpdesk e veja todo a flexibilidade que ScriptCase proporciona ao desenvolvedor.',1,173),(48,11,'Aplicação Blank ','/sistemas/v5/exemplos_pt_br/sample_blank_application/sample_blank_application.php','tutoriais/features/sample_blank_application.php','_blank','_blank',1,'S','S','Este exemplo mostra uma aplicação do tipo Blank usando JQUERY',1,141),(49,1,'Formulário com blocos treeview','/sistemas/v5/exemplos_pt_br/sample_block_expand_and_collapse/sample_block_expand_and_collapse.php','tutoriais/features/sample_block_expand_and_collapse.php','_blank','_blank',1,'S','S','Exemplo de aplicação de filtro com expansão de blocos',20,77),(50,2,'Gráfico Flash','/sistemas/v5/exemplos_pt_br/grid41/grid41.php','tutoriais/features/sample_chart.php','_blank','_blank',1,'S','S','Aplicação de consulta exibindo apenas o gráfico em Flash.',22,200),(51,12,'Container com gráficos','/sistemas/v5/exemplos_pt_br/sample_chart_main/sample_chart_main.php','tutoriais/features/sample_chart_main.php','_blank','_blank',1,'S','S','Aplicação de Container com gráficos em Flash',1,108),(52,12,'Aplicação de Container','/sistemas/v5/exemplos_pt_br/sample_container/sample_container.php','tutoriais/features/sample_container.php','_blank','_blank',1,'S','S','Aplicação de container mostrando resumo e gráfico em cada widget.',1,102),(54,2,'Ligação Modal','/sistemas/v5/exemplos_pt_br/sample_modal_main/sample_modal_main.php','tutoriais/features/sample_modal_main.php','_blank','_blank',1,'S','S','Aplicação de formulário com ligação utilizando modal.',21,126),(55,2,'Temas dinamicos','/sistemas/v5/exemplos_pt_br/sample_themes/sample_themes.php','tutoriais/features/sample_themes.php','_blank','_blank',3,'S','S','Consulta com opção para troca de tema em tempo de execução.',20,128),(57,4,'Menu Layout','/sistemas/v5/exemplos_pt_br/sample_treemenu/sample_treemenu.php','','_blank','_blank',1,'S','S','Menu usando Componente Layout',1,164),(58,3,'Formulário de Filtro abrindo em modal ','/sistemas/v5/exemplos_pt_br/search04/search04.php','','_blank','_blank',1,'S','S','Utilizando formulário de filtro em janela modal',1,64);

--
-- Table structure for table `nm_faq`
--

CREATE TABLE `nm_faq` (
  `codigo` int(11) NOT NULL auto_increment,
  `pergunta` varchar(250) NOT NULL,
  `resposta` varchar(250) NOT NULL,
  `ordem` int(11) NOT NULL,
  PRIMARY KEY  (`codigo`)
) ENGINE=InnoDB AUTO_INCREMENT=41 DEFAULT CHARSET=latin1;

--
-- Dumping data for table `nm_faq`
--

INSERT INTO `nm_faq` VALUES (20,'O que é o ScriptCase ?','Gerador de aplicações WEB baseadas em bancos de dados padrão SQL.',20),(21,'Que tipos de aplicações são criadas?','Consultas, filtros, gráficos, relatórios em formato PDF, formulários de atualizações, menus de navegação, exportação de dados para XLS, DOC, XML e CSV.',21),(22,'As aplicações são geradas em que linguagem?','Os fontes das aplicações são criados em PHP e JavaScript.',22),(23,'Para que bancos de dados as aplicações podem ser criadas?','Oracle, MS-SQL Server, DB2, MySQL, Informix, ProstGreSQL, Access, Interbase, Firebird e outros padrão ODBC ou OLEDB.',23),(24,'As aplicações criadas podem rodar em quais sistemas operacionais?','Linux, Windows 98/ME/2000/2003/XP/VISTA, IBM I5 e qualquer sistema unix que tenha um servidor web com php.',24),(25,'Em que linguagem o ScriptCase foi desenvolvido?','PHP e JavaScript.',25),(26,'Quais os requisitos para rodar o ScriptCase?','Uma máquina com um servidor Web (Apache, IIS, Sambar, Abyss, PWS, Xitami, etc) configurado para rodar scripts PHP e Zend Optimizer.',26),(27,'Como é feito o acesso para desenvolver?','Diretamente de um browser (IE, Mozilla, Opera, etc) que tenha acesso ao servidor Web onde o ScriptCase estiver instalado.',27),(28,'Pode ser feito desenvolvimento pela Internet?','Sim, bastando para isso que o servidor Web onde está instalado o ScriptCase seja acessível.',28),(29,'Como é feito o controle de segurança dos desenvolvedores?','Existe um sessão administrativa onde podem ser cadastrados os desenvolvedores, associar a grupos de trabalho e definir políticas de segurança.',29),(30,'As aplicações criadas através do ScriptCase podem executar em outras máquinas independente do ScriptCase?','Sim, os fontes gerados são completos e podem rodar em qualquer máquina, bastando para isso ter um servidor WEB e o PHP instalado.',30),(31,'As aplicações criadas podem se comunicar entre si?','Sim, você pode criar aplicações isoladas e depois fazer a interligação entre elas.',31),(32,'Como é feito a manutenção das aplicações criadas?','A manutenção pode ser feita dentro do próprio ambiente do ScriptCase.',32),(33,'Você consegue criar sistemas complexos com o ScriptCase?','Sim.',33),(34,'Posso interligar as aplicações ScriptCase com Delphi ou VB?','Sim, podem ser instanciados componentes COM (Component Object Model) de dentro das aplicações do ScriptCase.',34),(36,'Onde posso encontrar informações sobre o ScriptCase?','Diretamente no site www.scriptcase.com.br ou escreva para info@scriptcase.com.br',36),(37,'Existe um documentação de como utilizar o ScriptCase?','A documentação completa esta disponivel no site.',37),(40,'Existe alguma demonstração do ScriptCase?','Você pode baixar uma versão trial com todas as funcionalidades disponíveis durante 20 dias.',40);

--
-- Table structure for table `nm_grupo`
--

CREATE TABLE `nm_grupo` (
  `codigo` int(11) NOT NULL auto_increment,
  `nome` varchar(100) NOT NULL,
  PRIMARY KEY  (`codigo`)
) ENGINE=InnoDB AUTO_INCREMENT=12 DEFAULT CHARSET=latin1;

--
-- Dumping data for table `nm_grupo`
--

INSERT INTO `nm_grupo` VALUES (1,'Administrador Site'),(8,'Comercial'),(9,'Administrador de Cursos/Workshop'),(10,'Depoimentos'),(11,'Comercial');

--
-- Table structure for table `nm_grupo_aplicacoes`
--

CREATE TABLE `nm_grupo_aplicacoes` (
  `grupoid` int(11) NOT NULL,
  `aplicacaoid` varchar(50) NOT NULL,
  PRIMARY KEY  (`grupoid`,`aplicacaoid`)
) ENGINE=InnoDB DEFAULT CHARSET=latin1;

--
-- Dumping data for table `nm_grupo_aplicacoes`
--

INSERT INTO `nm_grupo_aplicacoes` VALUES (1,'cons_alunos'),(1,'cons_alunos_cursos'),(1,'cons_clientes_categorias'),(1,'cons_depoimentos'),(1,'cons_example'),(1,'cons_exemplos_grupos'),(1,'cons_exemplos_grupos_itens'),(1,'cons_links'),(1,'cons_representantes'),(1,'cons_turma'),(1,'cons_turma_tipo'),(1,'cons_workshop'),(1,'cons_workshop_tipo'),(1,'form_aluno'),(1,'form_aplicacoes'),(1,'form_cases'),(1,'form_clientes'),(1,'form_clientes_categorias'),(1,'form_depoimentos'),(1,'form_example'),(1,'form_exemplos_grupos'),(1,'form_exemplos_grupos_itens'),(1,'form_faq'),(1,'form_grupo'),(1,'form_home'),(1,'form_links'),(1,'form_link_sub'),(1,'form_nm_compara'),(1,'form_nm_compara_produto'),(1,'form_noticias'),(1,'form_sys_category'),(1,'form_turma'),(1,'form_turma_aluno'),(1,'form_turma_tipo'),(1,'form_usuario_grupo'),(1,'form_videos'),(1,'form_workshop'),(1,'form_workshop_alunos'),(1,'form_workshop_tipo'),(1,'frm_beneficios'),(1,'frm_doc'),(1,'frm_doc_item'),(1,'frm_homerecursos'),(1,'frm_recursos'),(1,'frm_representantes'),(1,'frm_sistemas'),(1,'frm_sistemas_caracteristicas'),(1,'grid_topics'),(1,'menu'),(8,'cons_representantes'),(8,'form_noticias'),(8,'frm_representantes'),(8,'menu'),(9,'cons_alunos'),(9,'cons_alunos_cursos'),(9,'cons_turma'),(9,'cons_turma_tipo'),(9,'cons_workshop'),(9,'cons_workshop_tipo'),(9,'form_aluno'),(9,'form_turma'),(9,'form_turma_aluno'),(9,'form_turma_tipo'),(9,'form_workshop'),(9,'form_workshop_alunos'),(9,'form_workshop_tipo'),(9,'menu'),(10,'cons_depoimentos'),(10,'form_depoimentos');

--
-- Table structure for table `nm_grupo_usuarios`
--

CREATE TABLE `nm_grupo_usuarios` (
  `usuarioid` varchar(12) NOT NULL,
  `grupoid` int(11) NOT NULL,
  PRIMARY KEY  (`usuarioid`,`grupoid`)
) ENGINE=InnoDB DEFAULT CHARSET=latin1;

--
-- Dumping data for table `nm_grupo_usuarios`
--

INSERT INTO `nm_grupo_usuarios` VALUES ('adjaxon',9),('alexandre',1),('arlindo',1),('bruna',9),('davi',9),('diogo',1),('erico',8),('erico',9),('erico',10),('hillus',1),('marcossf',1),('ricardo',1),('riva',1),('rodrigo',9),('sergio',1);

--
-- Table structure for table `nm_newsletter`
--

CREATE TABLE `nm_newsletter` (
  `news_email` varchar(250) NOT NULL,
  `deseja_receber` char(1) NOT NULL,
  `data_cadastro` datetime NOT NULL,
  `ip_auth` varchar(15) NOT NULL,
  `ja_recebeu` char(1) NOT NULL,
  PRIMARY KEY  (`news_email`)
) ENGINE=InnoDB DEFAULT CHARSET=latin1;

--
-- Dumping data for table `nm_newsletter`
--

INSERT INTO `nm_newsletter` VALUES ('a.camberlingo@gmail.com','S','2008-10-25 16:47:55','201.83.133.61','N'),('abilio.vieira@containersol.com.br','S','2008-06-30 13:02:03','201.79.164.42','N'),('ajnakamura@citexp.com.br','S','2008-11-04 08:24:17','189.94.138.243','N'),('alcirsv@gmail.com','S','2008-07-18 07:02:37','189.24.110.130','N'),('aline@netmake.com.br','S','2008-08-07 16:55:48','201.6.82.231','N'),('aline@scriptcase.com.br','S','2008-06-12 16:55:05','201.6.85.12','N'),('aptlima@oi.com.br','S','2008-07-07 20:00:19','189.82.48.94','N'),('ccamado@uol.com.br','S','2008-06-27 18:11:25','201.10.177.193','N'),('cesar@jcnstecnologia.com.br','S','2009-07-26 22:51:01','189.81.21.145','N'),('claudiolobo@msn.com','S','2009-01-29 15:14:17','189.92.161.235','N'),('clifortravaini@gmail.com','S','2009-08-30 10:56:22','189.103.228.103','N'),('david.containersol@gmail.com','S','2009-01-27 13:35:43','201.79.174.232','N'),('david.ramos@containersol.com.br','S','2008-12-17 14:44:24','201.79.58.245','N'),('dedeo2005@oi.com.br','S','2009-04-14 16:57:09','201.51.130.187','N'),('dobbrito@gmail.com','S','2008-07-21 20:42:31','189.118.75.193','N'),('dodyobrito@gmail.com','S','2008-06-11 10:28:41','200.238.84.83','N'),('elton_designer@hotmail.com','S','2008-09-28 23:06:51','189.61.24.216','N'),('evaldo_baroni@uol.com.br','S','2008-06-18 15:46:45','200.207.54.96','N'),('eyras_Castro@yahoo.com.br','S','2008-06-27 02:14:03','201.41.184.173','N'),('fabio.andrade@maisolucoes.com.br','S','2008-09-05 23:02:58','189.24.93.183','N'),('felipepessoa@ymail.com','S','2008-10-29 16:53:05','189.80.20.130','N'),('fernanda@webinterface.com.br','S','2008-05-16 12:00:56','189.59.184.32','N'),('foliene@sisrev.com.br','S','2009-07-22 03:40:09','189.69.128.20','N'),('furtadodaniele@gmail.com','S','2008-11-29 18:29:54','189.1.16.55','N'),('gadelha@scriptcase.com.br','S','2008-11-03 13:52:40','201.86.149.61','N'),('geraldo@spint.com.br','S','2009-01-05 07:55:31','189.108.236.157','N'),('guilherme@netsoft.eti.br','S','2008-05-18 10:40:35','201.67.177.185','N'),('haroldo@centralsys.com.br','S','2008-09-30 19:30:57','200.152.199.241','N'),('henriquecastro25@hotmail.com','S','2009-03-16 16:05:21','189.11.44.50','N'),('higor.scar@gmail.com','S','2009-07-01 08:54:08','200.198.136.137','N'),('informatica@unihospsaude.com.br','S','2009-03-30 10:36:50','201.63.217.58','N'),('ivo@seiton.com','S','2008-08-29 23:24:29','201.92.187.233','N'),('jaimebiro@globo.com','S','2009-05-10 19:52:34','189.69.119.73','N'),('jc.batista@uol.com.br','S','2008-10-09 16:00:42','201.2.1.69','N'),('jerri.moreira@yahoo.com.br','S','2008-09-17 15:14:14','200.162.9.211','N'),('joaoalvesbz@hotmail.com','S','2008-12-16 11:08:03','189.81.192.68','N'),('jpaulocpfred@hotmail.com','S','2008-08-18 12:08:52','189.24.66.76','N'),('jpinto@scantec.pt','S','2008-10-31 11:26:30','213.228.158.143','N'),('jr290548@gmail.com','S','2008-07-18 07:23:11','189.61.51.174','N'),('juliano@editora3.com.br','S','2009-02-02 12:30:26','189.56.47.194','N'),('junior@americana.sp.gov.br','S','2009-11-06 12:33:21','187.51.57.50','N'),('katiuscecunha@hotmail.com','S','2009-01-23 08:18:51','201.3.10.27','N'),('kleber.silva@cultura.gov.br','S','2008-11-03 15:26:36','200.198.204.68','N'),('line.fcorrea@gmail.com','S','2008-11-11 14:14:12','201.52.201.188','N'),('litium.consultoria@yahoo.com.br','S','2008-05-27 18:50:58','201.17.138.70','N'),('llcb.grupos@gmail.com','S','2008-11-13 16:12:23','201.91.124.42','N'),('lula8010@hotmail.com','S','2008-11-03 13:57:12','189.105.35.6','N'),('marcio@temainfo.com.br','S','2008-11-06 22:41:40','201.14.1.25','N'),('marciopalmas@yahoo.com.br','S','2009-08-03 09:23:01','200.163.65.111','N'),('marcos@tecnodata.inf.br','S','2008-09-26 13:55:28','200.243.38.83','N'),('milton@rsys.com.br','S','2008-12-10 22:32:56','189.5.228.53','N'),('neiva@linebrasil.com.br','S','2008-10-24 08:55:29','201.52.201.188','N'),('neiva@netmake.com.br','S','2009-01-29 21:44:53','187.26.163.82','N'),('nitsite@nitsite.com.br','S','2009-01-20 05:15:05','189.91.87.126','N'),('oliveirasabo@gmail.com','S','2008-08-25 13:36:17','201.43.167.173','N'),('pablo.blinho@hotmail.com','S','2008-11-08 17:41:03','201.62.23.129','N'),('rm_assuncao@hotmail.com','S','2008-12-08 12:22:13','189.71.191.58','N'),('rodrigo@netmake.com.br','S','2008-11-03 14:37:12','201.38.159.196','N'),('rogerio.lopes.pessoal@gmail.com','S','2008-09-21 20:21:14','189.71.184.146','N'),('romulo@vannon.com.br','S','2009-12-11 09:06:16','201.6.248.52','N'),('rubiconsult@terra.com.br','S','2009-03-18 12:36:32','189.70.130.4','N'),('saalmeida@hotmail.com','S','2008-12-08 12:22:05','189.71.191.58','N'),('sispnsr@yahoo.com.br','S','2009-01-26 19:51:39','189.15.183.169','N'),('suassone@gmail.com','S','2009-06-29 11:31:18','200.163.75.27','N'),('torriceli@tstcompany.com.br','S','2008-06-26 13:54:31','201.6.82.231','N'),('waltersilva@msn.com','S','2008-10-13 13:45:03','74.166.100.144','N'),('wbarbalho@gmail.com','S','2009-02-11 14:54:57','189.84.86.14','N'),('welton@crasp.gov.br','S','2009-03-27 08:28:35','201.28.214.75','N'),('willwmoura@hotmail.com','S','2009-05-29 10:00:13','200.18.53.42','N');

--
-- Table structure for table `nm_noticiais`
--

CREATE TABLE `nm_noticiais` (
  `codigo` int(11) NOT NULL auto_increment,
  `data_cadastro` datetime NOT NULL,
  `data_publicacao` datetime NOT NULL,
  `publicado` char(1) NOT NULL default 'N',
  `titulo` varchar(250) NOT NULL,
  `mensagem_curta` varchar(250) NOT NULL,
  `mensagem_longa` text NOT NULL,
  `destaque` char(1) NOT NULL default 'N',
  `destaque_logo` varchar(250) NOT NULL,
  PRIMARY KEY  (`codigo`),
  KEY `data_publicacao` (`data_publicacao`),
  KEY `destaque` (`destaque`)
) ENGINE=InnoDB AUTO_INCREMENT=38 DEFAULT CHARSET=latin1;

--
-- Dumping data for table `nm_noticiais`
--

INSERT INTO `nm_noticiais` VALUES (27,'2008-04-30 12:15:51','2008-04-30 00:00:00','S','IBM, Netmake e IMES firmam parceria para qualificarem profissionais em Tecnologia PHP, Scriptcase, i5/OS e DB2. ','Parceria com a Universidade de São Caetano do Sul forma alunos com habilidades na plataforma de servidores IBM','<p>\nSão Paulo, 05 de Março de 2008 - o Instituto Municipal de Ensino Superior de São Caetano do Sul, IMES, com o apoio tecnico da IBM Divisão Power Systems, e da fabricante Pernambucana de Software Netmake, estará qualificando alunos dos cursos de graduação em Web Design, Sistemas de Informação e cursos livres, em programação utilizando a linguagem open PHP no Sistema Operacional i5/OS e Banco de Dados DB2 e mySQL. Estima-se que ainda este ano cerca de 120 alunos serão beneficiados com o conhecimento desta tecnologia. \n</p>\n<p> \nO IMES foi um dos precursores na formação de mão-de-obra com conhecimento no Sistema Operacional i5/OS, com turmas desde 1993. O Instituto conta atualmente com cerca de mil alunos matriculados no curso de Tecnologia, utilizando em sua infraestrutura, o recentemente adquirido, IBM Power Systems nas matérias de Banco de Dados, Programação e Fundamentos do IT de sua grade curricular. \n</p>\n<p> \nO Sistema Operacional i5/OS consagrou-se no mercado por sua segurança e simplicidade de uso. Possui uma legião de fãs que se reunem em Comunidades pelo mundo, e apresenta um dos maiores índices de satisfação de clientes no mercado de TI. O suporte ao PHP e mySQL trazem novas opções a estes clientes, aliando as inumeras aplicações desenvolvidas pela comunidade open ao portfolio existente para i5/OS declara Antonio Carlos Navarro, Gerente de Produto e Soluções na Divisão Power Systems da IBM Brasil. \n</p>\n<p> \nO mercado demanda mão-de-obra capacitada nesta plataforma. Já o PHP e Ajax são tecnologias de conhecimento mandatório para os profissionais de TI em geral. Encontrar esta informação técnica na universidade é um bom diferencial para o estudante, comenta o Professor Aparecido Freitas, Coordenador dos cursos de Computação \ndo IMES. \nAlém de treinamento em programação Java, RPG e Cobol, estaremos trazendo também como diferencial para nossos alunos toda a versatilidade e recursos do PHP, dando-lhes uma visão que será muito útil em sua carreira no mercado de Tecnologia da Informação. Esperamos ter nossos trabalhos de formatura na área de Web Designer já fazendo uso desta tecnologia da IBM e Netmake, que premiarão o melhor trabalho. \n</p>\n<p>\nEsta iniciativa terá como base o uso da ferramenta ScritpCase, criada pela Netmake. O ScriptCase é um ambiente completo de desenvolvimento para construção de aplicações Web de forma rápida e eficiente, reduzindo tempo e custo de desenvolvimento, manutenção e distribuição. afirma Angelo Alves, Gerente de Produto e Vendas da Netmake. Em parceria com a IBM portamos rapidamente a ferramenta para o Sistema Operacional i5/OS e com ótimo desempenho e performance a Banco de Dados DB2 completa Angelo Alves. \n</p>\n<p>\nSobre a IBM \nA IBM, a maior empresa de tecnologia de informação do mundo, é líder em serviços, criação e desenvolvimento das mais avançadas tecnologias de informação da indústria, incluindo soluções de software, hardware e de serviços. \n</p>\n<p>\nSobre a Netmake \nA NetMake é uma empresa brasileira, fundada em 2001, tendo sua sede em Recife-PE. Seu foco principal está na criação de ferramentas para o ambiente de desenvolvimento web. \n</p>','N',''),(28,'2008-06-25 14:21:09','2008-06-25 14:22:00','S','Netmake disponibiliza novos canais de atendimento.','Netmake disponibiliza novos canais de atendimento.','<p>\r\nA Netmake, desenvolvedora da revolucionária ferramenta ScriptCase, passou a disponibilizar ao mercado um amplo canal de comunicação com a empresa, agora os clientes de todo país podem ser atendidos através de uma central de atendimento 0800.\r\n<p>\r\nSegundo Ricardo Alcoforado, Diretor da empresa, o serviço surge com o intuito de modernizar e agilizar a comunicação com os clientes, integrando e aproximando o departamento comercial do mercado consumidor, tornando o atendimento cada vez mais personalizado.\r\n<p>\r\nA empresa também passa a disponibilizar um canal de Vendas On-Line através de um CHAT AO VIVO, onde o consumidor pode obter qualquer informação a respeito do produto assim como solicitar uma licença de avaliação para experimentar o ScriptCase.\r\n<p>\r\nO contato através da central de atendimento pode ser efetuado através do número 0800-970-0300\r\n<p>','N',''),(29,'2008-10-01 22:12:20','2008-10-01 19:30:00','S','Acesso Web cresce 78%','Em 2 anos, acesso Web cresce 78% nas casas','<p> \n\nQuarta-feira, 01 de outubro de 2008 - 19h00 \n\n<p> \n\nSÃO PAULO - Acesso residencial à internet cresce 78% em 24 meses no Brasil, diz Ibope. \n\n <p> \n\nO número de brasileiros que acessa a internet a partir de suas residências teve um crescimento de 26,1 por cento em agosto sobre o mesmo mês de 2007 e de 78 por cento nos últimos dois anos.\n\n<p>  \n\nOs dados são da pesquisa mensal Ibope/NetRatings, divulgada nesta quarta-feira. Em agosto, 24,3 milhões de pessoas acessaram a internet a partir de suas casas, enquanto o número de pessoas que moram em residências em que há computador conectado à web cresceu para 36,3 milhões, número que era de 30,1 milhões há um ano. \n\n<p> \n\nO tempo de navegação do brasileiro no mês de agosto foi de 23 horas e 50 minutos, 1,6 por cento mais que o de agosto de 2007 e 19,2 por cento maior que o do mesmo mês de 2006. \n\n <p> \n\n*Fonte: info.abril.com.br','N',''),(30,'2008-10-06 09:26:05','2008-10-06 09:20:00','S','Novo HTML','O HTML 5 está entre nós','<p> \r\nDe acordo com o roadmap oficial, draft final do HTML 5 deverá ser aprovado apenas em 2012. E a versão final da atualização da linguagem deve ser formalizada de fato no longínquo ano de 2022! \r\n<p>  \r\nParece frustrante, mas a coisa não é bem por aí. Quem já usa Firefox, Safari, Chrome ou Google Gears já experimentou (ou vai experimentar) pouco a pouco o gostinho do que vem por aí. \r\n<p>  \r\nO HTML 5 depende das decisões de um grupo chamado WHATWG (Web Hypertext Application Technology Working Group), que conta com a colaboração de figurões como Microsoft, Mozilla Foundation, Google, Apple, Opera e o pessoal do KHTML, que ganhou fama por causa do engine WebKit, que equipa o browser do Google. \r\n<p>  \r\nEntre as novidades mais empolgantes do novo HTML estão as novas tags, que trazem funções legais de maneira nativa, excluindo a necessidade de embutir elementos externos nas páginas. Funções obtidas com o uso de Ajax, como os movimentos de arrastar-e-soltar itens de uma página, poderão ser chamadas direto do código HTML. \r\n<p>  \r\nOutra novidade promissora é usar tags específicas no lugar das tags quebra-galhos usadas hoje em dia As famosas object e embed, poderão ser substituídas pelas etiquetas <áudio> e <vídeo>, para inclusão dos respectivos objetos multimídia. \r\n<p>  \r\nA possibilidade de criar bancos de dados SQL locais é mais uma novidade promissora. O acesso local às informações facilitaria funções de cache, busca e permitiria o acesso off-line de serviços da web. O plugin Google Gears, aliás, já é compatível com HTML 5 e entrega alguns desses milagres prometidos pela nova versão da linguagem. \r\n<p>  \r\nE por último, mas não menos importante, o HTML 5 quer sambar no terreno do Flash e o Silverlight, criando animações com gráficos vetoriais diretamente, com o uso da tag <canvas>. \r\n<p>  \r\nTudo isso ainda está na fase de testes, mas o potencial é gigantesco, não acha? \r\n<p>  \r\n* Fonte: Info.abril.corm.br','N',''),(31,'2008-10-19 08:27:31','2008-10-19 08:20:00','S','Novo SQL Server','O SQL Server Cresceu. ','<p>\r\nA versão 2008 mira as grandes empresas.\r\n<p>\r\nQuem está em terceiro lugar na corrida não pode relaxar se quiser ter alguma chance de liderá-la. A Microsoft parece ter levado isso a sério ao desenvolver o SQL Server 2008. A empresa tem 17,4% do mercado mundial de gerenciadores de bancos de dados, segundo o Gartner Group. À frente dela estão Oracle, com 47,1%, e IBM, com 21,1%. Com a nova versão, o SQL Server aperta o passo na perseguição aos rivais. Entre as novidades, há funções para economizar espaço de armazenamento e melhorar o desempenho, além de gerenciamento baseado em políticas e um novo sistema de criptografia. O INFOLAB observou que é difícil achar um componente que não tenha recebido melhoramentos. A única ressalva é que muitos dos novos recursos interessam apenas a empresas que possuem grandes bases de dados.\r\n<p>\r\nCompressão e Desempenho\r\n<p>\r\nO SQL Server 2008 traz dois tipos de compressão de dados: por linha e por página. A primeira já existia no SQL Server 2005, mas só para alguns tipos de dados. A compressão por página aciona também a compressão por linha, reduzindo ainda mais o tamanho dos dados. Esses recursos melhoram o desempenho, já que o tempo gasto na descompressão é menor que o que seria usado para ler mais bytes no disco. O Oracle 11g tem um recurso semelhante.\r\n<p>\r\nGerenciamento\r\n<p>\r\nA nova versão permite usar diretivas para gerenciar servidores de forma centralizada. Há também a ferramenta Resource Governor, que provisiona recursos de máquina para evitar sobrecargas e aproveitar a capacidade disponível. Pode-se estabelecer, por exemplo, tempos máximos para determinadas operações.\r\n<p>\r\nSegurança\r\n<p>\r\nA criptografi a transparente é uma novidade bem-vinda. Com ela, a cifragem dos dados passa a ser propriedade do banco de dados, em vez de resultar da aplicação de uma função. Isso permite que os dados de uma base sejam cifrados independentemente do aplicativo que a acessa.\r\n<p>\r\nDesenvolvimento\r\n<p>\r\nPara os desenvolvedores, o SQL Server 2008 traz dois novos tipos de dados geoespaciais. São úteis para processar dados geográficos, traçar rotas e exibir informações em mapas, por exemplo. Outra novidade é o tipo de dado filestream. Ele mantém arquivos fora do banco de dados, mas manipulados por ele. De ruim, só o fato de o filestream não ser incluído na criptografia. Além da edição Enterprise, avaliada pelo INFOLAB, o SQL Server 2008 possui mais cinco: Standard, Workgroup, Web, Compact e a gratuita Express. \r\n<p>\r\n* Fonte: info.abril.com.br','N',''),(32,'2008-10-21 19:50:27','2008-10-21 20:00:00','S','Browser para Celulares','Mozilla exibe browser para celulares','<p>\r\nSÃO PAULO - A Mozilla exibiu uma versão para smartphones de seu navegador Firefox, o Fennec. \r\n\r\n<p>\r\nA versão demonstrada pela Mozilla é, no momento, compatível apenas com o aparelho Nokia N810 Internet Tablets. A desenvolvedora explica que o Fennec é uma versão alfa e, por isso, ainda está muito limitada. \r\n\r\n<p>\r\n\r\nA fundação acredita que poderá liberar um Fennec mais estável para várias plataformas até o final deste ano em caráter beta. \r\n\r\n<p>\r\nDe acordo com a página de internet móvel da Mozilla, o Fennec é um esforço da fundação para levar as características do Firefox para a plataforma móvel que mais cresce no mundo. \r\n\r\n<p>\r\n','N',''),(33,'2008-10-28 18:29:17','2008-10-28 18:00:00','S','ScriptCase com Servidor Power System','PROMOÇÃO ScriptCase e IBM','<BR> \n\n<p> No ult&iacute;mo n&uacute;mero da revista PowerChanel , publica&ccedil;&atilde;o da IBM Brasil, distribu&iacute;da para mais de dez mil clientes IBM no pa&iacute;s, todos usu&aacute;rios de sistemas com processadores power, foi apresentada a oferta &quot;ScriptCase on Power&quot;. Agora &eacute; poss&iacute;vel adquirir um servidor IBM System i, vers&atilde;o de entrada, j&aacute; com o ScriptCase para dois deenvolvedores configurado, mais treinamento completo de 80h para dois participantes. </p>\n\n<p>O grande atrativo desta proposta &eacute; a importancia que a Zend, empresa mantenedora do projeto PHP, vem dado ao sistema operacional i, <a href=\"http://www.zend.com/en/solutions/i5-solutions/\" target=\"_blank\">veja  destaque no site da ZEND</a>. A comunidade de us&aacute;rios system i agora pode a baixo custo modernizar suas aplica&ccedil;&otilde;es usando o PHP, at&eacute; cursos de PHP para programadores RPG s&atilde;o disponibilizados no site da ZEND.</p>\n\n<p>Veja no formato PDF, trechos da revista PowerChanel n&uacute;mero 2, <a href=\"/outros/oferta_powersystem.pdf\" target=\"_blank\">a oferta completa ScriptCase on Power</a>, bem como uma <a href=\"/outros/reportagem_sc_php_ibm.pdf\" target=\"_blank\">interessante mat&eacute;ria sobre PHP e ScriptCase</a> rodando na plataforma IBM system i.</p>\n','N',''),(34,'2008-10-29 10:18:59','2008-10-29 10:00:00','S','IBM indica ScriptCase aos clientes SYSTEM I como solução para desenvolvimento','ScriptCase na revista da IBM','<p>IBM completa 20 anos de Power Systems, em 25 de setembro último, realizou evento comemorativo na cidade de São Paulo.</p> \r\n<p>A cerimônia ocorreu no Hotel Grand Mercure Ibirapuera, teve início pela manhã, no final do dia, houve o coquetel de encerramento para os convidados.</p> \r\n<p>Apresentar toda a tecnologia de virtualização e os novos processadores da IBM bem como soluções de parceiros para plataforma, como o ScriptCase, foi o objetivo do encontro. Arlindo Vieira palestrou sobre o ScriptCase, linguagem PHP, demonstrou as facilidades que o sistema oferece a usuários e desenvolvedores.</p> \r\n<p>A IBM vem difundindo fortemente o uso da linguagem PHP no seus servidores em parceria com a Zend Technologies, empresa mantenedora do projeto PHP. \r\nA busca por parcerias estratégicas no Brasil motivou a empresa a formar esta parceria de sucesso com o Scriptcase.</p> \r\n<p>Palestras e apresentações de diversos sistemas fizeram parte da agenda, o evento contou com a participação de empresas como: Banco Itaú, Carbocloro, Vigor, dentre outras</p> \r\n<p>São inúmeras as novidades que surgem no mercado de tecnologia. Marcar presença e divulgar o produto faz a diferença.</p> \r\n<p><img src=\'img/evento_ibm.gif\'></p> \r\n','N',''),(35,'2008-12-01 13:02:29','2008-12-01 12:00:00','S','Coren-SP disponibiliza servi&ccedil;os na Internet para mais de 310 mil associados','Coren Utiliza ScriptCase','<p> \n\nO Conselho Regional de Enfermagem de São Paulo (COREN-SP), órgão que fiscaliza há 33 anos o exercício da enfermagem no Estado de São Paulo, disponibiliza alguns canais de relacionamento via web para se comunicar com seu público, entre eles: o Fale Conosco, Eventos e O Profissional  Atualmente, cerca de 310 mil profissionais fazem uso desses canais. \n\n<p> \n\nO fim da era da informação isolada trouxe um novo desafio para o COREN-SP: como integrar e disponibilizar, em pouco tempo e num único ambiente, os dados de forma transacional para proporcionar informações consistentes aos usuários? Foi nesse cenário que o ScriptCase, ferramentas para o desenvolvimento de aplicações para a web, provou ser a solução mais adequada ao projeto. \n\n<p> \n\n \n\n\"Graças ao ScriptCase desenvolvemos essas três áreas e integramos todas elas em um curto espaço de tempo\", declarou o gerente de TI do COREN-SP, Evandro Falcão. \"Se não tivéssemos essa tecnologia, só com os programadores, consumiríamos mais de um ano de trabalho. Com a solução fizemos em apenas três meses\", comentou Falcão. \n\n<p> \n\nFoi criado no projeto um canal \"Fale Conosco\", que lista os temas mais solicitados pelos profissionais de enfermagem no portal do COREN-SP. Dentro do processo de fluxo de comunicação, as solicitações são encaminhadas para as respectivas áreas de atendimento. Por exemplo, se um enfermeiro tiver uma dúvida sobre pagamento de mensalidade a pergunta é direcionada ao departamento de contas a receber, ou se tiver uma dúvida sobre seu cadastro, a pergunta é direcionada para o departamento pessoal. Como resultado, houve uma maior agilidade dentro do processo de respostas ao usuário. \n\n<p> \n\nOutro projeto desenvolvido pelo ScriptCase é o de \"Eventos\", que disponibiliza todos os eventos onde a entidade participa ou patrocina. O terceiro projeto é o \"O Profissional\", um canal onde todas as informações dos associados estão cadastradas e disponibilizadas no sistema. Por exemplo, histórico de atendimento, movimentações financeiras, entre outros. \n\n<p> \n\n\"Nossa oferta foi concebida com alta tecnologia, porém de simples e rápida aplicação, o que facilita o trabalho para os nossos clientes\", explica, Cezar Machado, diretor da ScriptCase. \"Atuamos em projetos que permitem às empresas evoluírem suas aplicações de software para Web com agilidade e segurança de forma escalonável nos mais diversos setores\", finaliza. \n\n <p> \n\n* Fonte: http://revistahospitaisbrasil.com','N',''),(36,'2008-12-03 17:38:07','2008-12-03 15:00:00','S','O site PHP Classes conta com  o patroc&iacute;nio e apoio do Scriptcase em Pr&ecirc;mios de Inova&ccedil;&atilde;o da linguagem','ScriptCase e PHP Classes','<p> PHP Classes, site internacional de intera&ccedil;&atilde;o entre profissionais de tecnologia  com mais de 210 mil usu&aacute;rios, dentre os quais desenvolvedores do Brasil, Turquia, Peru, Fran&ccedil;a, R&uacute;ssia entre outros. Uma participa&ccedil;&atilde;o em massa de desenvolvedores que tornam o site uma das maiores comunidades PHP na web. </p>\n<p>O Scriptcase, por ser um dos principais representante da linguagem no Brasil, se tornou uma refer&ecirc;ncia e patrocinador do Pr&ecirc;mio Inova&ccedil;&atilde;o em Programa&ccedil;&atilde;o PHP, com premia&ccedil;&otilde;es mensais criadas por este site que t&ecirc;m por objetivo homenagear e incentivar os participantes que contribuem em proporcionar funcionalidades inovadoras em classes PHP e ao crescimento da comunidade.</p>\n<p>Em agosto, o  primeiro lugar foi  Luis Martinez Ulloa, do Peru, que escolheu como pr&ecirc;mio uma licen&ccedil;a do Scriptcase, que poder&aacute; ajud&aacute;-lo ainda mais a desenvolver id&eacute;ias novas.</p>\n<p>Mensalmente, todas as rec&eacute;m-publicadas &ldquo;classes&rdquo;, que forem consideradas inovadoras pelo site ser&atilde;o indicadas como candidatas ao pr&ecirc;mio.  No m&ecirc;s seguinte, os nomeados s&atilde;o anunciados. Em seguida os assinantes do site poder&atilde;o votar em qual das classes consideram mais inovadora. No in&iacute;cio do pr&oacute;ximo m&ecirc;s, os vencedores ser&atilde;o anunciados, assim como os novos nomeados.</p>\n<p>O primeiro colocado tem o direito de receber um pr&ecirc;mio fornecido pelo patrocinador de sua escolha. Os oito participantes classificados ter&atilde;o direito tamb&eacute;m a pr&ecirc;mio, desde que tenham pelo menos um voto, dependendo de sua atribui&ccedil;&atilde;o, classifica&ccedil;&atilde;o e disponibilidade de pr&ecirc;mios. </p>\n','S',''),(37,'2009-05-06 09:21:16','2009-05-04 08:00:00','S','UE quer padronizar leis para propriedade intelectual na web','Padronização de leis na web','<p> A Comissão Europeia (CE, órgão Executivo da União Europeia) propôs a padronização das leis nacionais nos países-membros sobre propriedade intelectual para a internet, com o objetivo de facilitar compras on-line e combater práticas ilegais. <p> \r\n<p> Esta iniciativa foi apresentada nesta terça-feira (6) de forma conjunta pela comissária europeia de Sociedade da Informação, Viviane Reding, e pela responsável de Consumo do bloco, Meglena Kuneva, como complemento a um guia destinado a melhorar a informação sobre os direitos dos internautas. <p> \r\n<p> Elas sugeriram a unificação de critérios sobre as \"cópias particulares\" de música, games, filmes e livros, de modo que os consumidores europeus possam saber quais práticas são legais e quais ilegais. <p> \r\n<p> Kuneva e Reding também defenderam um endurecimento das sanções contra o spam, para eliminar este tipo de publicidade não desejada, e pediram às autoridades nacionais que garantam uma correta proteção dos dados privados na rede. <p> \r\n<p> A CE diz que, se os consumidores tiverem \"informação clara e unificada\" sobre os direitos e obrigações na internet, virá à tona o \"verdadeiro potencial econômico do mercado comum on-line\". <p> \r\n<p> Atualmente, a maioria dos provedores on-line restringem as vendas dos produtos em formato digital aos países nos quais estão baseados, devido à complexidade das leis nacionais de direitos autorais, disse Reding. <p> \r\n<p> Além disso, eles propõem que se fixe \"a certeza sobre o que se pode e não se pode fazer\" com os conteúdos baixados, acabando com a atual fragmentação das leis nacionais sobre cópias privadas, explicou Kuneva. <p> \r\n \r\n<p> *Fonte: Folha On-Line <p> \r\n \r\n \r\n','S','');

--
-- Table structure for table `nm_posicao`
--

CREATE TABLE `nm_posicao` (
  `codigo` int(11) NOT NULL auto_increment,
  `posicao` varchar(32) NOT NULL,
  PRIMARY KEY  (`codigo`)
) ENGINE=InnoDB AUTO_INCREMENT=3 DEFAULT CHARSET=latin1;

--
-- Dumping data for table `nm_posicao`
--

INSERT INTO `nm_posicao` VALUES (1,'Cima'),(2,'Baixo');

--
-- Table structure for table `nm_representantes`
--

CREATE TABLE `nm_representantes` (
  `codigo` int(11) NOT NULL auto_increment,
  `estado` varchar(30) NOT NULL default '',
  `nome` varchar(30) NOT NULL default '',
  `endereco` varchar(250) NOT NULL default '',
  `telefone` varchar(30) NOT NULL default '',
  `contato` varchar(30) NOT NULL default '',
  `email` varchar(30) NOT NULL default '',
  `site` varchar(30) NOT NULL default '',
  `site_cursos` varchar(30) NOT NULL,
  `nivel` int(11) NOT NULL default '0',
  `chat_dept` int(2) default NULL,
  PRIMARY KEY  (`codigo`),
  KEY `ik_nivel` (`nivel`)
) ENGINE=InnoDB AUTO_INCREMENT=23 DEFAULT CHARSET=latin1;

--
-- Dumping data for table `nm_representantes`
--

INSERT INTO `nm_representantes` VALUES (2,'São Paulo','Line Brasil','Rua Geraldo Flausino Gomes, 85, 9º andar, Cidade Monções - Trav. da Av. Berrini, São Paulo - SP','(11) 5505-2342','Departamento Comercial','comercial@linebrasil.com.br','http://www.linebrasil.com.br','',1,5),(9,'Bahia','INFOCRAFT','Rua Visconde do Rosário, 03, Edf. Augusto Borges, sls 407/410, Comércio, Salvador - BA','(71) 3243-8602','Raimundo Valente','infocraft@infocraft.com.br','http://www.infocraft.com.br','',4,4),(10,'Rio de Janeiro','WEBKEY Soluções em Internet','Av. Presidente Vargas, 482  Sl 1314, Centro, Rio de Janeiro - RJ','(21) 3903-5975','Cláudio Bardanca','bardanca@webkey.com.br','http://www.webkey.com.br','',2,6),(11,'MATRIZ - PERNAMBUCO','NetMake Informática','Rua General Joaquim Inacio, 790, 6º Andar Sl 601 a 605, Ilha do Leite, Recife - PE','(81) 3087-0300 / 0800-970-0300','Departamento Comercial','comercial@scriptcase.com.br','http://www.scriptcase.com.br','',0,4),(15,'Ceará','COM3 Informática','Rua dos Cariris, 35 B, Praia de Iracema, Fortaleza - CE','(85) 3219-0778 / 8899-4133','Eliezer Júnior','junior@cearacultura.com.br','http://www.cearacultura.com.br','',5,4),(16,'Goiás','Seer Consulting Services','Rua 137,  556, Ed. Alvorada, 1º andar, Setor Marista, Goiânia - GO','(62) 3278-3800 / 9266-6610','Clóvis Vieira / Edson Carlo','comercial@seer.com.br','http://www.seer.com.br','',3,4),(20,'Minas Gerais','INTELLIGENCE FAMILY (WEB INTER','Rua Juruá, 50, 7º andar, Bairro da Graça, Belo Horizonte - MG','(31) 2511-6294 / 9168-8990','Fernanda Campos Motta','fernanda@intelligence.inf.br','http://www.intelligence.inf.br','',7,7),(21,'Brasilia-DF','Line Brasil','SCRN Quadra 708/709  Bloco A Entrada 9 - 1 andar','(61) 3962-3000','Departamento Comercial','comercial@linebrasil.com.br','http://www.linebrasil.com.br','',2,5),(22,'Espírito Santo','Container Solution','Av. Marechal Mascarenhas de Moraes 2562/202. Ed. Espaço Um, Vitória ES.','(27) 33248835','Reginaldo Destefani Pancoto','reginaldo@containersol.com.br','http://www.containersol.com.br','',8,4);

--
-- Table structure for table `nm_representantes_x_estado`
--

CREATE TABLE `nm_representantes_x_estado` (
  `cd_representante` int(11) NOT NULL,
  `cd_estado` char(2) NOT NULL,
  PRIMARY KEY  (`cd_representante`,`cd_estado`),
  CONSTRAINT `nm_representantes_x_estado_ibfk_1` FOREIGN KEY (`cd_representante`) REFERENCES `nm_representantes` (`codigo`)
) ENGINE=InnoDB DEFAULT CHARSET=latin1;

--
-- Dumping data for table `nm_representantes_x_estado`
--

INSERT INTO `nm_representantes_x_estado` VALUES (2,'DF'),(2,'PR'),(2,'RS'),(2,'SC'),(2,'SP'),(10,'RJ'),(11,'AL'),(11,'MA'),(11,'MS'),(11,'MT'),(11,'PA'),(11,'PB'),(11,'PE'),(11,'PI'),(11,'RN'),(11,'SE'),(15,'CE'),(16,'GO'),(20,'MG'),(21,'DF'),(22,'ES');

--
-- Table structure for table `nm_sistemas`
--

CREATE TABLE `nm_sistemas` (
  `codigo` int(11) NOT NULL auto_increment,
  `nome` varchar(250) NOT NULL,
  `descricao` text NOT NULL,
  `imagem` varchar(250) default NULL,
  `tamanho` varchar(250) default NULL,
  `link_down` varchar(250) default NULL,
  `url_visualizar` varchar(250) default NULL,
  `ordem` int(11) NOT NULL,
  PRIMARY KEY  (`codigo`)
) ENGINE=InnoDB AUTO_INCREMENT=9 DEFAULT CHARSET=latin1;

--
-- Dumping data for table `nm_sistemas`
--

INSERT INTO `nm_sistemas` VALUES (1,'Recursos Humanos','Sistema de gerenciamento de recursos humanos.','img/sc_rh.gif','1.1 mb','/site/examples/download/sc_rh.zip','/sistemas4/sc_rh_pt_br/login/login.php',1),(2,'Loja Virtual','Sistema de exemplo de uma loja virtual.','img/sc_loja.gif','2.3 mb','/site/examples/download/sc_loja.zip','http://www.netmake.com.br/sistemas4/sc_loja_pt_br/menu/menu.php',2),(3,'Gerenciador Financeiro','SIstema de gestão financeira pessoal.','img/sc_gfinpe.gif','700 kb','/site/examples/download/gfinpe.zip','http://www.netmake.com.br/sistemas4/sc_gfinpe_pt_br/menu/menu.php',3),(4,'Segurança','Sistema de exemplo de como implementar segurança por níveis de usuários/perfis.','img/sc_security.gif','700 kb','/site/examples/download/sc_security.zip','http://www.netmake.com.br/sistemas4/sc_security_pt_br/security_login/security_login.php',4),(5,'HelpDesk','Sistema de exemplo para helpdesk. Sistema desenvolvido para 3 niveis de uso. Cliente pode consultar e abrir chamados. O gerente ve as solicitações e encaminha para os técnicos especialistas. O técnico visualiza seus chamados e finaliza após a conclusão.','img/sc_helpdesk.gif','870 kb','/site/examples/download/sc_helpdesk.zip','http://www.netmake.com.br/sistemas4/sc_helpdesk_pt_br/login/login.php',5),(6,'Notícias','Sistema de notícias com 3 perfis de acesso.','img/sc_news.gif','800 kb','/site/examples/download/sc_news.zip','http://www.netmake.com.br/sistemas4/sc_news_pt_br/login/login.php',6),(7,'Álbum','Sistema de álbum.','img/sc_album.gif','11 mb','/site/examples/download/sc_album.zip','http://www.netmake.com.br/sistemas4/sc_album_pt_br/login/login.php',7),(8,'Questinário','Sistema para o gerenciamento de questionários.','img/sc_quest.zip','1.3 mb','/site/examples/download/sc_quest.zip','/sistemas4/sc_quest_pt_br/login/login.php',8);

--
-- Table structure for table `nm_sistemas_caracteristicas`
--

CREATE TABLE `nm_sistemas_caracteristicas` (
  `codigo` int(11) NOT NULL auto_increment,
  `codigo_sistemas` int(11) NOT NULL,
  `caracteristica` varchar(250) NOT NULL,
  PRIMARY KEY  (`codigo`),
  KEY `codigo_sistemas` (`codigo_sistemas`),
  CONSTRAINT `nm_sistemas_caracteristicas_ibfk_1` FOREIGN KEY (`codigo_sistemas`) REFERENCES `nm_sistemas` (`codigo`)
) ENGINE=InnoDB AUTO_INCREMENT=28 DEFAULT CHARSET=latin1;

--
-- Dumping data for table `nm_sistemas_caracteristicas`
--

INSERT INTO `nm_sistemas_caracteristicas` VALUES (1,1,'Consultar fichas de funcionários.'),(2,1,'Empresas, departamentos, funções e cadastros diversos...'),(3,1,'Cálculo de folha de pagamento.'),(4,1,'Relatórios de folha de pagamento, emissão de contra cheque.'),(5,2,'Carrinho de compra.'),(6,2,'Cadastro de categorias e produtos.'),(7,2,'Pesquisar.'),(8,2,'Promoções.'),(10,3,'Cadastro de contas a pagar e a receber fixas e variáveis.'),(11,3,'Despesas e receitas.'),(12,3,'Extrato, balanço mensal.'),(13,4,'Cadastro de aplicações, usuários e perfis.'),(14,5,'Aplicando segurança.'),(15,5,'Chamados em aberto. '),(16,5,'Encaminhamento de chamados.'),(17,5,'Relatórios dos chamados.'),(18,6,'Permite ao reporter escrever notícia em qualquer parte do mundo bastando apenas acessar a WEB.'),(19,6,'Permite ao editor visualizar as notícias e gerenciar seus conteúdos.'),(20,7,'Cadastro de albuns.'),(21,7,'Upload de fotos.'),(22,7,'Visualizando em modo slides, todos por página e outros modos de visualização.'),(23,8,'Possui vários tipos de perguntas (Abertas, Fechadas, Elaboradas e Pré-Definidas).'),(24,8,'E-Mail para contatar o administrador do sistema.'),(25,8,'Relatório de Preenchimento dos Questionários.'),(26,8,'Ativação/Reativação dos Questionários Dinamicamente.'),(27,8,'Documentação do Sistema (Webhelp).');

--
-- Table structure for table `nm_site_links`
--

CREATE TABLE `nm_site_links` (
  `codigo` int(11) NOT NULL auto_increment,
  `link` varchar(250) NOT NULL,
  `link_open` varchar(250) default NULL,
  `link_target` varchar(250) default NULL,
  `ordem` int(11) NOT NULL,
  PRIMARY KEY  (`codigo`),
  KEY `ordem` (`ordem`)
) ENGINE=InnoDB AUTO_INCREMENT=8 DEFAULT CHARSET=latin1;

--
-- Dumping data for table `nm_site_links`
--

INSERT INTO `nm_site_links` VALUES (1,'Home','../home/home.php','_self',1),(2,'Empresa','../company/company.php','_self',2),(3,'Comprar','../store/store.php','_self',3),(4,'Download','../download/download.php','_self',4),(5,'Cursos','../online_courses/online_courses.php','_self',5),(6,'Contato','../contact/contact.php','_self',6),(7,'Suporte','../support/support.php','_self',7);

--
-- Table structure for table `nm_site_links_sub`
--

CREATE TABLE `nm_site_links_sub` (
  `codigo` int(11) NOT NULL auto_increment,
  `link_codigo` int(11) NOT NULL,
  `pagina` varchar(250) NOT NULL,
  `nome_exibir` varchar(250) NOT NULL,
  `link` varchar(250) NOT NULL,
  `target` varchar(250) NOT NULL,
  `ordem` int(11) NOT NULL,
  `hidden` char(1) default 'N',
  PRIMARY KEY  (`codigo`),
  UNIQUE KEY `pagina` (`pagina`),
  KEY `link_codigo` (`link_codigo`),
  KEY `ordem` (`ordem`),
  CONSTRAINT `nm_site_links_sub_ibfk_1` FOREIGN KEY (`link_codigo`) REFERENCES `nm_site_links` (`codigo`)
) ENGINE=InnoDB AUTO_INCREMENT=41 DEFAULT CHARSET=latin1;

--
-- Dumping data for table `nm_site_links_sub`
--

INSERT INTO `nm_site_links_sub` VALUES (6,2,'company','NetMake','../company/company.php','_self',1,'N'),(8,4,'download','ScriptCase','../download/download.php','_self',1,'N'),(9,5,'online_courses','Cursos on-line','../online_courses/online_courses.php','_self',1,'N'),(10,5,'online_workshop','Apresentação','../online_workshop/online_workshop.php','_self',2,'N'),(12,6,'contact','Fale Conosco','../contact/contact.php','_self',1,'N'),(19,4,'download_others','Diversos','../download_others/download_others.php','_self',4,'N'),(20,5,'my_courses','Meus Cursos','../my_courses/my_courses.php','_self',3,'N'),(22,5,'my_courses_pay','Meus Cursos - Pagamentos','../my_courses_pay/my_courses_pay.php','_self',4,'S'),(23,7,'support','Suporte','../support/support.php','_self',1,'N'),(24,7,'forum','Fórum','http://www.netmake.com.br/forum/','forum',2,'N'),(25,7,'baseknowledge','Base de Conhecimento','../baseknowledge/baseknowledge.php','_self',5,'N'),(26,7,'basesamples','Base de Exemplos','../basesamples/basesamples.php','_self',6,'N'),(27,2,'customers','Clientes','../customers/customers.php','_self',2,'N'),(28,2,'cases','Cases','../cases/cases.php','_self',3,'N'),(31,4,'changelog','Changelog','../changelog/changelog.php','_self',3,'N'),(32,4,'download_old','Versões anteriores','../download_old/download_old.php','_self',5,'N'),(33,2,'representant','Representantes','../representant/representant.php','_self',5,'N'),(34,7,'faq','FAQ','../faq/faq.php','_self',3,'N'),(37,7,'docs','Documentação','../docs/docs.php','_self',4,'N'),(39,4,'docs_link','Documentação','../docs/docs.php','_self',2,'N'),(40,7,'videos','Vídeos','../videos/videos.php','_self',3,'N');

--
-- Table structure for table `nm_turma`
--

CREATE TABLE `nm_turma` (
  `codigo` int(11) NOT NULL auto_increment,
  `turma_tipo` int(11) NOT NULL,
  `data_ini` date NOT NULL,
  `hora_ini` time NOT NULL,
  `data_fim` date NOT NULL,
  `hora_fim` time NOT NULL,
  `qtd_alunos` int(11) NOT NULL,
  `ocorreu` char(1) NOT NULL,
  `disponivel_site` char(1) NOT NULL,
  `preco` decimal(10,2) default NULL,
  `nr_reuniao` varchar(30) default NULL,
  PRIMARY KEY  (`codigo`),
  KEY `fk_turma_tipo` (`turma_tipo`),
  CONSTRAINT `nm_turma_ibfk_1` FOREIGN KEY (`turma_tipo`) REFERENCES `nm_turma_tipo` (`codigo`)
) ENGINE=InnoDB AUTO_INCREMENT=3 DEFAULT CHARSET=latin1;

--
-- Dumping data for table `nm_turma`
--

INSERT INTO `nm_turma` VALUES (1,2,'2010-01-04','14:00:00','2010-01-08','18:00:00',15,'N','S','399.00','834734416'),(2,2,'2010-01-04','14:00:00','2010-01-08','18:00:00',15,'N','S','399.00',NULL);

--
-- Table structure for table `nm_turma_alunos`
--

CREATE TABLE `nm_turma_alunos` (
  `codigo` int(11) NOT NULL auto_increment,
  `nm_turma` int(11) NOT NULL,
  `nm_aluno` int(11) NOT NULL,
  `pago` char(1) default 'N',
  `forma_pagto` int(11) default NULL,
  `dt_cadastro` datetime NOT NULL,
  `dt_atualizacao` datetime NOT NULL,
  `ip` varchar(15) NOT NULL,
  PRIMARY KEY  (`codigo`),
  UNIQUE KEY `uk_turma_aluno` (`nm_turma`,`nm_aluno`),
  KEY `fk_forma_pagto` (`forma_pagto`),
  KEY `nm_aluno` (`nm_aluno`),
  CONSTRAINT `nm_turma_alunos_ibfk_1` FOREIGN KEY (`nm_turma`) REFERENCES `nm_turma` (`codigo`),
  CONSTRAINT `nm_turma_alunos_ibfk_2` FOREIGN KEY (`nm_aluno`) REFERENCES `nm_alunos` (`codigo`)
) ENGINE=InnoDB AUTO_INCREMENT=6 DEFAULT CHARSET=latin1;

--
-- Dumping data for table `nm_turma_alunos`
--

INSERT INTO `nm_turma_alunos` VALUES (4,1,4,'N',24,'2009-12-11 07:34:19','2009-12-11 07:36:13','200.189.104.34'),(5,1,5,'N',26,'2009-12-11 10:50:47','2009-12-11 10:52:19','200.164.64.227');

--
-- Table structure for table `nm_turma_tipo`
--

CREATE TABLE `nm_turma_tipo` (
  `codigo` int(11) NOT NULL auto_increment,
  `nome` varchar(250) NOT NULL,
  `descricao` text NOT NULL,
  `disponivel_site` char(1) NOT NULL,
  `cp_titulo` varchar(250) NOT NULL,
  `cp_pdf` varchar(250) NOT NULL,
  `curso_pago` char(1) NOT NULL default 'N',
  `ordem` int(11) default NULL,
  PRIMARY KEY  (`codigo`)
) ENGINE=InnoDB AUTO_INCREMENT=3 DEFAULT CHARSET=latin1;

--
-- Dumping data for table `nm_turma_tipo`
--

INSERT INTO `nm_turma_tipo` VALUES (1,'TURMA DELTA - Gratuito - 4horas','Este treinamento é direcionado para os usuários do ScriptCase que já trabalham com a versão 3 do software e estão migrando para a versão 4.','N','Módulo 1 - conteúdo programático - 4 horas (PDF 112kb).','pdf/CursoDelta.pdf','N',1),(2,'Treinamento Online 20h','É um treinamento direcionado aos usuários do ScriptCase. Este treinamento visa capacitar o desenvolvedor a criar sistemas voltados para web de maneira rápida, utilizando unicamente o nosso ambiente de desenvolvimento.','S','Módulo I - Conteúdo programático - 20 horas (PDF 160kb).','pdf/CursoModuloI.pdf','S',2);

--
-- Table structure for table `nm_videos`
--

CREATE TABLE `nm_videos` (
  `codigo` int(11) NOT NULL auto_increment,
  `url_video` varchar(250) NOT NULL,
  `label` varchar(250) NOT NULL,
  `thumb` varchar(250) NOT NULL,
  `ordem` int(11) NOT NULL,
  PRIMARY KEY  (`codigo`),
  KEY `ordem` (`ordem`)
) ENGINE=InnoDB AUTO_INCREMENT=11 DEFAULT CHARSET=latin1;

--
-- Dumping data for table `nm_videos`
--

INSERT INTO `nm_videos` VALUES (1,'/site/examples/video/pt_br/com_audio/form_master_detail/form_master_detail.htm','Mestre/Detalhe','img/video_thumb_01.gif',1),(2,'/site/examples/video/pt_br/com_audio/f38_form_a1_grid_editavel/f38_form_a1_grid_editavel.htm','Grid Editável','img/video_thumb_02.gif',2),(3,'/site/examples/video/pt_br/com_audio/c5_cons_b_quebra/c5_cons_b_quebra.htm','Relatórios','img/video_thumb_03.gif',3),(4,'/site/examples/video/pt_br/com_audio/c22_cons_b_totalizacao/c22_cons_b_totalizacao.htm','Totalizações','img/video_thumb_04.gif',4),(5,'/site/examples/video/pt_br/com_audio/s10_resumo_matriz/s10_resumo_matriz.htm','Relatório Matriz','img/video_thumb_05.gif',5),(6,'/site/examples/video/pt_br/com_audio/c20_cons_b_relatorio2/c20_cons_b_relatorio2.htm','Subconsultas','img/video_thumb_06.gif',6),(7,'/site/examples/video/pt_br/com_audio/Filtro_Ajax/Filtro_Ajax.htm','Filtros AJAX','img/video_thumb_07.gif',7),(8,'/site/examples/video/pt_br/com_audio/reportpdf_01_cheque/reportpdf_01_cheque.htm','Report PDF','img/video_thumb_08.gif',8),(9,'/site/examples/video/pt_br/com_audio/pdf_nota_fiscal/pdf_nota_fiscal.htm','Notas Fiscais','img/video_thumb_09.gif',9),(10,'/site/examples/video/pt_br/com_audio/helpcase_overview/helpcase_overview.htm','HelpCase','img/video_thumb_10.gif',10);

--
-- Table structure for table `nm_videos_categorias_youtube`
--

CREATE TABLE `nm_videos_categorias_youtube` (
  `id` int(11) NOT NULL auto_increment,
  `categoria_nome` varchar(255) default NULL,
  `ordem_exibicao` int(11) default NULL,
  PRIMARY KEY  (`id`)
) ENGINE=MyISAM AUTO_INCREMENT=4 DEFAULT CHARSET=latin1;

--
-- Dumping data for table `nm_videos_categorias_youtube`
--

INSERT INTO `nm_videos_categorias_youtube` VALUES (1,'Creating Reports',1),(3,'Complete ScriptCase overview',2);

--
-- Table structure for table `nm_videos_youtube`
--

CREATE TABLE `nm_videos_youtube` (
  `id` int(11) NOT NULL auto_increment,
  `video_titulo` varchar(255) default NULL,
  `video_descricao` varchar(255) default NULL,
  `id_categoria` int(11) default NULL,
  `video_keywords` varchar(500) default NULL,
  `ordem_exibicao` int(11) default NULL,
  `url_youtube` varchar(255) default NULL,
  PRIMARY KEY  (`id`)
) ENGINE=MyISAM AUTO_INCREMENT=8 DEFAULT CHARSET=latin1;

--
-- Dumping data for table `nm_videos_youtube`
--

INSERT INTO `nm_videos_youtube` VALUES (1,'First steps & orders report in 4 minutes','How to create a multi-language PHP complete report',1,'PHP generator report multi-language pdf search form',1,'http://www.youtube.com/watch?v=NQGDubA8K9E'),(2,'Advanced AJAX Search form in 5 minutes','How to improove a search form using AJAX features, calendar components and more',1,'PHP generator search forms AJAX databases',2,'http://www.youtube.com/watch?v=TJ8gHZ4oowo'),(3,'Reports with Groups and Totals in 5 minutes','How to create brake down lines , sumaries, charts and more',1,'PHP generator reports charts groups totals',3,'http://www.youtube.com/watch?v=D3pL2NhrMl4'),(4,'Creating a link to drill down data between two reports in 4 minutes','How to create a link between to grids applicarions',1,'PHP generator drill down report grid',4,'http://www.youtube.com/watch?v=SIx5ANQHXvI'),(5,'Nested reports creation in 4 minutes','How to nest a grid into a report using a treeview component',1,'PHP generator nested reports treeview',5,'http://www.youtube.com/watch?v=EKPNrPCXJYU'),(6,'Cross-table style Reports in 3 minutes','How to create a Cross-Table / Pivot-Table / Multi-dimensional analysis style report',1,'PHP generator reports crosstable pivottable business inteligence BI',6,'http://www.youtube.com/watch?v=78tf2FGJ5qE'),(7,'ScriptCase WorkShop recorded','ScriptCase WorkShop recorded',3,'',0,'http://www.scriptcase.net/siteen/home/swf/workshop_eng.html');

--
-- Table structure for table `sys_category`
--

CREATE TABLE `sys_category` (
  `CategoryID` int(11) NOT NULL auto_increment,
  `Nome` varchar(100) NOT NULL,
  `Lang` varchar(10) NOT NULL,
  `ordem` int(11) default NULL,
  PRIMARY KEY  (`CategoryID`)
) ENGINE=InnoDB AUTO_INCREMENT=29 DEFAULT CHARSET=latin1;

--
-- Dumping data for table `sys_category`
--

INSERT INTO `sys_category` VALUES (1,'Exemplos com Consulta','pt_br',1),(2,'Exemplos com Formulário','pt_br',2),(3,'Exemplos com Controle','pt_br',3),(4,'Exemplos com Aba','pt_br',4),(5,'Exemplos com Menu','pt_br',5),(6,'Exemplos com Filtro','pt_br',6),(7,'Publicação','pt_br',7),(8,'Segurança','pt_br',8),(9,'Programação','pt_br',9),(25,'Exemplos com Report Pdf','pt_br',11),(26,'Exemplos com Blank ','pt_br',11),(27,'Exemplos com Container','pt_br',12),(28,'Internacionalização','pt_br',13);

--
-- Table structure for table `sys_example`
--

CREATE TABLE `sys_example` (
  `ExampleID` int(11) NOT NULL auto_increment,
  `Nome` varchar(100) default NULL,
  `Descricao` varchar(200) default NULL,
  `Download` varchar(50) default NULL,
  `Conteudo` text,
  `Link` varchar(100) default NULL,
  `TopicID` int(11) default NULL,
  `Exec` varchar(100) default NULL,
  `keywords` text,
  `Img` varchar(20) default NULL,
  `versao` char(1) default NULL,
  `HTML` text,
  `FlagAudio` varchar(1) default NULL,
  `FlagLink` char(1) default NULL,
  `FlagExec` char(1) default NULL,
  `FlagDownload` varchar(1) default NULL,
  `FlagVideo` varchar(1) default NULL,
  `Lang` varchar(10) default NULL,
  `Codigo` varchar(30) default NULL,
  `data_topico` date default NULL,
  PRIMARY KEY  (`ExampleID`),
  KEY `TopicID` (`TopicID`),
  CONSTRAINT `sys_example_ibfk_1` FOREIGN KEY (`TopicID`) REFERENCES `sys_topic` (`TopicID`) ON DELETE CASCADE ON UPDATE CASCADE
) ENGINE=InnoDB AUTO_INCREMENT=123 DEFAULT CHARSET=latin1;

--
-- Dumping data for table `sys_example`
--

INSERT INTO `sys_example` VALUES (1,'ctr01','Lendo e processando um arquivo TXT',NULL,NULL,NULL,16,'ctr01/ctr01.php',NULL,NULL,NULL,NULL,NULL,NULL,'S',NULL,NULL,NULL,NULL,NULL),(2,'ctr02','Passando valor do campo para outra aplicação (link)',NULL,NULL,NULL,2,'ctr02/ctr02.php',NULL,NULL,NULL,NULL,NULL,NULL,'S',NULL,NULL,NULL,NULL,NULL),(3,'ctr03','Login para acessar o sistema',NULL,NULL,NULL,2,'ctr03/ctr03.php',NULL,NULL,NULL,NULL,NULL,NULL,'S',NULL,NULL,NULL,NULL,NULL),(4,'ctr04','Validação de Usuario e Senha',NULL,NULL,NULL,16,'ctr04/ctr04.php',NULL,NULL,NULL,NULL,NULL,NULL,'S',NULL,NULL,NULL,NULL,NULL),(5,'ctr06','Usando Captcha em Formulario de Login',NULL,NULL,NULL,16,'ctr06/ctr06.php',NULL,NULL,NULL,NULL,NULL,NULL,'S',NULL,NULL,NULL,NULL,NULL),(6,'ctr_5','Formulario de Login com campo IDIOMAS',NULL,NULL,NULL,47,'ctr_5/ctr_5.php',NULL,NULL,NULL,NULL,NULL,NULL,'S',NULL,NULL,NULL,NULL,NULL),(7,'form01','Opções de navegação, inclusão, alteração e exclusão de registro',NULL,NULL,NULL,10,'form01/form01.php',NULL,NULL,NULL,NULL,NULL,NULL,'S',NULL,NULL,NULL,NULL,NULL),(8,'form02','Formulario com opção de navegação atualização',NULL,NULL,NULL,10,'form02/form02.php',NULL,NULL,NULL,NULL,NULL,NULL,'S',NULL,NULL,NULL,NULL,NULL),(9,'form03','Formulario com campos so de leitura (read only)',NULL,NULL,NULL,10,'form03/form03.php',NULL,NULL,NULL,NULL,NULL,NULL,'S',NULL,NULL,NULL,NULL,NULL),(10,'form04','Exibindo menssagem depois de adicionar ou atualizar registro',NULL,NULL,NULL,10,'form04/form04.php',NULL,NULL,NULL,NULL,NULL,NULL,'S',NULL,NULL,NULL,NULL,NULL),(11,'form05','Formulario com combobox (SELECT)',NULL,NULL,NULL,11,'form05/form05.php',NULL,NULL,NULL,NULL,NULL,NULL,'S',NULL,NULL,NULL,NULL,NULL),(12,'form07','Formulario com validaçãoem campos',NULL,NULL,NULL,11,'form07/form07.php',NULL,NULL,NULL,NULL,NULL,NULL,'S',NULL,NULL,NULL,NULL,NULL),(13,'form08',' Usando ComboBox em campo do tipo data',NULL,NULL,NULL,11,'form08/form08.php',NULL,NULL,NULL,NULL,NULL,NULL,'S',NULL,NULL,NULL,NULL,NULL),(14,'form10','Formulario usando upload de imagens',NULL,NULL,NULL,11,'form10/form10.php',NULL,NULL,NULL,NULL,NULL,NULL,'S',NULL,NULL,NULL,NULL,NULL),(15,'form11','Formulaio com mascara em campo fone',NULL,NULL,NULL,11,'form11/form11.php',NULL,NULL,NULL,NULL,NULL,NULL,'S',NULL,NULL,NULL,NULL,NULL),(16,'form12','Dividindo o formulario em blocos',NULL,NULL,NULL,10,'form12/form12.php',NULL,NULL,NULL,NULL,NULL,NULL,'S',NULL,NULL,NULL,NULL,NULL),(17,'form13','Importar Informação Externa (capture)',NULL,NULL,NULL,12,'form13/form13.php',NULL,NULL,NULL,NULL,NULL,NULL,'S',NULL,NULL,NULL,NULL,NULL),(18,'form16','Mostrar campos de acordo com botões Radio selecionados',NULL,NULL,NULL,14,'form16/form16.php',NULL,NULL,NULL,NULL,NULL,NULL,'S',NULL,NULL,NULL,NULL,NULL),(19,'form17','Formulario dividido em varias paginas',NULL,NULL,NULL,10,'form17/form17.php',NULL,NULL,NULL,NULL,NULL,NULL,'S',NULL,NULL,NULL,NULL,NULL),(20,'form18','Usando temas',NULL,NULL,NULL,10,'form18/form18.php',NULL,NULL,NULL,NULL,NULL,NULL,'S',NULL,NULL,NULL,NULL,NULL),(21,'form21','Definindo campos como Obrigatorios',NULL,NULL,NULL,10,'form21/form21.php',NULL,NULL,NULL,NULL,NULL,NULL,'S',NULL,NULL,NULL,NULL,NULL),(22,'form24','Exemplo: Atualiza Tabela de Ligação',NULL,NULL,NULL,10,'form24/form24.php',NULL,NULL,NULL,NULL,NULL,NULL,'S',NULL,NULL,NULL,NULL,NULL),(23,'form26','Usando Formulario com Varios Registros',NULL,NULL,NULL,10,'form26/form26.php',NULL,NULL,NULL,NULL,NULL,NULL,'S',NULL,NULL,NULL,NULL,NULL),(24,'form27','Creando outro formulario mestre detalhe',NULL,NULL,NULL,12,'form27/form27.php',NULL,NULL,NULL,NULL,NULL,NULL,'S',NULL,NULL,NULL,NULL,NULL),(25,'form28','Criando novo botão para chamar outra aplicação (Link)',NULL,NULL,NULL,12,'form28/form28.php',NULL,NULL,NULL,NULL,NULL,NULL,'S',NULL,NULL,NULL,NULL,NULL),(26,'form29','Autoincremento - exemplos (manual)',NULL,NULL,NULL,11,'form29/form29.php',NULL,NULL,NULL,NULL,NULL,NULL,'S',NULL,NULL,NULL,NULL,NULL),(27,'form30',' Lookup Automatico (checkbox, Select, Radio e Double-Select)',NULL,NULL,NULL,11,'form30/form30.php',NULL,NULL,NULL,NULL,NULL,NULL,'S',NULL,NULL,NULL,NULL,NULL),(28,'form31','Criar novo botão para processar',NULL,NULL,NULL,13,'form31/form31.php',NULL,NULL,NULL,NULL,NULL,NULL,'S',NULL,NULL,NULL,NULL,NULL),(29,'form32','Esconde campo dinamicamente usando macro sc_field_display',NULL,NULL,NULL,13,'form32/form32.php',NULL,NULL,NULL,NULL,NULL,NULL,'S',NULL,NULL,NULL,NULL,NULL),(30,'form33','Definir valores para campos não mostrados no Formulario',NULL,NULL,NULL,13,'form33/form33.php',NULL,NULL,NULL,NULL,NULL,NULL,'S',NULL,NULL,NULL,NULL,NULL),(31,'form34','Autoincremento - exemplos (automatic)',NULL,NULL,NULL,11,'form34/form34.php',NULL,NULL,NULL,NULL,NULL,NULL,'S',NULL,NULL,NULL,NULL,NULL),(32,'form35',' Lookup Manual (checkbox, Select, Radio e Double-Select)',NULL,NULL,NULL,11,'form35/form35.php',NULL,NULL,NULL,NULL,NULL,NULL,'S',NULL,NULL,NULL,NULL,NULL),(33,'form37','Formulario usando Stored Procedure',NULL,NULL,NULL,10,'form37/form37.php',NULL,NULL,NULL,NULL,NULL,NULL,'S',NULL,NULL,NULL,NULL,NULL),(34,'form38','Exemplo: Mestre/Detalhe',NULL,NULL,NULL,10,'form38/form38.php',NULL,NULL,NULL,NULL,NULL,NULL,'S',NULL,NULL,NULL,NULL,NULL),(35,'form39','Exemplo: Grid Editavel',NULL,NULL,NULL,10,'form39/form39.php',NULL,NULL,NULL,NULL,NULL,NULL,'S',NULL,NULL,NULL,NULL,NULL),(36,'form40','Exemplo: Multiplos Registros',NULL,NULL,NULL,10,'form40/form40.php',NULL,NULL,NULL,NULL,NULL,NULL,'S',NULL,NULL,NULL,NULL,NULL),(37,'form41','Exemplo: Editor HTML',NULL,NULL,NULL,10,'form41/form41.php',NULL,NULL,NULL,NULL,NULL,NULL,'S',NULL,NULL,NULL,NULL,NULL),(38,'form42','Exemplo: Blocos e Paginas',NULL,NULL,NULL,10,'form42/form42.php',NULL,NULL,NULL,NULL,NULL,NULL,'S',NULL,NULL,NULL,NULL,NULL),(39,'form44','Validação de Chave Unica',NULL,NULL,NULL,10,'form44/form44.php',NULL,NULL,NULL,NULL,NULL,NULL,'S',NULL,NULL,NULL,NULL,NULL),(40,'form45','Example: Ligação de Campo',NULL,NULL,NULL,10,'form45/form45.php',NULL,NULL,NULL,NULL,NULL,NULL,'S',NULL,NULL,NULL,NULL,NULL),(41,'form46','Gerando critica para tabelas com Dependencia',NULL,NULL,NULL,13,'form46/form46.php',NULL,NULL,NULL,NULL,NULL,NULL,'S',NULL,NULL,NULL,NULL,NULL),(42,'form48','Campo Auto-complete',NULL,NULL,NULL,14,'form48/form48.php',NULL,NULL,NULL,NULL,NULL,NULL,'S',NULL,NULL,NULL,NULL,NULL),(43,'form49','Recarregar Campos',NULL,NULL,NULL,14,'form49/form49.php',NULL,NULL,NULL,NULL,NULL,NULL,'S',NULL,NULL,NULL,NULL,NULL),(44,'form50','Business Rule usando eventos AJAX',NULL,NULL,NULL,14,'form50/form50.php',NULL,NULL,NULL,NULL,NULL,NULL,'S',NULL,NULL,NULL,NULL,NULL),(45,'form51','Campo Auto-Complete com Captura',NULL,NULL,NULL,14,'form51/form51.php',NULL,NULL,NULL,NULL,NULL,NULL,'S',NULL,NULL,NULL,NULL,NULL),(46,'form52','Formulario com validação AJAX',NULL,NULL,NULL,14,'form52/form52.php',NULL,NULL,NULL,NULL,NULL,NULL,'S',NULL,NULL,NULL,NULL,NULL),(47,'form53','Pedidos e IItens (1 - N) com rotinas AJAX',NULL,NULL,NULL,14,'form53/form53.php',NULL,NULL,NULL,NULL,NULL,NULL,'S',NULL,NULL,NULL,NULL,NULL),(48,'form54','Captura Autocomplete',NULL,NULL,NULL,14,'form54/form54.php',NULL,NULL,NULL,NULL,NULL,NULL,'S',NULL,NULL,NULL,NULL,NULL),(49,'form55','Grid e Formulario na mesma pagina',NULL,NULL,NULL,11,'form55/form55.php',NULL,NULL,NULL,NULL,NULL,NULL,'S',NULL,NULL,NULL,NULL,NULL),(50,'form56','Mestre-detalhe Simples para Empregado/Projetos',NULL,NULL,NULL,12,'form56/form56.php',NULL,NULL,NULL,NULL,NULL,NULL,'S',NULL,NULL,NULL,NULL,NULL),(51,'form57','Atualizando Relações N:N via CheckBox List',NULL,NULL,NULL,12,'form57/form57.php',NULL,NULL,NULL,NULL,NULL,NULL,'S',NULL,NULL,NULL,NULL,NULL),(52,'form58','Entrada de Dados com mascara de entrada',NULL,NULL,NULL,11,'form58/form58.php',NULL,NULL,NULL,NULL,NULL,NULL,'S',NULL,NULL,NULL,NULL,NULL),(53,'grid01','Uma consulta Simples',NULL,NULL,NULL,4,'grid01/grid01.php',NULL,NULL,NULL,NULL,NULL,NULL,'S',NULL,NULL,NULL,NULL,NULL),(54,'grid02','Uma consulta com varios formatos de exportação',NULL,NULL,NULL,4,'grid02/grid02.php',NULL,NULL,NULL,NULL,NULL,NULL,'S',NULL,NULL,NULL,NULL,NULL),(55,'grid04','Consulta usando formulario de filtro',NULL,NULL,NULL,6,'grid04/grid04.php',NULL,NULL,NULL,NULL,NULL,NULL,'S',NULL,NULL,NULL,NULL,NULL),(56,'grid05','Quebra - Clentes x Paises',NULL,NULL,NULL,5,'grid05/grid05.php',NULL,NULL,NULL,NULL,NULL,NULL,'S',NULL,NULL,NULL,NULL,NULL),(57,'grid06','Usando Quebra com mais de um campo',NULL,NULL,NULL,5,'grid06/grid06.php',NULL,NULL,NULL,NULL,NULL,NULL,'S',NULL,NULL,NULL,NULL,NULL),(58,'grid08','Exemplo: Consulta com campo Imagem',NULL,NULL,NULL,8,'grid08/grid08.php',NULL,NULL,NULL,NULL,NULL,NULL,'S',NULL,NULL,NULL,NULL,NULL),(59,'grid09','Consulta mostrando detalhe na mesma pagina',NULL,NULL,NULL,4,'grid09/grid09.php',NULL,NULL,NULL,NULL,NULL,NULL,'S',NULL,NULL,NULL,NULL,NULL),(60,'grid10','Consulta mostrando registros verticalmente',NULL,NULL,NULL,4,'grid10/grid10.php',NULL,NULL,NULL,NULL,NULL,NULL,'S',NULL,NULL,NULL,NULL,NULL),(61,'grid12','Consulta e formulario de filtro na mesma pagina',NULL,NULL,NULL,6,'grid12/grid12.php',NULL,NULL,NULL,NULL,NULL,NULL,'S',NULL,NULL,NULL,NULL,NULL),(62,'grid13','Iniciar por filtro e exibir resultados em outra pagina',NULL,NULL,NULL,6,'grid13/grid13.php',NULL,NULL,NULL,NULL,NULL,NULL,'S',NULL,NULL,NULL,NULL,NULL),(63,'grid14',' Relatorio de Ligação por campo',NULL,NULL,NULL,7,'grid14/grid14.php',NULL,NULL,NULL,NULL,NULL,NULL,'S',NULL,NULL,NULL,NULL,NULL),(64,'grid15','Chamando um formulario de edição apartir de um campo',NULL,NULL,NULL,7,'grid15/grid15.php',NULL,NULL,NULL,NULL,NULL,NULL,'S',NULL,NULL,NULL,NULL,NULL),(65,'grid16','Consulta com ligação para edição de registro',NULL,NULL,NULL,7,'grid16/grid16.php',NULL,NULL,NULL,NULL,NULL,NULL,'S',NULL,NULL,NULL,NULL,NULL),(66,'grid18','Editando um campo do tipo Valor (Double)',NULL,NULL,NULL,8,'grid18/grid18.php',NULL,NULL,NULL,NULL,NULL,NULL,'S',NULL,NULL,NULL,NULL,NULL),(67,'grid19','Relatorio de Clientes',NULL,NULL,NULL,9,'grid19/grid19.php',NULL,NULL,NULL,NULL,NULL,NULL,'S',NULL,NULL,NULL,NULL,NULL),(68,'grid20','Relatorio de Clientes x Pedidos',NULL,NULL,NULL,9,'grid20/grid20.php',NULL,NULL,NULL,NULL,NULL,NULL,'S',NULL,NULL,NULL,NULL,NULL),(69,'grid21','Mostrando um documento tipo campo',NULL,NULL,NULL,8,'grid21/grid21.php',NULL,NULL,NULL,NULL,NULL,NULL,'S',NULL,NULL,NULL,NULL,NULL),(70,'grid22','Usando Quebra e Totalização',NULL,NULL,NULL,5,'grid22/grid22.php',NULL,NULL,NULL,NULL,NULL,NULL,'S',NULL,NULL,NULL,NULL,NULL),(71,'grid23','Consulta de cliente com limite superior a 900 (Usando Macros)',NULL,NULL,NULL,6,'grid23/grid23.php',NULL,NULL,NULL,NULL,NULL,NULL,'S',NULL,NULL,NULL,NULL,NULL),(72,'grid24','Criando uma consulta com campo calculado',NULL,NULL,NULL,8,'grid24/grid24.php',NULL,NULL,NULL,NULL,NULL,NULL,'S',NULL,NULL,NULL,NULL,NULL),(73,'grid25','Criando consulta com Subconsulta',NULL,NULL,NULL,7,'grid25/grid25.php',NULL,NULL,NULL,NULL,NULL,NULL,'S',NULL,NULL,NULL,NULL,NULL),(74,'grid27','Consulta com varias ligações em um campo',NULL,NULL,NULL,7,'grid27/grid27.php',NULL,NULL,NULL,NULL,NULL,NULL,'S',NULL,NULL,NULL,NULL,NULL),(75,'grid29','Sumario Pivot',NULL,NULL,NULL,5,'grid29/grid29.php',NULL,NULL,NULL,NULL,NULL,NULL,'S',NULL,NULL,NULL,NULL,NULL),(76,'grid30','Usando Blocos',NULL,NULL,NULL,6,'grid30/grid30.php',NULL,NULL,NULL,NULL,NULL,NULL,'S',NULL,NULL,NULL,NULL,NULL),(77,'grid31','Usando AJAX em formulario de filtro',NULL,NULL,NULL,6,'grid31/grid31.php',NULL,NULL,NULL,NULL,NULL,NULL,'S',NULL,NULL,NULL,NULL,NULL),(78,'grid32','Consulta com impressão HTML',NULL,NULL,NULL,9,'grid32/grid32.php',NULL,NULL,NULL,NULL,NULL,NULL,'S',NULL,NULL,NULL,NULL,NULL),(79,'grid34','Sumario e grafico',NULL,NULL,NULL,5,'grid34/grid34.php',NULL,NULL,NULL,NULL,NULL,NULL,'S',NULL,NULL,NULL,NULL,NULL),(80,'grid35','Sumario Pivot e grafico',NULL,NULL,NULL,5,'grid35/grid35.php',NULL,NULL,NULL,NULL,NULL,NULL,'S',NULL,NULL,NULL,NULL,NULL),(81,'grid36','Perfil do empregado',NULL,NULL,NULL,9,'grid36/grid36.php',NULL,NULL,NULL,NULL,NULL,NULL,'S',NULL,NULL,NULL,NULL,NULL),(82,'grid37','Grafico de Coluna',NULL,NULL,NULL,5,'grid37/grid37.php',NULL,NULL,NULL,NULL,NULL,NULL,'S',NULL,NULL,NULL,NULL,NULL),(83,'grid38','Grafico de Icones',NULL,NULL,NULL,5,'grid38/grid38.php',NULL,NULL,NULL,NULL,NULL,NULL,'S',NULL,NULL,NULL,NULL,NULL),(84,'grid39','Consulta padrão',NULL,NULL,NULL,9,'grid39/grid39.php',NULL,NULL,NULL,NULL,NULL,NULL,'S',NULL,NULL,NULL,NULL,NULL),(85,'grid40','Consulta Mestre/Detalhe',NULL,NULL,NULL,9,'grid40/grid40.php',NULL,NULL,NULL,NULL,NULL,NULL,'S',NULL,NULL,NULL,NULL,NULL),(87,'grid_33','Consulta usando selector de idiomas na barra de ferramentas',NULL,NULL,NULL,47,'grid_33/grid_33.php',NULL,NULL,NULL,NULL,NULL,NULL,'S',NULL,NULL,NULL,NULL,NULL),(88,'mcr01','Como criar um metodo simples',NULL,NULL,NULL,15,'mcr01/mcr01.php',NULL,NULL,NULL,NULL,NULL,NULL,'S',NULL,NULL,NULL,NULL,NULL),(89,'mcr02','Como criar um metodo retornando um valor',NULL,NULL,NULL,15,'mcr02/mcr02.php',NULL,NULL,NULL,NULL,NULL,NULL,'S',NULL,NULL,NULL,NULL,NULL),(90,'mcr03','Como criar um metodo recebendo parametro',NULL,NULL,NULL,15,'mcr03/mcr03.php',NULL,NULL,NULL,NULL,NULL,NULL,'S',NULL,NULL,NULL,NULL,NULL),(91,'mcr05','Como criar um log de acesso',NULL,NULL,NULL,15,'mcr05/mcr05.php',NULL,NULL,NULL,NULL,NULL,NULL,'S',NULL,NULL,NULL,NULL,NULL),(92,'mcr06','Como mandar um E-mail usando uma macro sc_mail_send',NULL,NULL,NULL,15,'mcr06/mcr06.php',NULL,NULL,NULL,NULL,NULL,NULL,'S',NULL,NULL,NULL,NULL,NULL),(93,'mcr08','Eventos em aplicações de formulario',NULL,NULL,NULL,15,'mcr08/mcr08.php',NULL,NULL,NULL,NULL,NULL,NULL,'S',NULL,NULL,NULL,NULL,NULL),(94,'mcr09','Eventos em aplicações de Consulta',NULL,NULL,NULL,15,'mcr09/mcr09.php',NULL,NULL,NULL,NULL,NULL,NULL,'S',NULL,NULL,NULL,NULL,NULL),(95,'mcr10','Eventos em filtro',NULL,NULL,NULL,15,'mcr10/mcr10.php',NULL,NULL,NULL,NULL,NULL,NULL,'S',NULL,NULL,NULL,NULL,NULL),(96,'mcr11','Testando a força da senha usando Jquery',NULL,NULL,NULL,15,'mcr11/mcr11.php',NULL,NULL,NULL,NULL,NULL,NULL,'S',NULL,NULL,NULL,NULL,NULL),(97,'mcr12','Eventos em aplicações de Menu',NULL,NULL,NULL,15,'mcr12/mcr12.php',NULL,NULL,NULL,NULL,NULL,NULL,'S',NULL,NULL,NULL,NULL,NULL),(98,'mcr13','Como mandar um E-mail com anexo usando a macro sc_mail_send',NULL,NULL,NULL,15,'mcr13/mcr13.php',NULL,NULL,NULL,NULL,NULL,NULL,'S',NULL,NULL,NULL,NULL,NULL),(100,'menu01','Menu Horizontal',NULL,NULL,NULL,17,'menu01/menu01.php',NULL,NULL,NULL,NULL,NULL,NULL,'S',NULL,NULL,NULL,NULL,NULL),(101,'menu02','Menu Árvore',NULL,NULL,NULL,17,'menu02/menu02.php',NULL,NULL,NULL,NULL,NULL,NULL,'S',NULL,NULL,NULL,NULL,NULL),(102,'pdf01','Relatorios PDF com campos Subselect',NULL,NULL,NULL,43,'pdf01/pdf01.php',NULL,NULL,NULL,NULL,NULL,NULL,'S',NULL,NULL,NULL,NULL,NULL),(103,'pdf02','Cartão de Visitas em PDF',NULL,NULL,NULL,43,'pdf02/pdf02.php',NULL,NULL,NULL,NULL,NULL,NULL,'S',NULL,NULL,NULL,NULL,NULL),(104,'pdf03','Imprimindo Nota Fiscal',NULL,NULL,NULL,43,'pdf03/pdf03.php',NULL,NULL,NULL,NULL,NULL,NULL,'S',NULL,NULL,NULL,NULL,NULL),(105,'sample_blank_application','Aplicação blank',NULL,NULL,NULL,45,'sample_blank_application/sample_blank_application.php',NULL,NULL,NULL,NULL,NULL,NULL,'S',NULL,NULL,NULL,NULL,NULL),(106,'sample_block_expand_and_collapse','Blocos : Expand e collapse',NULL,NULL,NULL,12,'sample_block_expand_and_collapse/sample_block_expand_and_collapse.php',NULL,NULL,NULL,NULL,NULL,NULL,'S',NULL,NULL,NULL,NULL,NULL),(107,'sample_chart','Exemplo de grafico',NULL,NULL,NULL,7,'sample_chart/sample_chart.php',NULL,NULL,NULL,NULL,NULL,NULL,'S',NULL,NULL,NULL,NULL,NULL),(108,'sample_chart_main','Container com varios tipos de graficos',NULL,NULL,NULL,46,'sample_chart_main/sample_chart_main.php',NULL,NULL,NULL,NULL,NULL,NULL,'S',NULL,NULL,NULL,NULL,NULL),(109,'sample_container','Container',NULL,NULL,NULL,46,'sample_container/sample_container.php',NULL,NULL,NULL,NULL,NULL,NULL,'S',NULL,NULL,NULL,NULL,NULL),(110,'sample_grid_link_master_detail','Ligação consulta / Formulário',NULL,NULL,NULL,7,'sample_grid_link_master_detail/sample_grid_link_master_detail.php',NULL,NULL,NULL,NULL,NULL,NULL,'S',NULL,NULL,NULL,NULL,NULL),(111,'sample_link_capture','Ligação de Captura',NULL,NULL,NULL,12,'sample_link_capture/sample_link_capture.php',NULL,NULL,NULL,NULL,NULL,NULL,'S',NULL,NULL,NULL,NULL,NULL),(112,'sample_modal_main','Ligação modal',NULL,NULL,NULL,7,'sample_modal_main/sample_modal_main.php',NULL,NULL,NULL,NULL,NULL,NULL,'S',NULL,NULL,NULL,NULL,NULL),(113,'sample_themes','Trocando temas dinamicamente',NULL,NULL,NULL,7,'sample_themes/sample_themes.php',NULL,NULL,NULL,NULL,NULL,NULL,'S',NULL,NULL,NULL,NULL,NULL),(114,'sample_thickbox_image',' Imagem Thickbox',NULL,NULL,NULL,12,'sample_thickbox_image/sample_thickbox_image.php',NULL,NULL,NULL,NULL,NULL,NULL,'S',NULL,NULL,NULL,NULL,NULL),(115,'sample_treemenu','Menu usando Componente Layout',NULL,NULL,NULL,17,'sample_treemenu/sample_treemenu.php',NULL,NULL,NULL,NULL,NULL,NULL,'S',NULL,NULL,NULL,NULL,NULL),(116,'sample_use_language_select','Selecionando Idioma',NULL,NULL,NULL,16,'sample_use_language_select/sample_use_language_select.php',NULL,NULL,NULL,NULL,NULL,NULL,'S',NULL,NULL,NULL,NULL,NULL),(117,'search01','Ligação de captura com filtro',NULL,NULL,NULL,18,'search01/search01.php',NULL,NULL,NULL,NULL,NULL,NULL,'S',NULL,NULL,NULL,NULL,NULL),(118,'search02','Opções especiais de consulta',NULL,NULL,NULL,18,'search02/search02.php',NULL,NULL,NULL,NULL,NULL,NULL,'S',NULL,NULL,NULL,NULL,NULL),(119,'search03','Capturando informação de uma consulta',NULL,NULL,NULL,18,'search03/search03.php',NULL,NULL,NULL,NULL,NULL,NULL,'S',NULL,NULL,NULL,NULL,NULL),(120,'sec01','Criando exemplo de Autenticação (Login)',NULL,NULL,NULL,20,'sec01/sec01.php',NULL,NULL,NULL,NULL,NULL,NULL,'S',NULL,NULL,NULL,NULL,NULL),(121,'tab01','Criando Aplicação de Aba',NULL,NULL,NULL,1,'tab01/tab01.php',NULL,NULL,NULL,NULL,NULL,NULL,'S',NULL,NULL,NULL,NULL,NULL),(122,'tab02','Aplicação de Aba',NULL,NULL,NULL,1,'tab02/tab02.php',NULL,NULL,NULL,NULL,NULL,NULL,'S',NULL,NULL,NULL,NULL,NULL);

--
-- Table structure for table `sys_topic`
--

CREATE TABLE `sys_topic` (
  `TopicID` int(11) NOT NULL auto_increment,
  `CategoryID` int(11) NOT NULL,
  `Nome` varchar(100) NOT NULL,
  PRIMARY KEY  (`TopicID`),
  KEY `CategoryID` (`CategoryID`),
  CONSTRAINT `sys_topic_ibfk_1` FOREIGN KEY (`CategoryID`) REFERENCES `sys_category` (`CategoryID`) ON DELETE CASCADE ON UPDATE CASCADE
) ENGINE=InnoDB AUTO_INCREMENT=48 DEFAULT CHARSET=latin1;

--
-- Dumping data for table `sys_topic`
--

INSERT INTO `sys_topic` VALUES (1,4,'Configurando uma ABA'),(2,3,'Ligação'),(4,1,'Configurando uma Consulta'),(5,1,'Quebras,Totalização e Resumo'),(6,1,'Usando Filtro na Consulta '),(7,1,'Ligação '),(8,1,'Formatando Campos da Consulta'),(9,1,'Impressão HTML'),(10,2,'Configurando o Formulário'),(11,2,'Formatando Campos do Formulário'),(12,2,'Ligação'),(13,2,'Criando Regras de Negócio'),(14,2,'Validações com AJAX'),(15,9,'Trabalhando com Macros e Bibliotecas em Eventos e Métodos'),(16,3,'Criando Regras de Negócio '),(17,5,'Configurando um Menu'),(18,6,'Configurando um Filtro '),(19,7,'Publicação'),(20,8,'Segurança'),(43,25,'Utilizando aplicações com Report Pdf'),(45,26,'Aplicação Blank'),(46,27,'Aplicação Container'),(47,28,'Internacionalização');

--
-- Table structure for table `tb_perguntas`
--

CREATE TABLE `tb_perguntas` (
  `id_pergunta` int(10) unsigned NOT NULL auto_increment,
  `id_questionario` int(10) unsigned NOT NULL,
  `pergunta` varchar(255) NOT NULL default '',
  `tipo` int(11) default NULL,
  PRIMARY KEY  (`id_pergunta`),
  KEY `tb_pergunta_FK_id_questionario` (`id_questionario`),
  CONSTRAINT `tb_perguntas_ibfk_1` FOREIGN KEY (`id_questionario`) REFERENCES `tb_questionarios` (`id_questionario`) ON DELETE NO ACTION ON UPDATE NO ACTION
) ENGINE=InnoDB AUTO_INCREMENT=16 DEFAULT CHARSET=latin1 COMMENT='InnoDB free: 4096 kB; (`id_questionario`) REFER `questionari';

--
-- Dumping data for table `tb_perguntas`
--

INSERT INTO `tb_perguntas` VALUES (1,1,'Como tomou conhecimento do Curso ON-LINE de Scriptcase?',NULL),(2,1,'Você já havia participado de algum treinamento ON-LINE?',NULL),(4,1,'O que o levou a optar pelo treinamento ON-LINE?',NULL),(5,1,'O que achou do horário de realização do treinamento?',NULL),(6,1,'O conteúdo apresentado no curso atendeu suas expectativas de que maneira?',NULL),(7,1,'Como avalia o software de transmissão do treinamento?',NULL),(8,2,'A Instalação e configuração do SCRIPTCASE pode ser considerada?',NULL),(9,2,'O SCRIPTCASE gerou novas idéias e soluções para os seus processos e/ou serviços?',NULL),(10,2,'Como você avalia a AGILIDADE que o SCRIPTCASE proporciona ao desenvolvedor?',NULL),(11,3,'Como avalia o conhecimento do instrutor a respeito do Conteúdo?',NULL),(12,3,'Como Avalia a apresentação pessoal do Instrutor',NULL),(13,3,'O Instrutor é proativo gerando feedbacks construtivos e promovendo novas idéias?',NULL),(14,4,'Se algum colega perguntasse sobre o Treinamento o que você diria?',NULL),(15,4,'Sugestões e Elogios',NULL);

--
-- Table structure for table `tb_preenchimento_questionario`
--

CREATE TABLE `tb_preenchimento_questionario` (
  `id_questionario` int(10) unsigned NOT NULL,
  `id_pergunta` int(10) unsigned NOT NULL,
  `id_usuario` int(10) unsigned NOT NULL,
  `id_respostas` int(10) unsigned default NULL,
  `resposta_aberta` text,
  `data_curso` date default NULL,
  PRIMARY KEY  (`id_questionario`,`id_pergunta`,`id_usuario`),
  KEY `tb_preenchimento_questionario_FK_id_questionario` (`id_questionario`),
  KEY `tb_preenchimento_questionario_FK_id_pergunta` (`id_pergunta`),
  KEY `tb_preenchimento_questionario_FK_id_resposta` (`id_respostas`),
  KEY `tb_preenchimento_questionario_FK_id_usuario` (`id_usuario`),
  CONSTRAINT `tb_preenchimento_questionario_ibfk_1` FOREIGN KEY (`id_questionario`) REFERENCES `tb_questionarios` (`id_questionario`) ON DELETE NO ACTION ON UPDATE NO ACTION,
  CONSTRAINT `tb_preenchimento_questionario_ibfk_2` FOREIGN KEY (`id_pergunta`) REFERENCES `tb_perguntas` (`id_pergunta`) ON DELETE NO ACTION ON UPDATE NO ACTION,
  CONSTRAINT `tb_preenchimento_questionario_ibfk_4` FOREIGN KEY (`id_usuario`) REFERENCES `tb_usuarios` (`id_usuario`) ON DELETE NO ACTION ON UPDATE NO ACTION
) ENGINE=InnoDB DEFAULT CHARSET=latin1 COMMENT='InnoDB free: 4096 kB; (`id_questionario`) REFER `questionari';

--
-- Dumping data for table `tb_preenchimento_questionario`
--

INSERT INTO `tb_preenchimento_questionario` VALUES (1,1,13,4,NULL,'2008-06-06'),(1,1,14,1,NULL,'2008-06-06'),(1,1,15,1,NULL,'2008-06-06'),(1,1,16,4,NULL,'2008-06-06'),(1,1,17,NULL,NULL,'2008-06-12'),(1,1,18,NULL,NULL,'2008-06-30'),(1,1,19,NULL,NULL,'2008-06-30'),(1,1,20,NULL,NULL,'2008-07-08'),(1,1,21,NULL,NULL,'2008-08-04'),(1,2,13,7,NULL,'2008-06-06'),(1,2,14,7,NULL,'2008-06-06'),(1,2,15,7,NULL,'2008-06-06'),(1,2,16,7,NULL,'2008-06-06'),(1,2,17,NULL,NULL,'2008-06-12'),(1,2,18,NULL,NULL,'2008-06-30'),(1,2,19,NULL,NULL,'2008-06-30'),(1,2,20,NULL,NULL,'2008-07-08'),(1,2,21,NULL,NULL,'2008-08-04'),(1,4,13,9,NULL,'2008-06-06'),(1,4,14,9,NULL,'2008-06-06'),(1,4,15,9,NULL,'2008-06-06'),(1,4,16,9,NULL,'2008-06-06'),(1,4,17,NULL,NULL,'2008-06-12'),(1,4,18,NULL,NULL,'2008-06-30'),(1,4,19,NULL,NULL,'2008-06-30'),(1,4,20,NULL,NULL,'2008-07-08'),(1,4,21,NULL,NULL,'2008-08-04'),(1,5,13,14,NULL,'2008-06-06'),(1,5,14,13,NULL,'2008-06-06'),(1,5,15,13,NULL,'2008-06-06'),(1,5,16,13,NULL,'2008-06-06'),(1,5,17,NULL,NULL,'2008-06-12'),(1,5,18,NULL,NULL,'2008-06-30'),(1,5,19,NULL,NULL,'2008-06-30'),(1,5,20,NULL,NULL,'2008-07-08'),(1,5,21,NULL,NULL,'2008-08-04'),(1,6,13,16,NULL,'2008-06-06'),(1,6,14,16,NULL,'2008-06-06'),(1,6,15,16,NULL,'2008-06-06'),(1,6,16,17,NULL,'2008-06-06'),(1,6,17,NULL,NULL,'2008-06-12'),(1,6,18,NULL,NULL,'2008-06-30'),(1,6,19,NULL,NULL,'2008-06-30'),(1,6,20,NULL,NULL,'2008-07-08'),(1,6,21,NULL,NULL,'2008-08-04'),(1,7,13,19,NULL,'2008-06-06'),(1,7,14,19,NULL,'2008-06-06'),(1,7,15,19,NULL,'2008-06-06'),(1,7,16,19,NULL,'2008-06-06'),(1,7,17,NULL,NULL,'2008-06-12'),(1,7,18,NULL,NULL,'2008-06-30'),(1,7,19,NULL,NULL,'2008-06-30'),(1,7,20,NULL,NULL,'2008-07-08'),(1,7,21,NULL,NULL,'2008-08-04'),(2,8,13,23,NULL,'2008-06-06'),(2,8,14,23,NULL,'2008-06-06'),(2,8,15,23,NULL,'2008-06-06'),(2,8,16,23,NULL,'2008-06-06'),(2,8,17,NULL,NULL,'2008-06-12'),(2,8,18,NULL,NULL,'2008-06-30'),(2,8,19,NULL,NULL,'2008-06-30'),(2,8,20,NULL,NULL,'2008-07-08'),(2,8,21,NULL,NULL,'2008-08-04'),(2,9,13,27,NULL,'2008-06-06'),(2,9,14,26,NULL,'2008-06-06'),(2,9,15,26,NULL,'2008-06-06'),(2,9,16,26,NULL,'2008-06-06'),(2,9,17,NULL,NULL,'2008-06-12'),(2,9,18,NULL,NULL,'2008-06-30'),(2,9,19,NULL,NULL,'2008-06-30'),(2,9,20,NULL,NULL,'2008-07-08'),(2,9,21,NULL,NULL,'2008-08-04'),(2,10,13,29,NULL,'2008-06-06'),(2,10,14,29,NULL,'2008-06-06'),(2,10,15,29,NULL,'2008-06-06'),(2,10,16,29,NULL,'2008-06-06'),(2,10,17,NULL,NULL,'2008-06-12'),(2,10,18,NULL,NULL,'2008-06-30'),(2,10,19,NULL,NULL,'2008-06-30'),(2,10,20,NULL,NULL,'2008-07-08'),(2,10,21,NULL,NULL,'2008-08-04'),(3,11,13,33,NULL,'2008-06-06'),(3,11,14,33,NULL,'2008-06-06'),(3,11,15,33,NULL,'2008-06-06'),(3,11,16,33,NULL,'2008-06-06'),(3,11,17,NULL,NULL,'2008-06-12'),(3,11,18,NULL,NULL,'2008-06-30'),(3,11,19,NULL,NULL,'2008-06-30'),(3,11,20,NULL,NULL,'2008-07-08'),(3,11,21,NULL,NULL,'2008-08-04'),(3,12,13,37,NULL,'2008-06-06'),(3,12,14,37,NULL,'2008-06-06'),(3,12,15,37,NULL,'2008-06-06'),(3,12,16,37,NULL,'2008-06-06'),(3,12,17,NULL,NULL,'2008-06-12'),(3,12,18,NULL,NULL,'2008-06-30'),(3,12,19,NULL,NULL,'2008-06-30'),(3,12,20,NULL,NULL,'2008-07-08'),(3,12,21,NULL,NULL,'2008-08-04'),(3,13,13,41,NULL,'2008-06-06'),(3,13,14,41,NULL,'2008-06-06'),(3,13,15,41,NULL,'2008-06-06'),(3,13,16,41,NULL,'2008-06-06'),(3,13,17,NULL,NULL,'2008-06-12'),(3,13,18,NULL,NULL,'2008-06-30'),(3,13,19,NULL,NULL,'2008-06-30'),(3,13,20,NULL,NULL,'2008-07-08'),(3,13,21,NULL,NULL,'2008-08-04'),(4,14,13,NULL,'Pode fazer que o treinamento é bom, pede que o fizer.','2008-06-06'),(4,14,14,NULL,'O treinamento foi 100%','2008-06-06'),(4,14,15,NULL,NULL,'2008-06-06'),(4,14,16,NULL,'Vale muito a pena ','2008-06-06'),(4,14,17,NULL,NULL,'2008-06-12'),(4,14,18,NULL,NULL,'2008-06-30'),(4,14,19,NULL,NULL,'2008-06-30'),(4,14,20,NULL,NULL,'2008-07-08'),(4,14,21,NULL,NULL,'2008-08-04'),(4,15,13,NULL,'ok','2008-06-06'),(4,15,14,NULL,'Montar um treinamento avançado','2008-06-06'),(4,15,15,NULL,NULL,'2008-06-06'),(4,15,16,NULL,'Muito prático e bem elaborado. O instrutor foi paciente e atencioso.','2008-06-06'),(4,15,17,NULL,NULL,'2008-06-12'),(4,15,18,NULL,NULL,'2008-06-30'),(4,15,19,NULL,NULL,'2008-06-30'),(4,15,20,NULL,NULL,'2008-07-08'),(4,15,21,NULL,NULL,'2008-08-04');

--
-- Table structure for table `tb_questionarios`
--

CREATE TABLE `tb_questionarios` (
  `id_questionario` int(10) unsigned NOT NULL auto_increment,
  `questionario` varchar(255) NOT NULL default '',
  PRIMARY KEY  (`id_questionario`)
) ENGINE=InnoDB AUTO_INCREMENT=5 DEFAULT CHARSET=latin1 COMMENT='InnoDB free: 4096 kB';

--
-- Dumping data for table `tb_questionarios`
--

INSERT INTO `tb_questionarios` VALUES (1,'Treinamento'),(2,'Scriptcase'),(3,'Instrutor'),(4,'Fale agora com a Diretoria da Netmake');

--
-- Table structure for table `tb_respostas`
--

CREATE TABLE `tb_respostas` (
  `id_respostas` int(10) unsigned NOT NULL auto_increment,
  `id_pergunta` int(10) unsigned NOT NULL,
  `resposta` text NOT NULL,
  PRIMARY KEY  (`id_respostas`),
  KEY `tb_respostas_FK_id_pergunta` (`id_pergunta`),
  CONSTRAINT `tb_respostas_ibfk_1` FOREIGN KEY (`id_pergunta`) REFERENCES `tb_perguntas` (`id_pergunta`) ON DELETE NO ACTION ON UPDATE NO ACTION
) ENGINE=InnoDB AUTO_INCREMENT=45 DEFAULT CHARSET=latin1 COMMENT='InnoDB free: 4096 kB; (`id_pergunta`) REFER `questionario_sc';

--
-- Dumping data for table `tb_respostas`
--

INSERT INTO `tb_respostas` VALUES (1,1,'Site da empresa'),(2,1,'E-mail'),(3,1,'Telemarketing'),(4,1,'Outros'),(5,2,'SIM(Treinamento Ao-Vivo)'),(6,2,'SIM(Treinamento E-learning)'),(7,2,'Não'),(8,4,'Não ter custos com Deslocamento'),(9,4,'Comodidade'),(10,4,'Preço Acessível'),(11,4,'Falta de Tempo(não posso ausentar-me da empresa)'),(12,5,'Ótimo'),(13,5,'Bom'),(14,5,'Regular'),(15,5,'Insatisfatório'),(16,6,'Completamente'),(17,6,'Parcialmente'),(18,6,'Não atendeu'),(19,7,'Ótimo'),(20,7,'Bom'),(21,7,'Regular'),(22,7,'Insatisfatório'),(23,8,'Intuitiva'),(24,8,'Razoável'),(25,8,'Complexa'),(26,9,'Completamente'),(27,9,'Parcialmente'),(28,9,'Precisa Melhorar'),(29,10,'Ótimo'),(30,10,'Bom'),(31,10,'Regular'),(32,10,'Insatisfatório'),(33,11,'Ótimo'),(34,11,'Bom'),(35,11,'Regular'),(36,11,'Insatisfatório'),(37,12,'Ótimo'),(38,12,'Bom'),(39,12,'Regular'),(40,12,'Insatisfatório'),(41,13,'Ótimo'),(42,13,'Bom'),(43,13,'Regular'),(44,13,'Insatisfatório');

--
-- Table structure for table `tb_usuarios`
--

CREATE TABLE `tb_usuarios` (
  `id_usuario` int(10) unsigned NOT NULL auto_increment,
  `nome` varchar(255) NOT NULL default '',
  `dt_ini_curso` date NOT NULL,
  `email` varchar(255) NOT NULL default '',
  PRIMARY KEY  (`id_usuario`)
) ENGINE=InnoDB AUTO_INCREMENT=22 DEFAULT CHARSET=latin1 COMMENT='InnoDB free: 4096 kB';

--
-- Dumping data for table `tb_usuarios`
--

INSERT INTO `tb_usuarios` VALUES (11,'Erico','2008-06-06','erico@netmake.com.br'),(12,'HILLUS','2008-06-06','hillus@netmake.com.br'),(13,'Haerto Soares de Quadros','2008-06-02','haerto@gmail.com'),(14,'John Alcântara Oliveira Paulino','2008-06-02','john.alcantara@pm.es.gov.br'),(15,'Leonardo Rudio A Christo ','2008-06-02','leonardo.christo@pm.es.gov.br'),(16,'marinaldo rodrigues de oliveira junior','2008-06-02','marinaldojr@ig.com.br'),(17,'erico','2008-06-12','erico@scriptcase.com.br'),(18,'Roberto Teixeira','2008-06-30','roberto.teixeira@fagga.com.br'),(19,'Roberto Teixeira','2008-06-30','roberto.teixeira@fagga.com.br'),(20,'erico teste','2008-07-08','erico@scriptcase.com.br'),(21,'erico','2008-08-04','erico@netmake.com.br');


