-- MySQL dump 10.13  Distrib 5.1.32, for Win32 (ia32)
--
-- Host: localhost    Database: nm_site5_fr
-- ------------------------------------------------------
-- Server version	5.1.32-community

/*!40101 SET @OLD_CHARACTER_SET_CLIENT=@@CHARACTER_SET_CLIENT */;
/*!40101 SET @OLD_CHARACTER_SET_RESULTS=@@CHARACTER_SET_RESULTS */;
/*!40101 SET @OLD_COLLATION_CONNECTION=@@COLLATION_CONNECTION */;
/*!40101 SET NAMES utf8 */;
/*!40103 SET @OLD_TIME_ZONE=@@TIME_ZONE */;
/*!40103 SET TIME_ZONE='+00:00' */;
/*!40014 SET @OLD_UNIQUE_CHECKS=@@UNIQUE_CHECKS, UNIQUE_CHECKS=0 */;
/*!40014 SET @OLD_FOREIGN_KEY_CHECKS=@@FOREIGN_KEY_CHECKS, FOREIGN_KEY_CHECKS=0 */;
/*!40101 SET @OLD_SQL_MODE=@@SQL_MODE, SQL_MODE='NO_AUTO_VALUE_ON_ZERO' */;
/*!40111 SET @OLD_SQL_NOTES=@@SQL_NOTES, SQL_NOTES=0 */;

--
-- Table structure for table `nm_aplicacoes`
--

DROP TABLE IF EXISTS `nm_aplicacoes`;
SET @saved_cs_client     = @@character_set_client;
SET character_set_client = utf8;
CREATE TABLE `nm_aplicacoes` (
  `codigo` varchar(50) NOT NULL,
  `nome` varchar(100) NOT NULL,
  PRIMARY KEY (`codigo`)
) ENGINE=InnoDB DEFAULT CHARSET=latin1;
SET character_set_client = @saved_cs_client;

--
-- Dumping data for table `nm_aplicacoes`
--

LOCK TABLES `nm_aplicacoes` WRITE;
/*!40000 ALTER TABLE `nm_aplicacoes` DISABLE KEYS */;
INSERT INTO `nm_aplicacoes` VALUES ('cons_alunos','Consulta de Alunos'),('cons_alunos_cursos','Consulta de alunos por curso'),('cons_clientes_categorias','Consulta de clientes por categorias'),('cons_depoimentos','Consulta de depoimentos'),('cons_example','Consulta de Exemplos filtrado por Topico'),('cons_exemplos_grupos','Consulta das categorias dos exemplos'),('cons_exemplos_grupos_itens','Consulta dos exemplos'),('cons_links','Consulta Links Pai do site'),('cons_turma','Consulta de turmas'),('cons_turma_tipo','Consulta de tipos de turma'),('cons_workshop','Consulta de WorkShop'),('cons_workshop_tipo','Consulta de tipos de Workshop'),('form_aluno','Cadastro de alunos'),('form_aplicacoes','Cadastro de Aplicações do Sistema de Controle do Site'),('form_cases','Cadastro de cases'),('form_clientes','Cadastro de clientes'),('form_clientes_categorias','Cadastro das categorias dos clientes'),('form_depoimentos','Cadastro dos depoimentos'),('form_example','Cadastro de Exemplos'),('form_exemplos_grupos','Cadastro das categorias dos exemplos'),('form_exemplos_grupos_itens','Cadastro de exemplos'),('form_grupo','Cadastro de Grupos de Usuários do Sistema de Controle do Site'),('form_home','Cadastro dos textos da home'),('form_links','Cadastro dos Links PAI'),('form_link_sub','Cadastro dos Links FILHO'),('form_noticias','Cadastro de noticias'),('form_sys_category','Cadastro de sys_category'),('form_turma','Cadastro de curso'),('form_turma_aluno','Cadastro de alunos do curso'),('form_turma_tipo','Cadastro de tipo de curso'),('form_usuario_grupo','Cadastro do sistema de seguranca dos grupos dos usuarios'),('form_videos','Cadastro dos video da home'),('form_workshop','Cadastro de workshop'),('form_workshop_alunos','Cadastro de alunos do workshop'),('form_workshop_tipo','Cadastro de tipos de workshop'),('frm_beneficios','Cadastro de beneficios da home'),('frm_homerecursos','Cadastro de recursos da home'),('frm_recursos','Cadastro de recursos'),('frm_sistemas','Cadastro de Sistemas de Exemplos'),('frm_sistemas_caracteristicas','Cadastro de Topicos do Sistemas de Exemplos'),('grid_topics','Grid de Topicos dos Exemplos'),('menu','Menu do site');
/*!40000 ALTER TABLE `nm_aplicacoes` ENABLE KEYS */;
UNLOCK TABLES;

--
-- Table structure for table `nm_beneficios`
--

DROP TABLE IF EXISTS `nm_beneficios`;
SET @saved_cs_client     = @@character_set_client;
SET character_set_client = utf8;
CREATE TABLE `nm_beneficios` (
  `codigo` int(11) NOT NULL AUTO_INCREMENT,
  `titulo` varchar(250) NOT NULL,
  `beneficio` text NOT NULL,
  `imagem` varchar(250) NOT NULL,
  `posicao_imagem` int(11) NOT NULL,
  `ordem` int(11) NOT NULL,
  `exibe_home` char(1) NOT NULL DEFAULT 'N',
  PRIMARY KEY (`codigo`),
  KEY `ordem` (`ordem`),
  KEY `posicao_imagem` (`posicao_imagem`),
  CONSTRAINT `nm_beneficios_ibfk_1` FOREIGN KEY (`posicao_imagem`) REFERENCES `nm_posicao` (`codigo`)
) ENGINE=InnoDB AUTO_INCREMENT=5 DEFAULT CHARSET=latin1;
SET character_set_client = @saved_cs_client;

--
-- Dumping data for table `nm_beneficios`
--

LOCK TABLES `nm_beneficios` WRITE;
/*!40000 ALTER TABLE `nm_beneficios` DISABLE KEYS */;
INSERT INTO `nm_beneficios` VALUES (1,'Economie de temps et réduction de coûts','Eliminez les taches de programmation consommatrice de temps et construisez des Applications Web extensibles et robustes, en une fraction de temps.\r\nEvitez les erreurs de programmation couteuses et les fautes d\'orthographe en générant un code cohérent et bien structuré.','img/imgtnproductive.gif',1,1,'S'),(2,'Portabilité et Développement Distribué','ScriptCase est une plateforme WEB qui permet la portabilité et l\'intégration pour une équipe de développement.\r\n\r\nEn utilisant la plateforme côté serveur, ScripCase permet à l\'équipe de développer en utilisant \r\nuniquement le navigateur (IE, Firefox). \r\n\r\nIl réduit les coûts de développement.','',2,2,'S'),(3,'Développement centré sur les priorités','ScriptCase élimine la programmation d\'infrastructure de routine, vous permettant de vous concentrer sur la logique métier de votre application.','',2,3,'S'),(4,'Apprentissage Rapide','En utilisant la Base de Connaissance, le Support en ligne, le Forum, les Exemples Vidéo et de Systèmes, vous apprendrez à vous servire de ScriptCase rapidement. La réalisation d\'applications WEB ne sera plus une tâche ardue dorénavant.','',2,4,'S');
/*!40000 ALTER TABLE `nm_beneficios` ENABLE KEYS */;
UNLOCK TABLES;

--
-- Table structure for table `nm_caracteristicas`
--

DROP TABLE IF EXISTS `nm_caracteristicas`;
SET @saved_cs_client     = @@character_set_client;
SET character_set_client = utf8;
CREATE TABLE `nm_caracteristicas` (
  `codigo` int(11) NOT NULL AUTO_INCREMENT,
  `titulo` varchar(250) NOT NULL,
  `caracteristica` text NOT NULL,
  `imagem` varchar(250) NOT NULL,
  `thumbnail` varchar(250) NOT NULL,
  `posicao_imagem` int(11) NOT NULL,
  `ordem` int(11) NOT NULL,
  `exibe_home` char(1) NOT NULL DEFAULT 'N',
  `exibe_img_maximized` char(1) DEFAULT 'S',
  PRIMARY KEY (`codigo`),
  KEY `ordem` (`ordem`),
  KEY `posicao_imagem` (`posicao_imagem`),
  CONSTRAINT `nm_caracteristicas_ibfk_1` FOREIGN KEY (`posicao_imagem`) REFERENCES `nm_posicao` (`codigo`)
) ENGINE=InnoDB AUTO_INCREMENT=203 DEFAULT CHARSET=latin1;
SET character_set_client = @saved_cs_client;

--
-- Dumping data for table `nm_caracteristicas`
--

LOCK TABLES `nm_caracteristicas` WRITE;
/*!40000 ALTER TABLE `nm_caracteristicas` DISABLE KEYS */;
INSERT INTO `nm_caracteristicas` VALUES (1,'Wizard de Criação de Aplicação','Com apenas alguns clicks, os usuários podem criar aplicações WEB complexas com dezenas de opções, desde relatórios até formulários de entrada de dados.','img/wizard_orig.jpg','img/wizard_thumb.jpg',1,37,'N','S'),(2,'Relatórios Dinâmicos','O ScriptCase oferece formas dinâmicas de apresentar os relatórios como agrupamento de dados, totalizações, cruzamento de informações, entre outros recursos.','img/dinamico_orig.jpg','img/dinamico_thumb.jpg',1,2,'S','S'),(3,'Filtros, Ordenação e Navegação','O ScriptCase desenvolve aplicações de filtro com o objetivo de facilitar as pesquisas por parte dos usuário final. Através destes filtros os usuários podem pesquisar através dos campos do relatório, formatar a exibição das colunas, alterar as regras de ordenação e outras funcionalidades.','img/filtro_orig.jpg','img/filtro_thumb.jpg',1,3,'S','S'),(4,'Formatos de Exportação','Com apenas um click os relatórios podem ser exportados para xls, xml, pdf, entre outros formatos.','img/export_orig.jpg','img/export_thumb.jpg',1,10,'N','S'),(5,'Componentes AJAX','Desenvolva aplicações com ajax através do framework sem necessidade de programar.','img/ajax_orig.jpg','img/ajax_thumb.jpg',1,13,'S','S'),(6,'Menus','Crie menus dinâmicos do tipo horizontal, vertical e tree view através de interface gráfica para chamar os seus aplicativos.','img/menu_orig.jpg','img/menu_thumb.jpg',1,6,'N','S'),(7,'Gráficos e Gerador de Gráficos','ScriptCase cria automaticamente gráficos nos seus relatórios em tempo real e exibe diretamente no seu navegador.','img/grafico_orig.jpg','img/grafico_thumb.jpg',1,4,'S','S'),(8,'Formulários','O ScriptCase auxilia o usuário a criar formulários utilizando blocos, abas, com múltiplos registros, grid editável entre outros recursos através de um wizard com apenas alguns clicks.','img/form_orig.jpg','img/form_thumb.jpg',1,1,'S','S'),(9,'Componentes','O ScriptCase permite que o usuário crie componentes diferentes como combobox, auto-complete ajax, duplo-select e outros.','img/componente_orig.jpg','img/componente_thumb.jpg',1,23,'N','S'),(10,'Mestre/Detalhe','ScriptCase cria de forma visual em apenas alguns clicks entradas de dados no formato Mestre/Detalhe. Esta opção permite criar relacionamento 1:n usando Ajax e controle de transação e integridade.','img/mestre_orig.jpg','img/mestre_thumb.jpg',1,5,'S','S'),(11,'Visual','As aplicações geradas usam CSS para configuração visual. ScriptCase permite de forma visual que você edite todos os objetos e estilos do HTML. Modifique o visual do seu sistema inteiro em apenas alguns segundos.','img/visual_orig.jpg','img/visual_thumb.jpg',1,24,'N','S'),(12,'SQL Builder','ScriptCase possui um Wizard que permite criar comandos SQL visualmente. Desenvolvedores podem facilmente escolher tabelas, campos, joins e testar os seus resultados.','img/sqlbuilder_orig.jpg','img/sqlbuilder_thumb.jpg',1,25,'N','S'),(13,'Segurança','O ScriptCase protege as aplicações utilizando funcionalidades extras de segurança para prevenir que usuários não autorizados tenham acesso a determinadas aplicações.','img/seguranca_orig.jpg','img/seguranca_thumb.jpg',1,21,'N','S'),(14,'Camada de Banco de Dados','O ScriptCase cria uma camada de banco de dados permitindo usuários a editar a conexão de seus aplicativos em alguns segundos sem perder o que já está feito.','img/banco_orig.jpg','img/banco_thumb.jpg',1,22,'N','S'),(15,'Grid Editável','O componente de Grid Editável permite editar vários registros ao mesmo tempo. Permite criar processamento de pedidos, inventários, ítens, carrinhos de compra e qualquer outro tipo de exemplo de entrada de vários registros.','img/grideditavel_orig.jpg','img/grideditavel_thumb.jpg',1,11,'S','S'),(16,'Internacionalização','ScriptCase oferece suporte a criar e editar as mensagens do sistema permitindo que o desenvolvedor crie aplicações para outros idiomas.','img/idioma_orig.jpg','img/idioma_thumb.jpg',1,20,'N','S'),(17,'Upload de Arquivo(Documentos, Fotos, etc)','Todos os formulários de entrada de dados tem componentes para facilitar o envio dos arquivos da máquina cliente para o servidor afim de armazenas no banco de dados ou em diretório.','img/upload_orig.jpg','img/upload_thumb.jpg',1,12,'N','S'),(18,'Editor de Texto (WYSIWYG)','Poderoso editor de texto pode ser usado no lugar dos tradicionais campos TextArea(Texto com múltiplas linhas) na aplicação gerada.','img/editor_orig.jpg','img/editor_thumb.jpg',1,26,'N','S'),(19,'Conexões com múltiplos servidores','ScriptCase suporta múltiplas conexões em um mesmo sistema ou até em uma mesma aplicação, por exemplo, validar um usuário em um banco e mostrar um relatório através das informações de outro banco de dados.','img/multservidor_orig.jpg','img/multservidor_thumb.jpg',1,27,'N','S'),(20,'Customização de Código e Eventos','Aplicações geradas com o ScriptCase podem ser bastantes flexíveis nas regras de negócio permitindo a customização das ações em seus eventos. Usuários podem definir as ações em cada um dos eventos, métodos e validações. ','img/evento_orig.jpg','img/evento_thumb.jpg',1,28,'N','S'),(21,'Base de Dados de Exemplo','ScriptCase é distribuido com uma Base de Dados de exemplos e alguns sistemas que podem ser baixados em nosso site para que você dê seus primeiros passos com o ScriptCase.','img/mr_orig.jpg','img/mr_thumb.jpg',1,29,'N','S'),(22,'Extenso Suporte a Bancos de Dados','ScriptCase suporta os Bancos de Dados mais usados no mercado através de drives diretos como MS SQL, MySQL, Oracle, PostgreSQL, DB2, SQLite, SyBase e outros Bancos através de ODBC, ADO e COM.','img/basedados_orig.jpg','img/basedados_thumb.jpg',1,30,'N','S'),(188,'Aplicação BLANK','Com este tipo de aplicação é possível criar programas PHP   com toda liberdade e a facilidade proporcionada pelo uso das   macros do ScriptCase.','img/feature01.png','img/feature01_thumb.png',1,31,'S','S'),(189,'Aplicação CONTAINER','Permite criar páginas no estilo painel onde podem ser  acopladas varias aplicações como gráficos, consultas, forms e páginas  externas.','img/feature02.png','img/feature02_thumb.png',1,8,'S','S'),(190,'Objeto CAPTCHA para aplicações de form e controle','Permite adicionar as aplicações de formulário e controle um objeto CAPTCHA.','img/feature03.png','img/feature03_thumb.png',1,14,'S','S'),(191,'Suporte ao JQUERY','Thickbox para exibição de imagens em tamanho original e janelas pop-up das ligações JQuery - Intelisense, otimizando o  recurso auto-complete AJAX nos formulários e filtros. Além dos  componentes introduzidos nesta nova versão é possível utilizar toda o  poder do JQUERY para enriquecer as suas aplicações geradas.','img/feature04.png','img/feature04_thumb.png',1,7,'S','S'),(192,'Seleção de tema pelo usuário final nas aplicações geradas','Temas  dinâmicos acessíveis ao usuário final. O desenvolvedor para cada  projeto poderá agora definir os temas ou esquemas de cores disponíveis aos seus usuários que poderão selecionar na entrada das aplicações, por  exemplo, na tela de login do sistema gerado, que tema utilizar para  visualizar as aplicações.','img/feature05.png','img/feature05_thumb.png',1,15,'S','S'),(193,'Geração dos gráficos em flash ','Nova funcionalidade de gerar os gráficos das aplicações de consulta em Flash.    Agora também é possivel gerar aplicações que exibem apenas o gráfico   sem a necessidade de navegação da grid de dados para a página do gráfico.','img/feature06.png','img/feature06_thumb.png',1,16,'S','S'),(194,'Opção de expand e colapse para os blocos ','Opção  de expand &amp; colapse nos blocos das aplicações geradas. Agora é  possível utilizar nos forms e consultas um  ícone para exibir e ocultar os campos dos blocos.','img/feature07.png','img/feature07_thumb.png',1,33,'S','S'),(195,'Métodos JAVASCRIPT ','Permite criar métodos Javascript que podem ser utilizados dentro dos eventos Ajax.','img/feature08.png','img/feature08_thumb.png',1,32,'S','S'),(196,'Pesquisa dentro dos projetos ','Com este novo recurso é fácil, por exemplo, localizar uma aplicação que use determinada tabela ou um determinado campo.','img/feature09.png','img/feature09_thumb.png',1,34,'S','S'),(197,'Interface de desenvolvimento disponível em seis idiomas ','O  ScriptCase já está presente em mais de 50 países e este número cresce a cada  dia nesta nova versão estão contemplados 6 idiomas para o ambiente de  desenvolvimento (português, ingles, espanhol, italiano, francês e  alemão) mais 23 idiomas para as aplicações geradas.','img/feature10.png','img/feature10_thumb.png',1,9,'S','S'),(198,'Geração de diagrama do projeto com destaque para as ligações entre as aplicações ','Este novo recurso permite visualizar todas as aplicações de um projeto em um gráfico e o relacionamento    entre os objetos.','img/feature11.png','img/feature11_thumb.png',1,17,'S','S'),(199,'Geração de multiplas aplicações simultaneamente ','Agora é possível criar várias aplicações com um só clique basta escolher as tabelas.    Podemos desenvolver por exemplo todos os cadastros básicos dos nossos sistemas em um minuto.','img/feature12.png','img/feature12_thumb.png',1,18,'S','S'),(200,'Módulo para agregar funções de segurança nas aplicações (RBAC) ','Este novo recurso permite automatizar o controle de acesso a suas aplicações (<strong>R</strong>ole<strong>B</strong>ased<strong>A</strong>ccess<strong>C</strong>ontrol),   criando os programas de manutenção em aplicação, usuários e grupos automaticamente.','img/feature13.png','img/feature13_thumb.png',1,19,'S','S'),(201,'Função AUTOSAVE no ambiente de desenvolvimento agilizando o desenvolvimento ','Nova opção de AUTO-SAVE para o ambiente de desenvolvimento o que possibilita um desenvolvimento mais agil.','img/feature14.png','img/feature14_thumb.png',1,35,'S','S'),(202,'Rename de aplicação avançado ','Ao  renomear uma aplicação é mostrado uma lista de todas as aplicações que  fazem referência a mesma e a opção de atualizar todas estas ligações.','img/feature15.png','img/feature15_thumb.png',1,36,'S','S');
/*!40000 ALTER TABLE `nm_caracteristicas` ENABLE KEYS */;
UNLOCK TABLES;

--
-- Table structure for table `nm_caracteristicashome`
--

DROP TABLE IF EXISTS `nm_caracteristicashome`;
SET @saved_cs_client     = @@character_set_client;
SET character_set_client = utf8;
CREATE TABLE `nm_caracteristicashome` (
  `codigo` int(11) NOT NULL AUTO_INCREMENT,
  `topico` text NOT NULL,
  `ordem` int(11) NOT NULL,
  PRIMARY KEY (`codigo`),
  KEY `ordem` (`ordem`)
) ENGINE=InnoDB AUTO_INCREMENT=17 DEFAULT CHARSET=latin1;
SET character_set_client = @saved_cs_client;

--
-- Dumping data for table `nm_caracteristicashome`
--

LOCK TABLES `nm_caracteristicashome` WRITE;
/*!40000 ALTER TABLE `nm_caracteristicashome` DISABLE KEYS */;
INSERT INTO `nm_caracteristicashome` VALUES (7,'DESCRICAO|El código fuente de las aplicaciones es en PHP y JavaScript y utiliza tecnología AJAX :|||IMG_URL|img/imgtnresources.gif|||IMG_URL|img/imgtnresources.gif',0),(8,'AJAX',1),(9,'Grille Editable',2),(10,'Formulaires Maitres/Détaillés et rapports',3),(11,'Formulaires',4),(12,'Rapports',5),(13,'Menus',6),(14,'Tableaux',7),(15,'Autres fonctionnalités',9),(16,'Capacités multilingues',8);
/*!40000 ALTER TABLE `nm_caracteristicashome` ENABLE KEYS */;
UNLOCK TABLES;

--
-- Table structure for table `nm_clientes`
--

DROP TABLE IF EXISTS `nm_clientes`;
SET @saved_cs_client     = @@character_set_client;
SET character_set_client = utf8;
CREATE TABLE `nm_clientes` (
  `codigo` int(11) NOT NULL AUTO_INCREMENT,
  `categoria` int(11) NOT NULL,
  `nome_cliente` varchar(250) NOT NULL,
  `logotipo` varchar(250) NOT NULL,
  `descricao` varchar(250) DEFAULT NULL,
  `site` varchar(250) DEFAULT NULL,
  `flag_principais` char(1) NOT NULL DEFAULT 'N',
  `ordem` int(11) NOT NULL DEFAULT '0',
  PRIMARY KEY (`codigo`),
  KEY `ordem` (`ordem`),
  KEY `categoria` (`categoria`),
  CONSTRAINT `nm_clientes_ibfk_1` FOREIGN KEY (`categoria`) REFERENCES `nm_clientes_categorias` (`codigo`)
) ENGINE=InnoDB AUTO_INCREMENT=68 DEFAULT CHARSET=latin1;
SET character_set_client = @saved_cs_client;

--
-- Dumping data for table `nm_clientes`
--

LOCK TABLES `nm_clientes` WRITE;
/*!40000 ALTER TABLE `nm_clientes` DISABLE KEYS */;
INSERT INTO `nm_clientes` VALUES (7,1,'Presidência da República','/img/presidencia_republica.png',NULL,NULL,'S',1),(8,1,'Ministério da Cultura','/img/minc.png',NULL,NULL,'S',2),(9,1,'Anvisa ','/img/anvisaa.png',NULL,NULL,'N',3),(10,1,'Ministério da Defesa','/img/ministerio_defesa.png',NULL,NULL,'N',4),(11,2,'Prodesp (SP)','/img/prodesp.png',NULL,NULL,'S',1),(12,2,'Proderj (RJ)','/img/proderj.png',NULL,NULL,'S',2),(13,2,'ATI  (PE)','/img/ati.png',NULL,NULL,'S',3),(14,2,'SGI (MS)','/img/sgi.png',NULL,NULL,'S',4),(15,2,'Secretaria da Agricultura (SP)','/img/seagri_sp.png',NULL,NULL,'S',5),(16,2,'Secretaria de Transporte Metropolitanos (SP)','/img/stm_sp.png',NULL,NULL,'S',6),(17,2,'Secretaria de Educação (PE)','/img/pernambuco.png',NULL,NULL,'S',7),(18,2,'Secretaria de Governo (BA)','/img/bahia.png',NULL,NULL,'N',8),(19,2,'Secretaria da Saude (BA)','/img/bahia.png',NULL,NULL,'S',9),(20,2,'Secretaria de Segurança Publica (SE)','/img/ssp_se.png',NULL,NULL,'S',10),(21,2,'Policia Militar (PR)','/img/pmpr.png',NULL,NULL,'S',11),(22,2,'Policia Militar (RJ)','/img/pmrj.png',NULL,NULL,'S',12),(23,2,'Corpo de Bombeiros (SP)','/img/bmsaopaulo.png',NULL,NULL,'S',13),(24,2,'Corpo de Bombeiros (AC)','/img/bombeiro_ac.png',NULL,NULL,'S',14),(25,3,'Prefeitura de Americana (SP)','/img/americana_sp.png',NULL,NULL,'S',1),(26,3,'Prefeitura de Limeira (SP)','/img/limeira_sp.png',NULL,NULL,'S',2),(27,3,'Prefeitura de Piracicaba (SP)','/img/piracicapa_sp.png',NULL,NULL,'S',3),(28,3,'Prefeitura de Palmas (TO)','/img/palmas_to.png',NULL,NULL,'S',4),(29,3,'Prefeitura de Arapiraca (AL)','/img/arapiraca_al.png',NULL,NULL,'S',5),(30,3,'Prefeitura de Sobral (CE)','/img/sobral_ce.png',NULL,NULL,'S',6),(31,3,'Prefeitura de Guarapuava (PR)','/img/guarapuava_pr.png',NULL,NULL,'S',7),(32,3,'Câmara de Osasco (SP)','/img/camara_osasco_sp.png',NULL,NULL,'S',8),(33,3,'Câmara de Salvador (BA)','/img/temnao.jpg',NULL,NULL,'N',9),(34,3,'Câmara de São Paulo (SP)','/img/camara_sp.png',NULL,NULL,'S',10),(35,3,'Câmara do Rio de Janeiro (RJ)','/img/camara_rj.png',NULL,NULL,'S',11),(36,3,'Guarda Civil Metropolitana (SP)','/img/guarda_civil_metropolitana.png',NULL,NULL,'S',12),(37,4,'CREA (SP)','/img/crea_sp.png',NULL,NULL,'S',1),(38,4,'COREN (SP)','/img/coren_sp.png',NULL,NULL,'S',2),(39,4,'CRECI (SP)','/img/creci_sp.png',NULL,NULL,'S',3),(40,5,'Simpress ','/img/simpress.jpg',NULL,NULL,'S',1),(41,5,'Schering Plough','/img/schering_plough.jpg',NULL,NULL,'S',2),(42,5,'Queiroz Galvão','/img/queiroz_galvao.png',NULL,NULL,'S',3),(43,5,'Fujitsu','/img/fujitsu-logo.jpg',NULL,NULL,'S',4),(44,5,'Cimpor ','/img/cimpor.png',NULL,NULL,'S',5),(45,5,'La Selva','/img/laselva.png',NULL,NULL,'S',6),(46,5,'Arvin Meritor','/img/arvin_meritor.png',NULL,NULL,'S',7),(47,5,'Baldacci','/img/baldacci.png',NULL,NULL,'S',8),(48,5,'Wheaton','/img/wheaton.png',NULL,NULL,'S',9),(49,5,'Zaraplast','/img/zaraplast.png',NULL,NULL,'S',10),(50,5,'Cimentos Poty','/img/cimentopoty.jpg',NULL,NULL,'S',11),(51,5,'Belmetal','/img/belmetal.png',NULL,NULL,'S',12),(52,5,'Grupo Brennand','/img/temnao.jpg',NULL,NULL,'N',13),(53,5,'Welleda','/img/weleda.png',NULL,NULL,'S',14),(54,6,'FACULDADE SEAMA (AP)','/img/seama.png',NULL,NULL,'S',1),(55,6,'FACULDADE MACKENZIE (SP)','/img/mackenzie.png',NULL,NULL,'S',2),(56,6,'UFPR (PR)','/img/ufpr.png',NULL,NULL,'S',3),(57,6,'UEPA (PA)','/img/uepa.png',NULL,NULL,'S',4),(58,6,'UFSCAR (SP)','/img/ufscar.png',NULL,NULL,'S',5),(59,6,'UNIVERSIDADE GAMA FILHO (RJ)','/img/gama.png',NULL,NULL,'S',6),(60,6,'UFGO (GO)','/img/temnao.jpg',NULL,NULL,'N',7),(61,6,'UEMS (MS)','/img/uems.png',NULL,NULL,'S',8),(62,6,'UNIFIEO (SP)','/img/unifieo.png',NULL,NULL,'S',9),(63,6,'FACULDADE INTEGRADA DA TERRA (DF)','/img/ftb.png',NULL,NULL,'S',10),(64,6,'FACULDADES INTEGRADAS TORRICELLI (SP)','/img/torricelli.png',NULL,NULL,'S',11),(65,6,'FAENAC (SP)','/img/faenac.png',NULL,NULL,'S',12),(66,6,'FACULDADES INTEGRADAS ANGLO AMERICANA (RJ)','/img/anglo_americana.png',NULL,NULL,'S',13),(67,6,'UNIVERSIDADE ESTADUAL DE FEIRA DE SANTANA','/img/uefs.png',NULL,NULL,'S',14);
/*!40000 ALTER TABLE `nm_clientes` ENABLE KEYS */;
UNLOCK TABLES;

--
-- Table structure for table `nm_clientes_cases`
--

DROP TABLE IF EXISTS `nm_clientes_cases`;
SET @saved_cs_client     = @@character_set_client;
SET character_set_client = utf8;
CREATE TABLE `nm_clientes_cases` (
  `codigo` int(11) NOT NULL AUTO_INCREMENT,
  `titulo` varchar(250) NOT NULL,
  `titulo_curto` varchar(250) NOT NULL,
  `url_documento` varchar(250) NOT NULL,
  `logo` varchar(250) NOT NULL,
  `descricao` varchar(250) NOT NULL,
  `ordem` int(11) NOT NULL,
  PRIMARY KEY (`codigo`)
) ENGINE=InnoDB DEFAULT CHARSET=latin1;
SET character_set_client = @saved_cs_client;

--
-- Dumping data for table `nm_clientes_cases`
--

LOCK TABLES `nm_clientes_cases` WRITE;
/*!40000 ALTER TABLE `nm_clientes_cases` DISABLE KEYS */;
/*!40000 ALTER TABLE `nm_clientes_cases` ENABLE KEYS */;
UNLOCK TABLES;

--
-- Table structure for table `nm_clientes_categorias`
--

DROP TABLE IF EXISTS `nm_clientes_categorias`;
SET @saved_cs_client     = @@character_set_client;
SET character_set_client = utf8;
CREATE TABLE `nm_clientes_categorias` (
  `codigo` int(11) NOT NULL AUTO_INCREMENT,
  `categoria` varchar(250) NOT NULL,
  `ordem` int(11) NOT NULL,
  PRIMARY KEY (`codigo`),
  KEY `ordem` (`ordem`)
) ENGINE=InnoDB AUTO_INCREMENT=7 DEFAULT CHARSET=latin1;
SET character_set_client = @saved_cs_client;

--
-- Dumping data for table `nm_clientes_categorias`
--

LOCK TABLES `nm_clientes_categorias` WRITE;
/*!40000 ALTER TABLE `nm_clientes_categorias` DISABLE KEYS */;
INSERT INTO `nm_clientes_categorias` VALUES (1,'Gouvernement fédéral du Brésil',1),(2,'Gouvernement de l\'État du Brésil',2),(3,'Gouvernement municipal au Brésil',3),(4,'Comités',4),(5,'Entreprises',5),(6,'Collèges, écoles et universités',6);
/*!40000 ALTER TABLE `nm_clientes_categorias` ENABLE KEYS */;
UNLOCK TABLES;

--
-- Table structure for table `nm_clientes_rolando`
--

DROP TABLE IF EXISTS `nm_clientes_rolando`;
SET @saved_cs_client     = @@character_set_client;
SET character_set_client = utf8;
CREATE TABLE `nm_clientes_rolando` (
  `id` int(11) NOT NULL AUTO_INCREMENT,
  `nome` varchar(255) NOT NULL,
  `ordem` int(11) DEFAULT NULL,
  PRIMARY KEY (`id`)
) ENGINE=MyISAM AUTO_INCREMENT=201 DEFAULT CHARSET=latin1;
SET character_set_client = @saved_cs_client;

--
-- Dumping data for table `nm_clientes_rolando`
--

LOCK TABLES `nm_clientes_rolando` WRITE;
/*!40000 ALTER TABLE `nm_clientes_rolando` DISABLE KEYS */;
INSERT INTO `nm_clientes_rolando` VALUES (1,'Thailand 3 Army Area					 ',1),(2,'Gruposoft Sistemas						 ',2),(3,'First Data Latvia						 ',3),(4,'PT Vaia Indonesia						 ',4),(5,'VoiceMpower							 ',5),(6,'2F INFORMATICA S.A.S.					 ',6),(7,'UNIDAT spol. s r.o.						 ',7),(8,'CHAMBRE DE COMMERCE 74					 ',8),(9,'Fater Spa							 ',9),(10,'R.S. Ricerca Sviluppo Srl					 ',10),(11,'Rush Security Services Ltd					 ',11),(12,'NUEVO HABITAR & ASOCIADOS					 ',12),(13,'Scantec Informática Lda					 ',13),(14,'Nicosia prof. Gaetano					 ',14),(15,'MICROFORMAS, S.A. DE C.V.					 ',15),(16,'Emiratesglass						 ',16),(17,'SAS SIALIS							 ',17),(18,'IMDEVE INFORMATIQUE						 ',18),(19,'EDV-Beratung Joerg Hillebrand				 ',19),(20,'IGE								 ',20),(21,'MundoSystem Colombia					 ',21),(22,'2FIT bv							 ',22),(23,'iGREJAfacil							 ',23),(24,'RCFP							 ',24),(25,'AVISNET SYSTEM INFORMATICA LTDA				 ',25),(26,'Mirasys Ltd							 ',26),(27,'GA BRAZILIAN ASSEMBLY OF GOD CHURCH				 ',27),(28,'Hamilton							 ',28),(29,'DELPHINEA CONSEILS						 ',29),(30,'trioservice							 ',30),(31,'NSZFI							 ',31),(32,'ABROM Informatikai Kft.					 ',32),(33,'examenvirtual.net						 ',33),(34,'Global technology Resources					 ',34),(35,'DATECSA S.A.						 ',35),(36,'IPSS							 ',36),(37,'Core4 Philippines						 ',37),(38,'Jupiter Information Services				 ',38),(39,'Invertek Ltd						 ',39),(40,'Erling Sande AS						 ',40),(41,'mobileObjects AG						 ',41),(42,'PAOLO ASTORI SPA						 ',42),(43,'Fox Business Systems					 ',43),(44,'Trivex Systems Ltd						 ',44),(45,'2FIT BV							 ',45),(46,'RP								 ',46),(47,'Stokke							 ',47),(48,'SEVE							 ',48),(49,'AMG								 ',49),(50,'Bracco Research SA						 ',50),(51,'Opieki Zdrowotnej						 ',51),(52,'Esware							 ',52),(53,'CH-Technology						 ',53),(54,'IND WEB SRL							 ',54),(55,'Taylor Associates						 ',55),(56,'Naturepix Photo						 ',56),(57,'Línea Publicidad S.A.					 ',57),(58,'WINE SQUARE SRL UNIPERSONALE				 ',58),(59,'Sygma Bouwmanagement BV					 ',59),(60,'TECprovide							 ',60),(61,'Gian Luca Fregnella & C: S.r.l.				 ',61),(62,'Management Solutions Software LLC				 ',62),(63,'Comune di Feltre						 ',63),(64,'Apertio gcv							 ',64),(65,'AXIMA S.R.L.						 ',65),(66,'GORD Systems Services					 ',66),(67,'Municipalidad Provincial de Cajamarca			 ',67),(68,'CCB - Cimpor Cimentos do Brasil Ltda			 ',68),(69,'Belmetal Industria e Comercio Ltda.				 ',69),(70,'CFA 							 ',70),(71,'CESB 							 ',71),(72,'TELEMATICA 							 ',72),(73,'Encalso 							 ',73),(74,'Simpress RICOH						 ',74),(75,'ArvinMeritor 						 ',75),(76,'NT SOFTWARE 						 ',76),(77,'Weleda 							 ',77),(78,'NEW TEMPER NOROESTE IND. 					 ',78),(79,'EZ TEC 							 ',79),(80,'ITEL INFORMÁTICA LTDA. (Matriz)				 ',80),(81,'CANADA MOTORS 						 ',81),(82,'AGROVALE 							 ',82),(83,'PXS SERVICES						 ',83),(84,'Yamaha musical division (Brasil)				 ',84),(85,'BSY - BUSINESSYSTEM 					 ',85),(86,'CCB - Cimpor 						 ',86),(87,'Anis Razuk Industria e Comercio Ltda			 ',87),(88,'TECNODATA TRANSITO LTDA					 ',88),(89,'Projects Comunicação Multimídia e Tecnologia Ltda.		 ',89),(90,'RTJ INFORMATICA LTDA - ME / CONTAINER SOLUTION		 ',90),(91,'ZARAPLAST   S/A						 ',91),(92,'SB Comércio LTDA.						 ',92),(93,'GEOCAD 							 ',93),(94,'HIPERMERCADO BERGAMINI					 ',94),(95,'IBF - Industria Brasileira de Filmes S/A			 ',95),(96,'BR CONNECTION COM E SERV DE INFORM LTDA			 ',96),(97,'VOCAL volvo dealer 						 ',97),(98,'Butantan foundation						 ',98),(99,'Schering Plough						 ',99),(100,'CREMER S.A							 ',100),(101,'Rayervas Deborayne Ind Com ltda.				 ',101),(102,'Distribuidora Curitiba de Papéis e Livros S.A.		 ',102),(103,'SERVI-SAN LTDA						 ',103),(104,'PROVIDER TECNOLOGIA DE SISTEMAS LTDA.			 ',104),(105,'Adubos Sudoeste LTDA					 ',105),(106,'Microcis Consultoria, Informática e Serviços Ltda		 ',106),(107,'INFOBOX - PORTO DIGITAL LTDA.				 ',107),(108,'Raphy Industria Textil Ltda					 ',108),(109,'Neuralnet Tecnologia e Serviços S.A., 			 ',109),(110,'Phoenix Engenharia de Software Ltda				 ',110),(111,'RECESA PISOS E AZULEJOS LTDA.				 ',111),(112,'MXM SISTEMAS E SERVIÇOS DE INFORMÁTICA LTDA.		 ',112),(113,'HYSSA ABRAHIM & CIA LTDA.					 ',113),(114,'Electro Aço Altona S/A					 ',114),(115,'CPAD 							 ',115),(116,'NICREGISTRO INTERNET PROVIDER 				 ',116),(117,'CBS S/A  - Cia Brasileira de Sandálias			 ',117),(118,'DFL Indústria e Comércio S/A				 ',118),(119,'Sólida Informática Ltda.					 ',119),(120,'Attié Calil Advogados Associados				 ',120),(121,'Laselva							 ',121),(122,'ARPMED 							 ',122),(123,'MODULUS 							 ',123),(124,'CONSULTAR 							 ',124),(125,'JL FURLAN 							 ',125),(126,'GAAK Brasil Internet 					 ',126),(127,'SS Digital 							 ',127),(128,'GISANET 							 ',128),(129,'Unimed 							 ',129),(130,'Agência Sul-Americana de Desenvolvimento			 ',130),(131,'Federal Solutions 						 ',131),(132,'PINHEIROS VEICULOS LTDA.					 ',132),(133,'ActiveMaster Soluções em Informatica Ltda			 ',133),(134,'All Tasks 							 ',134),(135,'Center Norte S/A 						 ',135),(136,'RB37 TECNOLOGIA DE INFORMÁTICA LTDA				 ',136),(137,'Wacco do Brasil LTDA					 ',137),(138,'Safety Engenharia e Sistemas p/ Informática Ltda.		 ',138),(139,'AGEMAR Transportes e Empreendimentos Ltda.			 ',139),(140,'Netuno Alimentos Ltda					 ',140),(141,'AZIN Tecnologia da Informação 				 ',141),(142,'St Comércio de Sistemas e Controles de Acesso Ltda		 ',142),(143,'RANUR AGENCIAMENTO DE CARGAS E TRANSPORTES LTDA		 ',143),(144,'Max Gear Indústria e Comercio de Auto Peças			 ',144),(145,'Construtora Tarjab Ltda.					 ',145),(146,'Limestone Marmores do Brasil LTDA (Imarf)			 ',146),(147,'ARWR Tecnologia em Informática Ltda				 ',147),(148,'Opencadd Advanced Technology 				 ',148),(149,'TASA TINTURARIA AMERICANA S.A				 ',149),(150,'FAAP/DF 							 ',150),(151,'TRON 							 ',151),(152,'Car System							 ',152),(153,'SP Vox Televendas Ltda					 ',153),(154,'Balitek  							 ',154),(155,'Binária Sistemas 						 ',155),(156,'Hi-Soft 							 ',156),(157,'Vitapan Indústria Farmacêutica LTDA				 ',157),(158,'Assist Comercio e Serviços Ltda -  Epp			 ',158),(159,'BELÉM IMPORTADOS						 ',159),(160,'Hospfar Indústria de Produtos Hospitalares Ltda.		 ',160),(161,'EDM ALPHAGRAPHICS						 ',161),(162,'FASTPRINT LTDA.						 ',162),(163,'PROVIDER PRODUTOS E SISTEMAS LTDA.				 ',163),(164,'HYPERBYTE INFORMATICA LTDA.					 ',164),(165,'Wagner Morgado - ME						 ',165),(166,'Prima Processamento de Dados Ltda.				 ',166),(167,'Tenosoft Software Ltda					 ',167),(168,'Unidrogas Indústria e Comércio de Medicamentos LTDA		 ',168),(169,'Dialecto Soluções Inteligentes				 ',169),(170,'Video Engenho & Arte - Veanet				 ',170),(171,'RBR Informatica LTDA					 ',171),(172,'Serviço de Saúde Dr. Candido Ferreira			 ',172),(173,'Credfort - Ferraz e Pinheiro Ltda. - EPP			 ',173),(174,'RRH S/C LTDA.						 ',174),(175,'D.S.I.  -  Delta Sistemas de Informação Ltda		 ',175),(176,'TISS - Tecnologia Informação Sistemas e Serviços		 ',176),(177,'EXAME MEDICINA LABORATÓRIAL					 ',177),(178,'Sementes Talismã Ltda					 ',178),(179,'BEMFAM - Bem-Estar Familiar no Brasil			 ',179),(180,'CONSTAT SERVIÇOS EM INFORMÁTICA LTDA			 ',180),(181,'RF PARTICIPAÇÕES LTDA					 ',181),(182,'ADICON INTERMEDIAÇÃO E CONSULTORIA DE NEG. LTDA		 ',182),(183,'SMART TELECOMUNICACOES E SERVICOS LTDA.			 ',183),(184,'KEPLER SISTEMAS LTDA					 ',184),(185,'MIX MARKET COMERCIO DE PRODUTOS DE INFORMATICA LTDA		 ',185),(186,'SACRASOFT COMÉRCIO E INFORMÁTICA LTDA			 ',186),(187,'PONTUAL INFORMÁTICA LTDA.					 ',187),(188,'Studio Alfa Artes Graficas Ltda				 ',188),(189,'Element Marketing e Participações Ltda.			 ',189),(190,'LITIUM SOFTWARE CONSULTORIA LTDA.				 ',190),(191,'LTR SOLUÇÕES EM TECNOLOGIA DA INFORMAÇÃO LTDA ME 		 ',191),(192,'ANALITEC INFORMÁTICA LTDA					 ',192),(193,'REALWEB SOLUÇÕES LTDA.					 ',193),(194,'ROTECH CONSULTORIA E TECNOLOGIA LTDA			 ',194),(195,'CESVI BRASIL 						 ',195),(196,'Visual Sistemas de Informática e Automação Ltda.		 ',196),(197,'BGM Indústria e Comércio de Alimentos			 ',197),(198,'TRACE COMERCIAL  LTDA					 ',198),(199,'Integra Automação e Controle Ltda.				 ',199),(200,'Tela 7 Comunicação Digital					 ',200);
/*!40000 ALTER TABLE `nm_clientes_rolando` ENABLE KEYS */;
UNLOCK TABLES;

--
-- Table structure for table `nm_compara`
--

DROP TABLE IF EXISTS `nm_compara`;
SET @saved_cs_client     = @@character_set_client;
SET character_set_client = utf8;
CREATE TABLE `nm_compara` (
  `codigo` int(11) NOT NULL AUTO_INCREMENT,
  `caracteristica` varchar(250) NOT NULL,
  `ordem` int(11) NOT NULL,
  `has_images` char(1) NOT NULL DEFAULT 'S',
  PRIMARY KEY (`codigo`),
  KEY `ordem` (`ordem`)
) ENGINE=InnoDB AUTO_INCREMENT=55 DEFAULT CHARSET=latin1;
SET character_set_client = @saved_cs_client;

--
-- Dumping data for table `nm_compara`
--

LOCK TABLES `nm_compara` WRITE;
/*!40000 ALTER TABLE `nm_compara` DISABLE KEYS */;
INSERT INTO `nm_compara` VALUES (1,'Grid Applications',1,'S'),(2,'Form Applications',2,'S'),(3,'Menu Applications',3,'S'),(4,'Tree Menu Applications',4,'S'),(5,'Search Applications',5,'S'),(6,'Control Applications',7,'S'),(7,'Tab Applications',8,'S'),(8,'Unlimited number of applications.',9,'S'),(9,'Unlimited number of projects.',10,'S'),(10,'Unlimited database connections.',11,'S'),(11,'Allows simultaneous developers.',12,'S'),(12,'&nbsp;&nbsp;&nbsp;&nbsp;MySQL',17,'S'),(13,'&nbsp;&nbsp;&nbsp;&nbsp;PostgreSQL',18,'S'),(14,'&nbsp;&nbsp;&nbsp;&nbsp;SQLite',19,'S'),(15,'&nbsp;&nbsp;&nbsp;&nbsp;Interbase',20,'S'),(16,'&nbsp;&nbsp;&nbsp;&nbsp;Firebird',21,'S'),(17,'&nbsp;&nbsp;&nbsp;&nbsp;Access',22,'S'),(18,'&nbsp;&nbsp;&nbsp;&nbsp;Oracle',14,'S'),(19,'&nbsp;&nbsp;&nbsp;&nbsp;MS SQLServer',14,'S'),(20,'&nbsp;&nbsp;&nbsp;&nbsp;DB2',15,'S'),(21,'&nbsp;&nbsp;&nbsp;&nbsp;SyBase',16,'S'),(22,'International language support',45,'S'),(23,'Data Dictionary',12,'S'),(24,'Auto Searching, Sorting and Browsing',47,'S'),(25,'Drill down capabilities',48,'S'),(26,'Ajax Features',27,'N'),(27,'Charts and Chart Builder',37,'S'),(28,'Master Detail Applications (forms / reports)',8,'S'),(29,'Visual Styles Editor',38,'S'),(30,'Visual SQL Queries Builder',39,'S'),(31,'Applications Security',33,'N'),(32,'&nbsp;&nbsp;&nbsp;&nbsp;Role-based Access Control',34,'S'),(33,'Editable Grid Applications',8,'S'),(34,'&nbsp;&nbsp;&nbsp;&nbsp;Automatic session security',36,'S'),(35,'File Upload Controls',41,'S'),(36,'Rich Text Editor',42,'S'),(37,'Multiple Database Connections',43,'S'),(38,'Databases supported',13,'N'),(39,'PDF , XLS , XML , CSV, RTF exporting data',46,'S'),(40,'&nbsp;&nbsp;&nbsp;&nbsp;Auto complete fields',28,'S'),(41,'&nbsp;&nbsp;&nbsp;&nbsp;Auto reloadable fields',29,'S'),(42,'&nbsp;&nbsp;&nbsp;&nbsp;Events programming',30,'S'),(43,'&nbsp;&nbsp;&nbsp;&nbsp;Data Navigation',31,'S'),(44,'&nbsp;&nbsp;&nbsp;&nbsp;Fields data lookup',32,'S'),(45,'Crosstable summaries',85,'S'),(46,'&nbsp;&nbsp;&nbsp;&nbsp;Captcha object',35,'S'),(47,'Stored procedures support',90,'S'),(48,'Views support',91,'S'),(49,'Image Fields Support',40,'S'),(50,'&nbsp;&nbsp;&nbsp;&nbsp;<i>PrimaryKeys</i> Auto-validation',32,'S'),(51,'&nbsp;&nbsp;&nbsp;&nbsp;<i>ForeignKeys</i> Easy-validation',32,'S'),(52,'&nbsp;&nbsp;&nbsp;&nbsp;Data-types Auto-validation',32,'S'),(53,'&nbsp;&nbsp;&nbsp;&nbsp;Required fields Auto-Validation',32,'S'),(54,'Many-to-Many controls',80,'S');
/*!40000 ALTER TABLE `nm_compara` ENABLE KEYS */;
UNLOCK TABLES;

--
-- Table structure for table `nm_compara_produto`
--

DROP TABLE IF EXISTS `nm_compara_produto`;
SET @saved_cs_client     = @@character_set_client;
SET character_set_client = utf8;
CREATE TABLE `nm_compara_produto` (
  `codigo` int(11) NOT NULL AUTO_INCREMENT,
  `produto` varchar(250) NOT NULL,
  `ordem` int(11) NOT NULL,
  PRIMARY KEY (`codigo`)
) ENGINE=InnoDB AUTO_INCREMENT=3 DEFAULT CHARSET=latin1;
SET character_set_client = @saved_cs_client;

--
-- Dumping data for table `nm_compara_produto`
--

LOCK TABLES `nm_compara_produto` WRITE;
/*!40000 ALTER TABLE `nm_compara_produto` DISABLE KEYS */;
INSERT INTO `nm_compara_produto` VALUES (1,'ScriptCase Profesional Edition',1),(2,'ScriptCase Enterprise Edition',2);
/*!40000 ALTER TABLE `nm_compara_produto` ENABLE KEYS */;
UNLOCK TABLES;

--
-- Table structure for table `nm_compara_x_produto`
--

DROP TABLE IF EXISTS `nm_compara_x_produto`;
SET @saved_cs_client     = @@character_set_client;
SET character_set_client = utf8;
CREATE TABLE `nm_compara_x_produto` (
  `cd_compara` int(11) NOT NULL,
  `cd_compara_produto` int(11) NOT NULL,
  PRIMARY KEY (`cd_compara`,`cd_compara_produto`),
  KEY `cd_compara_produto` (`cd_compara_produto`),
  CONSTRAINT `nm_compara_x_produto_ibfk_1` FOREIGN KEY (`cd_compara`) REFERENCES `nm_compara` (`codigo`),
  CONSTRAINT `nm_compara_x_produto_ibfk_2` FOREIGN KEY (`cd_compara_produto`) REFERENCES `nm_compara_produto` (`codigo`)
) ENGINE=InnoDB DEFAULT CHARSET=latin1;
SET character_set_client = @saved_cs_client;

--
-- Dumping data for table `nm_compara_x_produto`
--

LOCK TABLES `nm_compara_x_produto` WRITE;
/*!40000 ALTER TABLE `nm_compara_x_produto` DISABLE KEYS */;
INSERT INTO `nm_compara_x_produto` VALUES (1,1),(2,1),(3,1),(4,1),(5,1),(6,1),(7,1),(8,1),(9,1),(10,1),(11,1),(12,1),(13,1),(14,1),(15,1),(16,1),(17,1),(22,1),(23,1),(24,1),(25,1),(26,1),(27,1),(28,1),(29,1),(30,1),(31,1),(32,1),(33,1),(34,1),(35,1),(36,1),(37,1),(38,1),(39,1),(40,1),(41,1),(42,1),(43,1),(44,1),(45,1),(46,1),(47,1),(48,1),(49,1),(50,1),(51,1),(52,1),(53,1),(54,1),(1,2),(2,2),(3,2),(4,2),(5,2),(6,2),(7,2),(8,2),(9,2),(10,2),(11,2),(12,2),(13,2),(14,2),(15,2),(16,2),(17,2),(18,2),(19,2),(20,2),(21,2),(22,2),(23,2),(24,2),(25,2),(26,2),(27,2),(28,2),(29,2),(30,2),(31,2),(32,2),(33,2),(34,2),(35,2),(36,2),(37,2),(38,2),(39,2),(40,2),(41,2),(42,2),(43,2),(44,2),(45,2),(46,2),(47,2),(48,2),(49,2),(50,2),(51,2),(52,2),(53,2),(54,2);
/*!40000 ALTER TABLE `nm_compara_x_produto` ENABLE KEYS */;
UNLOCK TABLES;

--
-- Table structure for table `nm_depoimentos`
--

DROP TABLE IF EXISTS `nm_depoimentos`;
SET @saved_cs_client     = @@character_set_client;
SET character_set_client = utf8;
CREATE TABLE `nm_depoimentos` (
  `id_depoimento` int(11) NOT NULL AUTO_INCREMENT,
  `empresa` varchar(250) NOT NULL DEFAULT '',
  `fantasia` varchar(250) NOT NULL DEFAULT '',
  `mensagem` text NOT NULL,
  `autor` varchar(250) NOT NULL DEFAULT '',
  `cargo` varchar(250) NOT NULL,
  `site` varchar(250) NOT NULL,
  `logo` varchar(250) NOT NULL,
  `ordem` int(11) NOT NULL DEFAULT '0',
  PRIMARY KEY (`id_depoimento`),
  KEY `ordem` (`ordem`)
) ENGINE=InnoDB DEFAULT CHARSET=latin1;
SET character_set_client = @saved_cs_client;

--
-- Dumping data for table `nm_depoimentos`
--

LOCK TABLES `nm_depoimentos` WRITE;
/*!40000 ALTER TABLE `nm_depoimentos` DISABLE KEYS */;
/*!40000 ALTER TABLE `nm_depoimentos` ENABLE KEYS */;
UNLOCK TABLES;

--
-- Table structure for table `nm_descricao`
--

DROP TABLE IF EXISTS `nm_descricao`;
SET @saved_cs_client     = @@character_set_client;
SET character_set_client = utf8;
CREATE TABLE `nm_descricao` (
  `codigo` int(11) NOT NULL AUTO_INCREMENT,
  `topico` text NOT NULL,
  `ordem` int(11) NOT NULL,
  PRIMARY KEY (`codigo`),
  KEY `ordem` (`ordem`)
) ENGINE=InnoDB AUTO_INCREMENT=8 DEFAULT CHARSET=latin1;
SET character_set_client = @saved_cs_client;

--
-- Dumping data for table `nm_descricao`
--

LOCK TABLES `nm_descricao` WRITE;
/*!40000 ALTER TABLE `nm_descricao` DISABLE KEYS */;
INSERT INTO `nm_descricao` VALUES (1,'<strong> ScriptCase </ strong> est un générateur de code PHP complet. A travers des interfaces ergonomiques, ScriptCase construit des applications web de qualité et avec une intégration d\'équipe,<strong>économisant du temps et augmentant la productivité.</strong>',2),(4,'Générez des applications web PHP très rapidement',1),(6,'IMG_CONF|float:right; margin-top: -170px; margin-right: -25px; height:220px;|||IMG_URL|img/imgusers.gif|||DIV_HEIGHT|height:340px;',0),(7,'ScriptCase support la plupart des bases de données utilisées comme Oracle, DB2, MS SQLServer, MySQL, PostgreSQL, Sybase, MS Access et d\'autres encore.\r\n<br /> <br /> \r\nLe code source de l\'application est fait avec du PHP et du Javascript et utilise la technologie AJAX. Les applications fonctionnent complètement indépendemment de l\'outil et sont compatibles avec   Windows, Unix, AS/400 et d\\\'autres sytèmes. \r\n<br /> <br /> \r\nLe développement est fait directement à travers le navigateur, permettant l\'intégration d\'équipes et le développement distribué.',3);
/*!40000 ALTER TABLE `nm_descricao` ENABLE KEYS */;
UNLOCK TABLES;

--
-- Table structure for table `nm_doc_categoria`
--

DROP TABLE IF EXISTS `nm_doc_categoria`;
SET @saved_cs_client     = @@character_set_client;
SET character_set_client = utf8;
CREATE TABLE `nm_doc_categoria` (
  `codigo` int(11) NOT NULL AUTO_INCREMENT,
  `categoria` varchar(250) NOT NULL,
  `url_link` varchar(250) DEFAULT NULL,
  `ordem` int(11) DEFAULT NULL,
  PRIMARY KEY (`codigo`)
) ENGINE=InnoDB AUTO_INCREMENT=2 DEFAULT CHARSET=latin1;
SET character_set_client = @saved_cs_client;

--
-- Dumping data for table `nm_doc_categoria`
--

LOCK TABLES `nm_doc_categoria` WRITE;
/*!40000 ALTER TABLE `nm_doc_categoria` DISABLE KEYS */;
INSERT INTO `nm_doc_categoria` VALUES (1,'Documentation en ligne','',1);
/*!40000 ALTER TABLE `nm_doc_categoria` ENABLE KEYS */;
UNLOCK TABLES;

--
-- Table structure for table `nm_doc_item`
--

DROP TABLE IF EXISTS `nm_doc_item`;
SET @saved_cs_client     = @@character_set_client;
SET character_set_client = utf8;
CREATE TABLE `nm_doc_item` (
  `codigo` int(11) NOT NULL AUTO_INCREMENT,
  `codigo_categoria` int(11) NOT NULL,
  `nome` varchar(250) NOT NULL,
  `descricao` varchar(250) DEFAULT NULL,
  `url_view` varchar(250) DEFAULT NULL,
  `target_view` varchar(250) DEFAULT NULL,
  `url_down` varchar(250) DEFAULT NULL,
  `ordem` int(11) DEFAULT NULL,
  PRIMARY KEY (`codigo`),
  KEY `codigo_categoria` (`codigo_categoria`),
  CONSTRAINT `nm_doc_item_ibfk_1` FOREIGN KEY (`codigo_categoria`) REFERENCES `nm_doc_categoria` (`codigo`)
) ENGINE=InnoDB AUTO_INCREMENT=3 DEFAULT CHARSET=latin1;
SET character_set_client = @saved_cs_client;

--
-- Dumping data for table `nm_doc_item`
--

LOCK TABLES `nm_doc_item` WRITE;
/*!40000 ALTER TABLE `nm_doc_item` DISABLE KEYS */;
INSERT INTO `nm_doc_item` VALUES (1,1,'<img src=\"../lib/img/usa.gif\" border=\"0\" title=\"English\" /> WebHelp','Manual ScriptCase (Multiple HTML Pages)','http://downloads.scriptcase.net/downloads/v4/manual/en_us/webhelp/manual_mp/manual_mp.htm','manual','',1),(2,1,'<img src=\"../lib/img/spain.gif\" border=\"0\" title=\"Español\" /> WebHelp','Manual ScriptCase (Pagina HTML multiple) ','http://downloads.scriptcase.net/downloads/v4/manual/es_es/webhelp/manual_mp/manual_mp.htm','manual','',2);
/*!40000 ALTER TABLE `nm_doc_item` ENABLE KEYS */;
UNLOCK TABLES;

--
-- Table structure for table `nm_estados`
--

DROP TABLE IF EXISTS `nm_estados`;
SET @saved_cs_client     = @@character_set_client;
SET character_set_client = utf8;
CREATE TABLE `nm_estados` (
  `EstadoID` char(2) NOT NULL DEFAULT '',
  `NomeEstado` varchar(20) NOT NULL DEFAULT '',
  PRIMARY KEY (`EstadoID`)
) ENGINE=InnoDB DEFAULT CHARSET=latin1;
SET character_set_client = @saved_cs_client;

--
-- Dumping data for table `nm_estados`
--

LOCK TABLES `nm_estados` WRITE;
/*!40000 ALTER TABLE `nm_estados` DISABLE KEYS */;
INSERT INTO `nm_estados` VALUES ('AC','Acre'),('AL','Alagoas'),('AM','Amazonas'),('AP','Amapá'),('BA','Bahia'),('CE','Ceará'),('DF','Distrito Federal'),('ES','Espírito Santo'),('GO','Goias'),('MA','Maranhão'),('MG','Minas Gerais'),('MS','Mato Grosso do Sul'),('MT','Mato Grosso'),('PA','Pará'),('PB','Paraíba'),('PE','Pernambuco'),('PI','Piauí'),('PR','Paraná'),('RJ','Rio de Janeiro'),('RN','Rio Grande do Norte'),('RO','Rondônia'),('RR','Roraima'),('RS','Rio  Grande do Sul'),('SC','Santa Catarina'),('SE','Sergipe'),('SP','São Paulo'),('TO','Tocantins');
/*!40000 ALTER TABLE `nm_estados` ENABLE KEYS */;
UNLOCK TABLES;

--
-- Table structure for table `nm_exemplos_grupos`
--

DROP TABLE IF EXISTS `nm_exemplos_grupos`;
SET @saved_cs_client     = @@character_set_client;
SET character_set_client = utf8;
CREATE TABLE `nm_exemplos_grupos` (
  `codigo` int(11) NOT NULL AUTO_INCREMENT,
  `grupo` varchar(250) NOT NULL,
  `ordem` int(11) NOT NULL,
  `destaque` varchar(1) NOT NULL,
  PRIMARY KEY (`codigo`),
  KEY `ordem` (`ordem`)
) ENGINE=InnoDB AUTO_INCREMENT=13 DEFAULT CHARSET=latin1;
SET character_set_client = @saved_cs_client;

--
-- Dumping data for table `nm_exemplos_grupos`
--

LOCK TABLES `nm_exemplos_grupos` WRITE;
/*!40000 ALTER TABLE `nm_exemplos_grupos` DISABLE KEYS */;
INSERT INTO `nm_exemplos_grupos` VALUES (1,'Formulários',3,'0'),(2,'Consultas, Relatórios e Gráficos',2,'0'),(3,'Formulários de Pesquisa',7,'0'),(4,'Aplicações de Menu',8,'0'),(5,'PDF Report',9,'0'),(6,'Aplicações de Aba',10,'0'),(7,'Internacionalização',4,'0'),(8,'Sistemas',1,'0'),(11,'Aplicação Blank',5,'1'),(12,'Aplicação Container',6,'1');
/*!40000 ALTER TABLE `nm_exemplos_grupos` ENABLE KEYS */;
UNLOCK TABLES;

--
-- Table structure for table `nm_exemplos_grupos_itens`
--

DROP TABLE IF EXISTS `nm_exemplos_grupos_itens`;
SET @saved_cs_client     = @@character_set_client;
SET character_set_client = utf8;
CREATE TABLE `nm_exemplos_grupos_itens` (
  `codigo` int(11) NOT NULL AUTO_INCREMENT,
  `exemplo_grupos` int(11) NOT NULL,
  `titulo` varchar(250) NOT NULL,
  `url` varchar(250) NOT NULL,
  `url_video` varchar(250) DEFAULT NULL,
  `target` varchar(32) NOT NULL,
  `target_video` varchar(32) DEFAULT NULL,
  `ordem` int(11) NOT NULL,
  `seloajax_sn` varchar(1) DEFAULT NULL,
  `selonew_sn` varchar(1) DEFAULT NULL,
  `descr` varchar(255) DEFAULT NULL,
  `destaque_order` int(11) DEFAULT NULL,
  `views` int(11) DEFAULT NULL,
  PRIMARY KEY (`codigo`),
  KEY `exemplo_grupos` (`exemplo_grupos`),
  KEY `ordem` (`ordem`),
  CONSTRAINT `nm_exemplos_grupos_itens_ibfk_1` FOREIGN KEY (`exemplo_grupos`) REFERENCES `nm_exemplos_grupos` (`codigo`)
) ENGINE=InnoDB AUTO_INCREMENT=59 DEFAULT CHARSET=latin1;
SET character_set_client = @saved_cs_client;

--
-- Dumping data for table `nm_exemplos_grupos_itens`
--

LOCK TABLES `nm_exemplos_grupos_itens` WRITE;
/*!40000 ALTER TABLE `nm_exemplos_grupos_itens` DISABLE KEYS */;
INSERT INTO `nm_exemplos_grupos_itens` VALUES (1,1,'Mestre/Detalhe','/sistemas/v5/exemplos_pt_br/form38/form38.php','tutoriais/form/form38.php','_blank','popup',1,'S','','Neste exemplo é desenvolvido um completo Mestre / Detalhe. ',NULL,146),(2,1,'Grid Editavel','/sistemas/v5/exemplos_pt_br/form39/form39.php','tutoriais/form/form39.php','_blank','popup',5,'S','','Exemplo do formulário grid editável.',NULL,92),(4,1,'Editor HTML','/sistemas/v5/exemplos_pt_br/form41/form41.php','tutoriais/form/form41.php','_blank','popup',7,'','','Neste exemplo é mostrado o uso do Editor HTML.',NULL,69),(5,1,'Formulario com Blocos e Abas','/sistemas/v5/exemplos_pt_br/form42/form42.php','tutoriais/form/form42.php','_blank','popup',6,'','','Este exemplo demonstra como organizar o formulário com Blocos e Abas.',NULL,69),(6,1,'Edição de um campo Select utilizando outro formulario','/sistemas/v5/exemplos_pt_br/form45/form45.php','tutoriais/form/form45.php','_blank','popup',8,'','','Veja como realizar a ligação para atualizar a tabela usada no campo select (combobox).',NULL,43),(8,2,'Usando Quebras e Totalização','/sistemas/v5/exemplos_pt_br/grid22/grid22.php','tutoriais/grid/grid22.php','_blank','popup',5,'','','Um exemplo de relatório com os recursos de quebras, totalização e resumo.',NULL,77),(9,2,'Resumo Pivot table','/sistemas/v5/exemplos_pt_br/grid29/grid29.php','tutoriais/grid/grid29.php','_blank','popup',2,'','','Este exemplo demonstra uma importante funcionalidade: o tipo de resumo Pivot.',NULL,116),(10,2,'Simples drill down','/sistemas/v5/exemplos_pt_br/grid14/grid14.php','tutoriais/grid/grid14.php','_blank','popup',4,'','','Este exemplo mostra como criar uma ligação entre duas consultas com passagem de parâmetros.',NULL,105),(14,2,'Relatorio Clientes x Pedido','/sistemas/v5/exemplos_pt_br/grid20/grid20.php','tutoriais/grid/grid20.php','_blank','popup',8,'','','Neste exemplo são usados duas aplicações de consulta, uma baseada na tabela de Clientes (Aplicação Mestre) e outra baseada na tabela de Pedidos (Aplicação Detalhe) para criar um relátorio de Subconsulta.',NULL,103),(15,3,'Recarga de campo usando AJAX','/sistemas/v5/exemplos_pt_br/grid31/grid31.php','tutoriais/search/grid31.php','_blank','popup',1,'S','','Aprenda a desenvolver uma aplicação de filtro utilizando recarga de campo Ajax. ',NULL,83),(16,3,'Criando Blocos na aplicação de Filtro','/sistemas/v5/exemplos_pt_br/grid30/grid30.php','tutoriais/search/grid30.php','_blank','popup',5,'','','Exemplo de aplicação de Filtro utilizando blocos.',NULL,32),(17,3,'Filtro e consulta na mesma pagina','/sistemas/v5/exemplos_pt_br/grid12/grid12.php','tutoriais/search/grid12.php','_blank','popup',3,'','','Este exemplo demonstra como criar uma consulta e filtro na mesma página.',NULL,42),(18,3,'Condições especiais para campos de data ','/sistemas/v5/exemplos_pt_br/search02/search02.php','tutoriais/search/search02.php','_blank','popup',4,'','','Este exemplo mostra como utilizar as condições especiais do ScriptCase no campo do tipo Data.',NULL,37),(19,4,'Menu Horizontal ','/sistemas/v5/exemplos_pt_br/menu01/menu01.php','tutoriais/menu/menu01.php','_blank','popup',1,'','','Este exemplo mostra como criar um menu horizontal.',NULL,118),(20,4,'Menu Tree','/sistemas/v5/exemplos_pt_br/menu02/menu02.php','tutoriais/menu/menu02.php','_blank','popup',5,'','','Veja como criar um menu árvore.',NULL,112),(21,5,'Cartão de Visitas em PDF','/sistemas/v5/exemplos_pt_br/pdf02/pdf02.php','tutoriais/pdf/pdf02.php','_blank','popup',1,'','','Com o ScriptCase é possível mostrar vários cartões de visita na mesma página. Aqui está um exemplo usando o Report PDF.',NULL,87),(22,5,'Imprimindo Nota Fiscal','/sistemas/v5/exemplos_pt_br/pdf03/pdf03.php','tutoriais/pdf/pdf03.php','_blank','popup',5,'','','Este exemplo mostra como criar uma Nota Fiscal no Report PDF.',NULL,80),(23,6,'Criando uma aplicação de Abas','/sistemas/v5/exemplos_pt_br/tab01/tab01.php','tutoriais/tabs/tab01.php','_blank','popup',1,'S','','Este exemplo explica como criar uma aplicação do tipo Aba.',NULL,161),(25,1,'Atualiza tabela de ligação','/sistemas/v5/exemplos_pt_br/form24/form24.php','tutoriais/form/form24.php','_blank','popup',9,'','','Aqui você aprenderá a criar uma aplicação que permite atualizar tabelas com relacionamento N:N utilizando objeto Duplo Select.',NULL,41),(26,2,'Consultas aninhadas usando treeview','/sistemas/v5/exemplos_pt_br/grid25/grid25.php','tutoriais/grid/grid25.php','_blank','popup',9,'','','Este exemplo demonstra como usar subconsultas com o formato treeview. ',NULL,105),(28,1,'Validação de Chave Unica ','/sistemas/v5/exemplos_pt_br/form44/form44.php','tutoriais/form/form44.php','_blank','popup',11,'S','','Exemplo de formulário utilizando validação de Chave Única.',NULL,29),(29,1,'Capturar informação de consulta','/sistemas/v5/exemplos_pt_br/form13/form13.php','tutoriais/form/form13.php','_blank','_blank',2,'','','A ligação de Captura do ScriptCase é um recurso muito útil para buscar informações relativas a um campo de uma aplicação durante uma atualização.',NULL,48),(31,7,'Consulta com troca de idioma','/sistemas/v5/exemplos_pt_br/grid_33/grid_33.php','tutoriais/internationalization/grid_33.php','_blank','popup',1,'','','Aqui é mostrado como criar um relatório com multi-idiomas.',NULL,25),(32,7,'Formulário de login com um campo de Idiomas','/sistemas/v5/exemplos_pt_br/ctr_5/ctr_5.php','tutoriais/internationalization/ctr_5.php','_blank','popup',5,'','','Neste exemplo, é possível selecionar o idioma através de um campo Select na aplicação de login. ',NULL,31),(33,1,'Capture Autocomplete ','/sistemas/v5/exemplos_pt_br/form54/form54.php','tutoriais/form/form54.php','_blank','popup',13,'S','','Outro exemplo de ligação de captura e um recurso útil: a função AutoComplete com AJAX.',NULL,53),(34,1,'Consulta e Formulario na mesma pagina','/sistemas/v5/exemplos_pt_br/form55/form55.php','tutoriais/form/form55.php','_blank','popup',14,'','','Neste exemplo é mostrado uma ligação entre consulta e formulário na mesma janela.',NULL,83),(35,1,'Simples Mestre-Detalhes para Empregados / Projetos ','/sistemas/v5/exemplos_pt_br/form56/form56.php','tutoriais/form/form56.php','_blank','popup',4,'','','Para criar uma aplicação mestre / detalhe simples serão utilizadas: uma consulta (para listar os funcionários), um formulário (para editar o funcionário) e um formulário grid editável (para editar os detalhes do funcionário) .',NULL,56),(36,1,'Atualizando relações Muitos-para-muitos  através de CheckBox List ','/sistemas/v5/exemplos_pt_br/form57/form57.php','tutoriais/form/form57.php','_blank','popup',10,'','','Neste tutorial você vai aprender como funciona o relacionamento muitos para muitos, usando uma aplicação de formulário com um campo checkbox.',NULL,56),(37,1,'Usando mascaras em Entrada de Dados','/sistemas/v5/exemplos_pt_br/form58/form58.php','tutoriais/form/form58.php','_blank','popup',2,'S','','Este exemplo aborda o uso de formulários com máscaras de entrada de dados e a validação do número de segurança social utilizando Ajax.',NULL,69),(38,8,'News','/sistemas4/sc_news_en_us/login/login.php','','_blank','',2,'','S','Sistema de notícias on-line tem todas as características básicas. Seu código é aberto para mudanças e distribuição para os clientes do ScriptCase. Ele roda nos bancos de dados Mysql ou Sqlite.',2,58),(39,8,'Album','/sistemas/v5/album/login/login.php','','_blank','',5,'','S','Sistema on-line de álbum tem muitas características avançadas para uso e manipulação de imagens. Seu código é aberto para mudanças e distribuição para os clientes do ScriptCase. Ele roda nos bancos de dados Mysql ou Sqlite',NULL,68),(40,1,'Usando Captcha no formulario de Login','/sistemas/v5/exemplos_pt_br/ctr06/ctr06.php','','_blank','',1,'','S','Veja como usar um objeto CAPTCHA em um formulário de login.',0,88),(41,2,'Resumo e gráfico','/sistemas/v5/exemplos_pt_br/grid34/grid34.php','tutoriais/grid/grid34.php','_blank','popup',0,'','S','Este exemplo mostra como criar um relatório com o resumo e gráfico na mesma página.',1,152),(42,2,'Resumo Pivot e Grafico','/sistemas/v5/exemplos_pt_br/grid35/grid35.php','tutoriais/grid/grid35.php','_blank','popup',2,'','S','Criando um resumo Pivot com gráficos.',NULL,112),(43,2,'Perfil de Empregado ','/sistemas/v5/exemplos_pt_br/grid36/grid36.php','','_blank','popup',13,'','S','Este exemplo demonstra como criar um consulta Slide utilizando Blocos e campo do tipo Imagem.',NULL,91),(44,2,'Avaliação de Produtos','/sistemas/v5/exemplos_pt_br/grid38/grid38.php','','_blank','popup',14,'','S','Neste exemplo é visto uma aplicação de consulta utilizando gráfico de linha.',NULL,77),(45,2,'Consulta Default','/sistemas/v5/exemplos_pt_br/grid39/grid39.php','','_blank','popup',16,'','','Exemplo de uma consulta simples',NULL,43),(46,2,'Consulta Mestre/detalhe','/sistemas/v5/exemplos_pt_br/grid40/grid40.php','','_blank','popup',15,'','S','Este exemplo mostra uma aplicação Mestre-detalhe de categorias/produtos.',NULL,74),(47,8,'Helpdesk','/sistemas/v5/helpdesk/','','_blank','',1,'','S','Confira nosso novo sistema de exemplo de Helpdesk e veja todo a flexibilidade que ScriptCase proporciona ao desenvolvedor.',1,173),(48,11,'Aplicação Blank ','/sistemas/v5/exemplos_pt_br/sample_blank_application/sample_blank_application.php','tutoriais/features/sample_blank_application.php','_blank','_blank',1,'S','S','Este exemplo mostra uma aplicação do tipo Blank usando JQUERY',1,141),(49,1,'Formulário com blocos treeview','/sistemas/v5/exemplos_pt_br/sample_block_expand_and_collapse/sample_block_expand_and_collapse.php','tutoriais/features/sample_block_expand_and_collapse.php','_blank','_blank',1,'S','S','Exemplo de aplicação de filtro com expansão de blocos',20,77),(50,2,'Gráfico Flash','/sistemas/v5/exemplos_pt_br/grid41/grid41.php','tutoriais/features/sample_chart.php','_blank','_blank',1,'S','S','Aplicação de consulta exibindo apenas o gráfico em Flash.',22,200),(51,12,'Container com gráficos','/sistemas/v5/exemplos_pt_br/sample_chart_main/sample_chart_main.php','tutoriais/features/sample_chart_main.php','_blank','_blank',1,'S','S','Aplicação de Container com gráficos em Flash',1,108),(52,12,'Aplicação de Container','/sistemas/v5/exemplos_pt_br/sample_container/sample_container.php','tutoriais/features/sample_container.php','_blank','_blank',1,'S','S','Aplicação de container mostrando resumo e gráfico em cada widget.',1,102),(54,2,'Ligação Modal','/sistemas/v5/exemplos_pt_br/sample_modal_main/sample_modal_main.php','tutoriais/features/sample_modal_main.php','_blank','_blank',1,'S','S','Aplicação de formulário com ligação utilizando modal.',21,126),(55,2,'Temas dinamicos','/sistemas/v5/exemplos_pt_br/sample_themes/sample_themes.php','tutoriais/features/sample_themes.php','_blank','_blank',3,'S','S','Consulta com opção para troca de tema em tempo de execução.',20,128),(57,4,'Menu Layout','/sistemas/v5/exemplos_pt_br/sample_treemenu/sample_treemenu.php','','_blank','_blank',1,'S','S','Menu usando Componente Layout',1,164),(58,3,'Formulário de Filtro abrindo em modal ','/sistemas/v5/exemplos_pt_br/search04/search04.php','','_blank','_blank',1,'S','S','Utilizando formulário de filtro em janela modal',1,64);
/*!40000 ALTER TABLE `nm_exemplos_grupos_itens` ENABLE KEYS */;
UNLOCK TABLES;

--
-- Table structure for table `nm_faq`
--

DROP TABLE IF EXISTS `nm_faq`;
SET @saved_cs_client     = @@character_set_client;
SET character_set_client = utf8;
CREATE TABLE `nm_faq` (
  `codigo` int(11) NOT NULL AUTO_INCREMENT,
  `pergunta` varchar(250) NOT NULL,
  `resposta` varchar(250) NOT NULL,
  `ordem` int(11) NOT NULL,
  PRIMARY KEY (`codigo`)
) ENGINE=InnoDB AUTO_INCREMENT=22 DEFAULT CHARSET=latin1;
SET character_set_client = @saved_cs_client;

--
-- Dumping data for table `nm_faq`
--

LOCK TABLES `nm_faq` WRITE;
/*!40000 ALTER TABLE `nm_faq` DISABLE KEYS */;
INSERT INTO `nm_faq` VALUES (1,'Qu\\\'est ce que ScriptCase?','ScriptCase est un générateur puissant d\\\'applications WEB orientées base de données.',1),(3,'Dans quelle language les applications sont elles générées?','Le code source de l\\\'application est du PHP / JavaScript / Html',2),(4,'Quelles sont les bases de données prises en charge?','Oracle, MS-SQL Server, DB2, MySQL, Informix, ProstGreSQL, Access, Interbase, Firebird et autres formes de ODBC ou de OLEDB.',3),(5,'Sur quels type de systèmes opérationnels les programmes générés peuvent t ils fonctionner?','Linux, Windows 98/ME/2000/2003/XP/VISTA, IBM I5 and any other OS with a PHP-enabled web server.',4),(6,'Dans quel language a été développé ScriptCase?','PHP et Javascript, donc l\\\'environnement de développement est une application web accessible depuis n\\\'importe quel navigateur web.',6),(7,'Quels sont les besoins pour exécuter ScriptCase?','Un serveur web (Apache, IIS, Sambar, Abyss, PWS, Xitami, etc) pouvant exécuter des scripts PHP et \\\"l\\\'Optimiseur Zend\\\"',6),(8,'Comment je peux accéder à l\\\'environnement de développement?','Directement à travers un navigateur web (IE, Mozilla, Opera, etc) qui accède au serveur Web sur lequel ScriptCase a été insbtallé.',7),(9,'Est ce que je peux accéder à l\\\'environnement de développement par internet?','Oui, si le serveur Web sur lequel ScriptCase est installé est accessible de l\\\'extérieur',8),(10,'Comment permet t il de gérer les contrôles de sécurité des développeurs?','Il y a une session d\\\'administration où les développeurs peuvent être enregistrés, être associés pour travailler en groupe et définir des politiques de sécurité.',9),(11,'Est ce que les applicatiosn générées par ScriptCase peuvent être publiées ou exportées vers un autres serveur Web, indépendant de ScriptCase? ','Oui, le code source php généré est complètement indépendent de ScriptCase, un serveur WEB permettant l\\\'exécution de PHP est suffisant pour la faire fonctionner.',10),(12,'Puis je créer des liens entre les applications générées?','Oui, vous pouvez isoler des applicationset ensuite faire des interconnexions entre elles.',11),(13,'Comment je peux maintenir les applicatiosn créées, doi je éditer le code source directement?','Non, tous les changements peuvent être faits en utilisant ScriptCase ssans éditer directement les fichiers .php.',12),(14,'Est il possible de créer un système entier avec ScriptCase? ','Oui, depuis l\\\'écran de connexion, en passant par les écran de rapports, les formulaires de saisie de données, le codage de la logique métier, tout ce dont vous avez besoin pour écrire une application complexe, vous pouvez le faire avec ScriptCase. ',13),(15,'Puis je faire appel à des programmes Delphi, VB , .NET or JAVA depuis Scriptcase?','Oui depuis php nous instantions des objets COM (COmponent Object Model), JAVA et d\\\'autres programmes externes',14),(17,'Où puis je trouver des informationq sur ScriptCase?','Directement sur le site www.scriptcase.net ou écrire à info@scriptcase.net.',15),(18,'Il y a t il de la documentation sur comment utiliser ScriptCase?','Toute la documentation est disponible sur le site. ',16),(21,'Il y a t il une version de démonstartioon que l\\\'on peut télécharger?','Vous pouvez télécharger une version gratuite de démonstration avec toutes toutes les fonctionnalités sur notre site.',17);
/*!40000 ALTER TABLE `nm_faq` ENABLE KEYS */;
UNLOCK TABLES;

--
-- Table structure for table `nm_grupo`
--

DROP TABLE IF EXISTS `nm_grupo`;
SET @saved_cs_client     = @@character_set_client;
SET character_set_client = utf8;
CREATE TABLE `nm_grupo` (
  `codigo` int(11) NOT NULL AUTO_INCREMENT,
  `nome` varchar(100) NOT NULL,
  PRIMARY KEY (`codigo`)
) ENGINE=InnoDB AUTO_INCREMENT=10 DEFAULT CHARSET=latin1;
SET character_set_client = @saved_cs_client;

--
-- Dumping data for table `nm_grupo`
--

LOCK TABLES `nm_grupo` WRITE;
/*!40000 ALTER TABLE `nm_grupo` DISABLE KEYS */;
INSERT INTO `nm_grupo` VALUES (1,'Administrador Site'),(8,'Administrador de Noticiais'),(9,'Administrador de Cursos/Workshop');
/*!40000 ALTER TABLE `nm_grupo` ENABLE KEYS */;
UNLOCK TABLES;

--
-- Table structure for table `nm_grupo_aplicacoes`
--

DROP TABLE IF EXISTS `nm_grupo_aplicacoes`;
SET @saved_cs_client     = @@character_set_client;
SET character_set_client = utf8;
CREATE TABLE `nm_grupo_aplicacoes` (
  `grupoid` int(11) NOT NULL,
  `aplicacaoid` varchar(50) NOT NULL,
  PRIMARY KEY (`grupoid`,`aplicacaoid`)
) ENGINE=InnoDB DEFAULT CHARSET=latin1;
SET character_set_client = @saved_cs_client;

--
-- Dumping data for table `nm_grupo_aplicacoes`
--

LOCK TABLES `nm_grupo_aplicacoes` WRITE;
/*!40000 ALTER TABLE `nm_grupo_aplicacoes` DISABLE KEYS */;
INSERT INTO `nm_grupo_aplicacoes` VALUES (1,'cons_alunos'),(1,'cons_alunos_cursos'),(1,'cons_clientes_categorias'),(1,'cons_depoimentos'),(1,'cons_example'),(1,'cons_exemplos_grupos'),(1,'cons_exemplos_grupos_itens'),(1,'cons_links'),(1,'cons_turma'),(1,'cons_turma_tipo'),(1,'cons_workshop'),(1,'cons_workshop_tipo'),(1,'form_aluno'),(1,'form_aplicacoes'),(1,'form_cases'),(1,'form_clientes'),(1,'form_clientes_categorias'),(1,'form_depoimentos'),(1,'form_example'),(1,'form_exemplos_grupos'),(1,'form_exemplos_grupos_itens'),(1,'form_grupo'),(1,'form_home'),(1,'form_links'),(1,'form_link_sub'),(1,'form_noticias'),(1,'form_sys_category'),(1,'form_turma'),(1,'form_turma_aluno'),(1,'form_turma_tipo'),(1,'form_usuario_grupo'),(1,'form_videos'),(1,'form_workshop'),(1,'form_workshop_alunos'),(1,'form_workshop_tipo'),(1,'frm_beneficios'),(1,'frm_homerecursos'),(1,'frm_recursos'),(1,'frm_sistemas'),(1,'frm_sistemas_caracteristicas'),(1,'grid_topics'),(1,'menu'),(8,'form_noticias'),(8,'menu'),(9,'cons_alunos'),(9,'cons_alunos_cursos'),(9,'cons_turma'),(9,'cons_turma_tipo'),(9,'cons_workshop'),(9,'cons_workshop_tipo'),(9,'form_aluno'),(9,'form_turma'),(9,'form_turma_aluno'),(9,'form_turma_tipo'),(9,'form_workshop'),(9,'form_workshop_alunos'),(9,'form_workshop_tipo'),(9,'menu');
/*!40000 ALTER TABLE `nm_grupo_aplicacoes` ENABLE KEYS */;
UNLOCK TABLES;

--
-- Table structure for table `nm_grupo_usuarios`
--

DROP TABLE IF EXISTS `nm_grupo_usuarios`;
SET @saved_cs_client     = @@character_set_client;
SET character_set_client = utf8;
CREATE TABLE `nm_grupo_usuarios` (
  `usuarioid` varchar(12) NOT NULL,
  `grupoid` int(11) NOT NULL,
  PRIMARY KEY (`usuarioid`,`grupoid`)
) ENGINE=InnoDB DEFAULT CHARSET=latin1;
SET character_set_client = @saved_cs_client;

--
-- Dumping data for table `nm_grupo_usuarios`
--

LOCK TABLES `nm_grupo_usuarios` WRITE;
/*!40000 ALTER TABLE `nm_grupo_usuarios` DISABLE KEYS */;
INSERT INTO `nm_grupo_usuarios` VALUES ('diogo',1),('erico',9),('hillus',1),('ricardo',1),('riva',1);
/*!40000 ALTER TABLE `nm_grupo_usuarios` ENABLE KEYS */;
UNLOCK TABLES;

--
-- Table structure for table `nm_newsletter`
--

DROP TABLE IF EXISTS `nm_newsletter`;
SET @saved_cs_client     = @@character_set_client;
SET character_set_client = utf8;
CREATE TABLE `nm_newsletter` (
  `news_email` varchar(250) NOT NULL,
  `deseja_receber` char(1) NOT NULL,
  `data_cadastro` datetime NOT NULL,
  `ip_auth` varchar(15) NOT NULL,
  `ja_recebeu` char(1) NOT NULL,
  PRIMARY KEY (`news_email`)
) ENGINE=InnoDB DEFAULT CHARSET=latin1;
SET character_set_client = @saved_cs_client;

--
-- Dumping data for table `nm_newsletter`
--

LOCK TABLES `nm_newsletter` WRITE;
/*!40000 ALTER TABLE `nm_newsletter` DISABLE KEYS */;
INSERT INTO `nm_newsletter` VALUES ('a.parmeggiani@email.it','S','2008-12-18 20:46:31','78.134.15.193','N'),('c.kitisak@hotmail.com','S','2008-11-11 04:46:42','58.8.12.85','N'),('fernanda@webinterface.com.br','S','2008-05-16 12:00:56','189.59.184.32','N'),('guilherme@netsoft.eti.br','S','2008-05-18 10:40:35','201.67.177.185','N'),('info@doc4pc.de','S','2008-12-11 18:36:36','91.35.26.34','N'),('mblanc@avansia.net','S','2009-09-21 05:16:04','79.92.3.218','N'),('oadiop@gmail.com','S','2009-04-18 18:05:09','41.249.81.65','N'),('rodrigo@netmake.com.br','S','2008-06-18 09:57:52','192.168.254.180','N'),('selvi@searchenginegenie.com','S','2008-12-15 09:53:31','122.164.39.127','N'),('sharyn4@gmail.com','S','2009-01-04 05:11:43','59.154.24.147','N'),('webmaster@touchwood.com','S','2008-11-11 04:47:14','58.8.12.85','N');
/*!40000 ALTER TABLE `nm_newsletter` ENABLE KEYS */;
UNLOCK TABLES;

--
-- Table structure for table `nm_noticiais`
--

DROP TABLE IF EXISTS `nm_noticiais`;
SET @saved_cs_client     = @@character_set_client;
SET character_set_client = utf8;
CREATE TABLE `nm_noticiais` (
  `codigo` int(11) NOT NULL AUTO_INCREMENT,
  `data_cadastro` datetime NOT NULL,
  `data_publicacao` datetime NOT NULL,
  `publicado` char(1) NOT NULL DEFAULT 'N',
  `titulo` varchar(250) NOT NULL,
  `mensagem_curta` varchar(250) NOT NULL,
  `mensagem_longa` text NOT NULL,
  `destaque` char(1) NOT NULL DEFAULT 'N',
  `destaque_logo` varchar(250) NOT NULL,
  PRIMARY KEY (`codigo`),
  KEY `data_publicacao` (`data_publicacao`),
  KEY `destaque` (`destaque`)
) ENGINE=InnoDB AUTO_INCREMENT=30 DEFAULT CHARSET=latin1;
SET character_set_client = @saved_cs_client;

--
-- Dumping data for table `nm_noticiais`
--

LOCK TABLES `nm_noticiais` WRITE;
/*!40000 ALTER TABLE `nm_noticiais` DISABLE KEYS */;
INSERT INTO `nm_noticiais` VALUES (27,'2008-04-30 12:15:51','2008-04-30 00:00:00','N','IBM, Netmake and IMES has created a Training Partner Program to qualify developers in PHP, ScriptCase and i5/OS DB2 professionals.','IBM, Netmake and IMES has created a Training Partner Program to qualify developers in PHP, ScriptCase and i5/OS DB2 professionals.','<p>\nSão Paulo, March 05, 2008 - The Institute of superior teaching of Sao Caetano do sul City, IMES, technicaly supported by IBM power systems division and the ScriptCase\'s developer company, NetMake, will be trainning students of information systems, WEB design and others courses using PHP on i5/OS, DB2 and MySQL. We estimate in this year about 120 students will be trainned on those technologies.\n</p>\n<p> \nThe IMES was one of the pioneers on i5/OS courses in Brazil, with classes since 1993. The Institute has actually more than one thousand students in technology courses, using a recently obtained i5 Power Systems server for Relational DataBase, programming and \"it fundamentals\" classes. \n</p>\n<p> \nThe i5/OS Operating System is reference in security, simplicity and integration. It has a legion of fans around the world and a very strong comunity. \"The support for PHP and MySQL on i5/OS brings new options to these costumers, adding a huge set of applications developed by the open source comunity to the existent i5/OS\'s portfolio\" announced Antonio Carlos Navarro, IBM Power Systems product manager in Brazil.  \n</p>\n<p> \n\"There is a high demand for professionals with expertise on i5 platform on the market. PHP and AJAX are essential technogies today to any developer. Obtain all those technologies is a great diferential to our students\", afirms the teacher Aparecido Freitas, IMES computing courses manager. \"Besides JAVA, RPG and COBOL training, we are bringing to our students all the versatility and features found in PHP, giving them a very usefull sigth in their careers. We hope to build all WEB design\'s projects using those technologies provided by IBM and Netmake\".\n</p>\n<p>\nThis partnership will make use of the Scriptcase framwork, build by Netmake. The ScriptCase is a full WEB development environment that allow to create WEB applications extremely fast with quality, saving time, lowering costs, increasing productivity and team integration.\n</p>\n<p>\nAbout IBM: IBM is the world largest technology company, a market leader in services, creation and development of the most advanced industry\'s information technology, including software, hardware and service solutions.\n</p>\n<p>\nAbout NetMake: Netmake is a brazilian company founded in 2001, located in Recife-PE, focused on WEB solutions.\n</p>','N',''),(28,'2008-12-04 15:21:45','2008-12-04 15:00:00','N','The PHP Classes is sponsored by Scriptcase for Language  Innovations Award','PHP Classes is sponsored by Scriptcase','<p><strong><em>The PHP Classes is sponsored by Scriptcase for Language  Innovations Award</em></strong></p>\r\n<p>The PHP Classes is a global PHP web community with more then 210  thousands users, from Brazil,  Turkey, Peru, France, Russia and others.<br />\r\n  </p>\r\n<p>Scriptcase,  a major reference PHP language in Brazil, is a sponsor to the PHP  Programming Innovations<strong></strong>Award, with monthly nominations  created by the site.  The award objective  is to recognize participants that contribute to the community enrichment by creating  innovative PHP classes’ functionalities.<br />\r\n  </p>\r\n<p>Every  month new published classes considered innovative by the site are indicated to  the award. During the following month the site signatories can vote to select  the most innovative class. The nominees and winner are announced at beginning  of following month.<br />\r\n  </p>\r\n<p>The winner  selects the sponsor of his/her choice prize. First eight more voted nominees  also receive a prize according to some regulation. <br />\r\n  August winner was Luis Martinez Ulloa, from Peru. He chose a Scriptcase license  as his prize to help him to develop other good ideas.</p>\r\n','S','http://files.phpclasses.org/graphics/elephpant_logo.gif'),(29,'2009-07-01 10:46:42','2009-06-30 17:00:00','S','Helpdesk System','Nouveau système Exemple: <a href=\"http://helpdesk.scriptcase.net/\" target=\"_blank\">http://helpdesk.scriptcase.net/</a>','Découvrez notre nouveau système d\'assistance par exemple et de voir toute la puissance que ScriptCase a à offrir.\nAller à la <a href=\"http://helpdesk.scriptcase.net/\" target=\"_blank\">http://helpdesk.scriptcase.net/</a>','S','http://www.scriptcase.net/siteen/news/img/sc_tickets.gif');
/*!40000 ALTER TABLE `nm_noticiais` ENABLE KEYS */;
UNLOCK TABLES;

--
-- Table structure for table `nm_posicao`
--

DROP TABLE IF EXISTS `nm_posicao`;
SET @saved_cs_client     = @@character_set_client;
SET character_set_client = utf8;
CREATE TABLE `nm_posicao` (
  `codigo` int(11) NOT NULL AUTO_INCREMENT,
  `posicao` varchar(32) NOT NULL,
  PRIMARY KEY (`codigo`)
) ENGINE=InnoDB AUTO_INCREMENT=3 DEFAULT CHARSET=latin1;
SET character_set_client = @saved_cs_client;

--
-- Dumping data for table `nm_posicao`
--

LOCK TABLES `nm_posicao` WRITE;
/*!40000 ALTER TABLE `nm_posicao` DISABLE KEYS */;
INSERT INTO `nm_posicao` VALUES (1,'Cima'),(2,'Baixo');
/*!40000 ALTER TABLE `nm_posicao` ENABLE KEYS */;
UNLOCK TABLES;

--
-- Table structure for table `nm_representantes`
--

DROP TABLE IF EXISTS `nm_representantes`;
SET @saved_cs_client     = @@character_set_client;
SET character_set_client = utf8;
CREATE TABLE `nm_representantes` (
  `codigo` int(11) NOT NULL AUTO_INCREMENT,
  `estado` varchar(30) NOT NULL DEFAULT '',
  `nome` varchar(30) NOT NULL DEFAULT '',
  `endereco` varchar(250) NOT NULL DEFAULT '',
  `telefone` varchar(30) NOT NULL DEFAULT '',
  `contato` varchar(30) NOT NULL DEFAULT '',
  `email` varchar(30) NOT NULL DEFAULT '',
  `site` varchar(30) NOT NULL DEFAULT '',
  `site_cursos` varchar(30) NOT NULL,
  `nivel` int(11) NOT NULL DEFAULT '0',
  `chat_dept` int(2) DEFAULT NULL,
  PRIMARY KEY (`codigo`),
  KEY `ik_nivel` (`nivel`)
) ENGINE=InnoDB AUTO_INCREMENT=22 DEFAULT CHARSET=latin1;
SET character_set_client = @saved_cs_client;

--
-- Dumping data for table `nm_representantes`
--

LOCK TABLES `nm_representantes` WRITE;
/*!40000 ALTER TABLE `nm_representantes` DISABLE KEYS */;
INSERT INTO `nm_representantes` VALUES (2,'Espírito Santo','Container Solution','Av. Marechal Mascarenhas de Moraes, 2562/202,Ed. Espaço Um,Vitória','27 33248835','Reginaldo Destefani','reginaldo@containersol.com.br','www.containersol.com.br','www.scriptcase.com.br',8,4),(9,'Bahia','INFOCRAFT','Rua Visconde do Rosário, 03, Edf. Augusto Borges, sls 407/410, Comércio, Salvador - BA','(71) 3243-8602','Raimundo Valente','infocraft@infocraft.com.br','www.infocraft.com.br','',4,4),(10,'Rio de Janeiro','WEBKEY Soluções em Internet','Av. Rio Branco, 277, sobre loja 102, Centro, Rio de Janeiro - RJ','(21) 3903-5975','Cláudio Bardanca','bardanca@webkey.com.br','www.webkey.com.br','',2,4),(15,'Ceará','COM3 Informática','Rua dos Cariris, 35 B, Praia de Iracema, Fortaleza - CE','(85) 3219-0778 / 8899-4133 ','Eliezer Júnior','junior@cearacultura.com.br','www.cearacultura.com.br','',5,4),(16,'Goiás-GO','Seer Consulting Services','Rua 137,  556, Ed. Alvorada, 1º andar, Setor Marista, Goiânia - GO','(62) 3278-3800 / 9266-6610','Clóvis Vieira / Edson Carlo','comercial@seer.com.br','www.seer.com.br','',3,4),(19,'Acre Amazonas Rondônia Roraima','AMTECH Soluções Inteligentes','Rua DIB, 245, Governador Aquilino Mota Duarte, Boa Vista - RR','(95) 3628-4079 / 9112-6129','Cleodon Farias','cleodon@scriptcase.com.br','','',6,4),(20,'Minas Gerais','Web Interface ','Av. Cristiano Machado, 640, sl 1408, Sagrada Família, Belo Horizonte - MG','(31) 3075-5096 / 9168-8990','Fernanda Campos Motta','fernanda@webinterface.com.br','www.webinterface.com.br','',7,4),(21,'Brasilia-DF','Line Brasil','SCRN Quadra 708/709  Bloco A Entrada 9 - 1 andar','(61) 3962-3000','Departamento Comercial','comercial@linebrasil.com.br','http://www.linebrasil.com.br','',2,4);
/*!40000 ALTER TABLE `nm_representantes` ENABLE KEYS */;
UNLOCK TABLES;

--
-- Table structure for table `nm_representantes_x_estado`
--

DROP TABLE IF EXISTS `nm_representantes_x_estado`;
SET @saved_cs_client     = @@character_set_client;
SET character_set_client = utf8;
CREATE TABLE `nm_representantes_x_estado` (
  `cd_representante` int(11) NOT NULL,
  `cd_estado` char(2) NOT NULL,
  PRIMARY KEY (`cd_representante`,`cd_estado`),
  CONSTRAINT `nm_representantes_x_estado_ibfk_1` FOREIGN KEY (`cd_representante`) REFERENCES `nm_representantes` (`codigo`)
) ENGINE=InnoDB DEFAULT CHARSET=latin1;
SET character_set_client = @saved_cs_client;

--
-- Dumping data for table `nm_representantes_x_estado`
--

LOCK TABLES `nm_representantes_x_estado` WRITE;
/*!40000 ALTER TABLE `nm_representantes_x_estado` DISABLE KEYS */;
INSERT INTO `nm_representantes_x_estado` VALUES (2,'ES'),(9,'BH'),(10,'RJ'),(15,'CE'),(16,'GO'),(19,'AC'),(19,'AM'),(19,'RO'),(19,'RR'),(20,'MG'),(21,'DF');
/*!40000 ALTER TABLE `nm_representantes_x_estado` ENABLE KEYS */;
UNLOCK TABLES;

--
-- Table structure for table `nm_site_links`
--

DROP TABLE IF EXISTS `nm_site_links`;
SET @saved_cs_client     = @@character_set_client;
SET character_set_client = utf8;
CREATE TABLE `nm_site_links` (
  `codigo` int(11) NOT NULL AUTO_INCREMENT,
  `link` varchar(250) NOT NULL,
  `link_open` varchar(250) DEFAULT NULL,
  `link_target` varchar(250) DEFAULT NULL,
  `ordem` int(11) NOT NULL,
  PRIMARY KEY (`codigo`),
  KEY `ordem` (`ordem`)
) ENGINE=InnoDB AUTO_INCREMENT=9 DEFAULT CHARSET=latin1;
SET character_set_client = @saved_cs_client;

--
-- Dumping data for table `nm_site_links`
--

LOCK TABLES `nm_site_links` WRITE;
/*!40000 ALTER TABLE `nm_site_links` DISABLE KEYS */;
INSERT INTO `nm_site_links` VALUES (1,'ScriptCase','../home/home.php','_self',1),(2,'Exemples','../samples/samples.php','_self',2),(3,'Download','../download/download.php','_self',3),(4,'Documentation','../docs/docs.php','_self',4),(5,'Acheter maintenant','../store/store.php','_self',5),(6,'Support','../support/support.php','_self',6),(7,'Entreprise','../company/company.php','_self',7),(8,'Videos','../videos/videos.php','_self',4);
/*!40000 ALTER TABLE `nm_site_links` ENABLE KEYS */;
UNLOCK TABLES;

--
-- Table structure for table `nm_site_links_sub`
--

DROP TABLE IF EXISTS `nm_site_links_sub`;
SET @saved_cs_client     = @@character_set_client;
SET character_set_client = utf8;
CREATE TABLE `nm_site_links_sub` (
  `codigo` int(11) NOT NULL AUTO_INCREMENT,
  `link_codigo` int(11) NOT NULL,
  `pagina` varchar(250) NOT NULL,
  `nome_exibir` varchar(250) NOT NULL,
  `link` varchar(250) NOT NULL,
  `target` varchar(250) NOT NULL,
  `ordem` int(11) NOT NULL,
  `hidden` char(1) DEFAULT 'N',
  PRIMARY KEY (`codigo`),
  UNIQUE KEY `pagina` (`pagina`),
  KEY `link_codigo` (`link_codigo`),
  KEY `ordem` (`ordem`),
  CONSTRAINT `nm_site_links_sub_ibfk_1` FOREIGN KEY (`link_codigo`) REFERENCES `nm_site_links` (`codigo`)
) ENGINE=InnoDB AUTO_INCREMENT=26 DEFAULT CHARSET=latin1;
SET character_set_client = @saved_cs_client;

--
-- Dumping data for table `nm_site_links_sub`
--

LOCK TABLES `nm_site_links_sub` WRITE;
/*!40000 ALTER TABLE `nm_site_links_sub` DISABLE KEYS */;
INSERT INTO `nm_site_links_sub` VALUES (1,1,'home','Home','../home/home.php','_self',1,'N'),(2,1,'features','Fonctionalités','../features/features.php','_self',2,'N'),(3,2,'samples','Exemples','../samples/samples.php','_self',1,'N'),(4,2,'systems','Exemples de systèmes','../systems/systems.php','_self',3,'N'),(5,2,'basesamples','Base d\'exemples','../basesamples/basesamples.php','_self',2,'N'),(6,3,'download','Download','../download/download.php','_self',1,'N'),(7,3,'download_others','Autres','../download_others/download_others.php','_self',2,'N'),(8,3,'download_old','Anciennes versions','../download_old/download_old.php','_self',3,'N'),(9,4,'docs','Documentation','../docs/docs.php','_self',1,'N'),(10,4,'training','Formation','../training/training.php','_self',2,'N'),(11,4,'changelog','Changelog','../changelog/changelog.php','_self',3,'N'),(12,4,'faq','FAQ','../faq/faq.php','_self',4,'N'),(13,5,'store','Acheter maintenant','../store/store.php','_self',1,'N'),(14,5,'buy_do','Acheter maintenant','../buy/buy_do.php','_self',1,'S'),(15,5,'buy','Acheter maintenant','../store/store.php','_self',1,'S'),(16,6,'support','Support','../support/support.php','_self',1,'N'),(17,6,'baseknowledge','Base de connaissance (Knowledge Base)','../baseknowledge/baseknowledge.php','_self',2,'N'),(18,7,'company','Qui sommes nous?','../company/company.php','_self',1,'N'),(19,7,'contact','Ecrivez nous','../contact/contact.php','_self',2,'N'),(21,5,'buy_course','Free Course','../buy_course/buy_course.php','_self',3,'N'),(22,5,'comparison','Comparison','../comparison/comparison.php','_self',2,'N'),(23,8,'videos','Videos','../videos/videos.php','_self',1,'N'),(24,5,'affiliate','Affiliate Program','../affiliate/affiliate.php','_self',3,'N'),(25,1,'version5','Version 5','../version5/version5.php','_self',3,'N');
/*!40000 ALTER TABLE `nm_site_links_sub` ENABLE KEYS */;
UNLOCK TABLES;

--
-- Table structure for table `nm_videos`
--

DROP TABLE IF EXISTS `nm_videos`;
SET @saved_cs_client     = @@character_set_client;
SET character_set_client = utf8;
CREATE TABLE `nm_videos` (
  `codigo` int(11) NOT NULL AUTO_INCREMENT,
  `url_video` varchar(250) NOT NULL,
  `label` varchar(250) NOT NULL,
  `thumb` varchar(250) NOT NULL,
  `ordem` int(11) NOT NULL,
  PRIMARY KEY (`codigo`),
  KEY `ordem` (`ordem`)
) ENGINE=InnoDB AUTO_INCREMENT=11 DEFAULT CHARSET=latin1;
SET character_set_client = @saved_cs_client;

--
-- Dumping data for table `nm_videos`
--

LOCK TABLES `nm_videos` WRITE;
/*!40000 ALTER TABLE `nm_videos` DISABLE KEYS */;
INSERT INTO `nm_videos` VALUES (1,'http://www.scriptcase.info/site/examples/video/en_us/com_audio/master_detail/master_detail.htm','Master/Detail form','img/video_thumb_01.gif',1),(2,'http://www.scriptcase.info/site/examples/video/en_us/com_audio/editable_grid/editable_grid.htm','AJAX Grid','img/video_thumb_02.gif',2),(3,'http://www.scriptcase.info/site/examples/video/en_us/com_audio/grid_customers_group_by_countries/grid_customers_group_by_countries.htm','Reports','img/video_thumb_03.gif',3),(4,'http://www.scriptcase.info/site/examples/video/en_us/com_audio/grid_with_group_by_and_totalling/grid_with_group_by_and_totalling.htm','Groupping and Totalls','img/video_thumb_04.gif',4),(5,'http://www.scriptcase.info/site/examples/video/en_us/com_audio/histogram_summary/histogram_summary.htm','HTML Pivot Tables','img/video_thumb_05.gif',5),(6,'http://www.scriptcase.info/site/examples/video/en_us/com_audio/subgrid/subgrid.htm','Nested reports','img/video_thumb_06.gif',6),(7,'http://www.scriptcase.info/site/examples/video/en_us/com_audio/grid_with_ajax_filter/grid_with_ajax_filter.htm','AJAX  search','img/video_thumb_07.gif',7),(8,'http://www.scriptcase.info/site/examples/video/en_us/com_audio/bussiness_card/bussiness_card.htm','PDF Bussiness Card','img/video_thumb_08.gif',8),(9,'http://www.scriptcase.info/site/examples/video/en_us/com_audio/pdf_invoice/pdf_invoice.htm','Invoices','img/video_thumb_09.gif',9),(10,'http://www.scriptcase.info/site/examples/video/en_us/com_audio/helpcase_overview/helpcase_overview.htm','HelpCase','img/video_thumb_10.gif',10);
/*!40000 ALTER TABLE `nm_videos` ENABLE KEYS */;
UNLOCK TABLES;

--
-- Table structure for table `nm_videos_categorias_youtube`
--

DROP TABLE IF EXISTS `nm_videos_categorias_youtube`;
SET @saved_cs_client     = @@character_set_client;
SET character_set_client = utf8;
CREATE TABLE `nm_videos_categorias_youtube` (
  `id` int(11) NOT NULL AUTO_INCREMENT,
  `categoria_nome` varchar(255) DEFAULT NULL,
  `ordem_exibicao` int(11) DEFAULT NULL,
  PRIMARY KEY (`id`)
) ENGINE=MyISAM AUTO_INCREMENT=6 DEFAULT CHARSET=latin1;
SET character_set_client = @saved_cs_client;

--
-- Dumping data for table `nm_videos_categorias_youtube`
--

LOCK TABLES `nm_videos_categorias_youtube` WRITE;
/*!40000 ALTER TABLE `nm_videos_categorias_youtube` DISABLE KEYS */;
INSERT INTO `nm_videos_categorias_youtube` VALUES (1,'Création de Reports',1),(3,'Complet ScriptCase overview',2),(4,'Un autre types d\'application',4),(5,'Création de forms',3);
/*!40000 ALTER TABLE `nm_videos_categorias_youtube` ENABLE KEYS */;
UNLOCK TABLES;

--
-- Table structure for table `nm_videos_youtube`
--

DROP TABLE IF EXISTS `nm_videos_youtube`;
SET @saved_cs_client     = @@character_set_client;
SET character_set_client = utf8;
CREATE TABLE `nm_videos_youtube` (
  `id` int(11) NOT NULL AUTO_INCREMENT,
  `video_titulo` varchar(255) DEFAULT NULL,
  `video_descricao` varchar(255) DEFAULT NULL,
  `id_categoria` int(11) DEFAULT NULL,
  `video_keywords` varchar(500) DEFAULT NULL,
  `ordem_exibicao` int(11) DEFAULT NULL,
  `url_youtube` varchar(255) DEFAULT NULL,
  PRIMARY KEY (`id`)
) ENGINE=MyISAM AUTO_INCREMENT=21 DEFAULT CHARSET=latin1;
SET character_set_client = @saved_cs_client;

--
-- Dumping data for table `nm_videos_youtube`
--

LOCK TABLES `nm_videos_youtube` WRITE;
/*!40000 ALTER TABLE `nm_videos_youtube` DISABLE KEYS */;
INSERT INTO `nm_videos_youtube` VALUES (1,'First steps & orders report in 4 minutes','How to create a multi-language PHP complete report',1,'PHP generator report multi-language pdf search form',1,'http://www.youtube.com/watch?v=NQGDubA8K9E'),(2,'Advanced AJAX Search form in 5 minutes','How to improove a search form using AJAX features, calendar components and more',1,'PHP generator search forms AJAX databases',2,'http://www.youtube.com/watch?v=TJ8gHZ4oowo'),(3,'Reports with Groups and Totals in 5 minutes','How to create brake down lines , sumaries, charts and more',1,'PHP generator reports charts groups totals',3,'http://www.youtube.com/watch?v=D3pL2NhrMl4'),(4,'Creating a link to drill down data between two reports in 4 minutes','How to create a link between to grids applicarions',1,'PHP generator drill down report grid',4,'http://www.youtube.com/watch?v=SIx5ANQHXvI'),(5,'Nested reports creation in 4 minutes','How to nest a grid into a report using a treeview component',1,'PHP generator nested reports treeview',5,'http://www.youtube.com/watch?v=EKPNrPCXJYU'),(6,'Cross-table style Reports in 3 minutes','How to create a Cross-Table / Pivot-Table / Multi-dimensional analysis style report',1,'PHP generator reports crosstable pivottable business inteligence BI',6,'http://www.youtube.com/watch?v=78tf2FGJ5qE'),(7,'ScriptCase WorkShop recorded','ScriptCase WorkShop recorded',3,'',0,'http://www.scriptcase.net/siteen/home/swf/workshop_eng.html'),(8,'Ajax Form in 2 minutes','Ajax Form in 2 minutes',5,'',1,'http://www.youtube.com/watch?v=y4diGwgLNZQ'),(9,'Spliting a form using HTML Blocks in 4 minutes','Spliting a form using HTML Blocks in 4 minutes',5,'',2,'http://www.youtube.com/watch?v=NUvme9uHQMk'),(10,'Form validating many field types in 4 minutes','Form validating many field types in 4 minutes',5,'',3,'http://www.youtube.com/watch?v=GeppLPQtihA'),(11,'Form validating tables keys in 4 minutes','Form validating tables keys in 4 minutes',5,'',4,'http://www.youtube.com/watch?v=Ay1lWK1o20I'),(12,'Form integrated with search page in 5 minutes','Form integrated with search page in 5 minutes',5,'',5,'http://www.youtube.com/watch?v=AZTaXQ8J304'),(13,'AJAX master detail Form in less then 4 minutes','AJAX master detail Form in less then 4 minutes',5,'',6,'http://www.youtube.com/watch?v=tzyAqxDhdXw'),(14,'AJAX users form using captcha component','AJAX users form using captcha component',5,'',7,'http://www.youtube.com/watch?v=x1hJSTq_y78'),(15,'Form using data pick up functionality','Form using data pick up functionality',5,'',8,'http://www.youtube.com/watch?v=JwKtaYhj8Pc'),(16,'Login application in 3 minutes','Login application in 3 minutes',4,'',1,'http://www.youtube.com/watch?v=VYxYhcwjRpo'),(17,'Menu application in 2 minutes','Menu application in 2 minutes',4,'',2,'http://www.youtube.com/watch?v=SKeq2rBdKmA'),(18,'ScriptCase over view Part 01','ScriptCase over view Part 01',3,'',2,'http://www.youtube.com/watch?v=APbF6mFSYzs'),(19,'ScriptCase over view Part 02','ScriptCase over view Part 02',3,'',3,'http://www.youtube.com/watch?v=A6gus7QrKbM'),(20,'ScriptCase over view Part 03','ScriptCase over view Part 03',3,'',4,'http://www.youtube.com/watch?v=WPaOF54mDZk');
/*!40000 ALTER TABLE `nm_videos_youtube` ENABLE KEYS */;
UNLOCK TABLES;
/*!40103 SET TIME_ZONE=@OLD_TIME_ZONE */;

/*!40101 SET SQL_MODE=@OLD_SQL_MODE */;
/*!40014 SET FOREIGN_KEY_CHECKS=@OLD_FOREIGN_KEY_CHECKS */;
/*!40014 SET UNIQUE_CHECKS=@OLD_UNIQUE_CHECKS */;
/*!40101 SET CHARACTER_SET_CLIENT=@OLD_CHARACTER_SET_CLIENT */;
/*!40101 SET CHARACTER_SET_RESULTS=@OLD_CHARACTER_SET_RESULTS */;
/*!40101 SET COLLATION_CONNECTION=@OLD_COLLATION_CONNECTION */;
/*!40111 SET SQL_NOTES=@OLD_SQL_NOTES */;

-- Dump completed on 2009-12-15 19:08:32
