--
-- Host: localhost    Database: nm_site5_en_us
-- ------------------------------------------------------


--
-- Table structure for table `nm_alunos`
--

CREATE TABLE `nm_alunos` (
  `codigo` int(11) NOT NULL AUTO_INCREMENT,
  `nome` varchar(60) NOT NULL,
  `cep` varchar(9) DEFAULT NULL,
  `cidade` varchar(32) NOT NULL,
  `estado` varchar(32) NOT NULL,
  `endereco` varchar(250) NOT NULL,
  `bairro` varchar(250) NOT NULL,
  `complemento` varchar(250) NOT NULL,
  `email` varchar(250) NOT NULL,
  `login` varchar(250) NOT NULL,
  `senha` varchar(250) NOT NULL,
  `telefone` varchar(250) NOT NULL,
  `celular` varchar(30) DEFAULT NULL,
  `cpf_cnpj` varchar(21) NOT NULL,
  `empresa` varchar(250) NOT NULL,
  `dt_cadastro` datetime DEFAULT NULL,
  `dt_atualizacao` datetime DEFAULT NULL,
  `ip` varchar(15) NOT NULL,
  `mini_agenda` longtext,
  `sexo` char(1) DEFAULT NULL,
  `data_nascimento` date DEFAULT NULL,
  PRIMARY KEY (`codigo`),
  UNIQUE KEY `login` (`login`)
) ENGINE=InnoDB AUTO_INCREMENT=6 DEFAULT CHARSET=latin1;

--
-- Dumping data for table `nm_alunos`
--

INSERT INTO `nm_alunos` VALUES (4,'ALAN VALLE DE LIMA','21853460','RIO DE JANEIRO','RJ','RUA LOMÉ, Nº 101','BANGU','BANGU','dc.alan@hotmail.com','dc.alan','123456','(21) 2405-1404','9781-3080','05442296732','CPAD','2009-12-11 07:34:18','2009-12-11 07:34:18','200.189.104.34',NULL,'u','0000-00-00'),(5,'Eilson Lopes de Oliveira','59148558','PARNAMIRIM','RN','Rua Santa Efigênia, 56','Emaús','Res. Therra Nostra I','noslie@bol.com.br','noslie','kelos1810','84 3615-2653','84 8803-7549','62303066468','','2009-12-11 10:50:47','2009-12-11 10:50:47','200.164.64.227',NULL,'u','0000-00-00');

--
-- Table structure for table `nm_aplicacoes`
--

CREATE TABLE `nm_aplicacoes` (
  `codigo` varchar(50) NOT NULL,
  `nome` varchar(100) NOT NULL,
  PRIMARY KEY (`codigo`)
) ENGINE=InnoDB DEFAULT CHARSET=latin1;

--
-- Dumping data for table `nm_aplicacoes`
--

INSERT INTO `nm_aplicacoes` VALUES ('cons_alunos','Consulta de Alunos'),('cons_alunos_cursos','Consulta de alunos por curso'),('cons_clientes_categorias','Consulta de clientes por categorias'),('cons_depoimentos','Consulta de depoimentos'),('cons_example','Consulta de Exemplos filtrado por Topico'),('cons_exemplos_grupos','Consulta das categorias dos exemplos'),('cons_exemplos_grupos_itens','Consulta dos exemplos'),('cons_links','Consulta Links Pai do site'),('cons_turma','Consulta de turmas'),('cons_turma_tipo','Consulta de tipos de turma'),('cons_workshop','Consulta de WorkShop'),('cons_workshop_tipo','Consulta de tipos de Workshop'),('form_aluno','Cadastro de alunos'),('form_aplicacoes','Cadastro de Aplicações do Sistema de Controle do Site'),('form_cases','Cadastro de cases'),('form_clientes','Cadastro de clientes'),('form_clientes_categorias','Cadastro das categorias dos clientes'),('form_depoimentos','Cadastro dos depoimentos'),('form_example','Cadastro de Exemplos'),('form_exemplos_grupos','Cadastro das categorias dos exemplos'),('form_exemplos_grupos_itens','Cadastro de exemplos'),('form_grupo','Cadastro de Grupos de Usuários do Sistema de Controle do Site'),('form_home','Cadastro dos textos da home'),('form_links','Cadastro dos Links PAI'),('form_link_sub','Cadastro dos Links FILHO'),('form_noticias','Cadastro de noticias'),('form_sys_category','Cadastro de sys_category'),('form_turma','Cadastro de curso'),('form_turma_aluno','Cadastro de alunos do curso'),('form_turma_tipo','Cadastro de tipo de curso'),('form_usuario_grupo','Cadastro do sistema de seguranca dos grupos dos usuarios'),('form_videos','Cadastro dos video da home'),('form_workshop','Cadastro de workshop'),('form_workshop_alunos','Cadastro de alunos do workshop'),('form_workshop_tipo','Cadastro de tipos de workshop'),('frm_beneficios','Cadastro de beneficios da home'),('frm_homerecursos','Cadastro de recursos da home'),('frm_recursos','Cadastro de recursos'),('frm_sistemas','Cadastro de Sistemas de Exemplos'),('frm_sistemas_caracteristicas','Cadastro de Topicos do Sistemas de Exemplos'),('grid_topics','Grid de Topicos dos Exemplos'),('menu','Menu do site');

--
-- Table structure for table `nm_apresentacao_online`
--

CREATE TABLE `nm_apresentacao_online` (
  `codigo` int(11) NOT NULL AUTO_INCREMENT,
  `apresentacao_tipo` int(11) NOT NULL,
  `data_apresentacao` date NOT NULL,
  `hora_apresentacao` time NOT NULL,
  `apresentado` char(1) NOT NULL DEFAULT 'N',
  `disponivel_site` char(1) NOT NULL DEFAULT 'S',
  `qtd_alunos` int(10) NOT NULL,
  `reuniao_num` varchar(50) NOT NULL,
  `descricao` varchar(250) DEFAULT NULL,
  PRIMARY KEY (`codigo`),
  KEY `ik_apresentacao_tipo` (`apresentacao_tipo`),
  CONSTRAINT `nm_apresentacao_online_ibfk_1` FOREIGN KEY (`apresentacao_tipo`) REFERENCES `nm_apresentacao_online_tipo` (`codigo`)
) ENGINE=InnoDB AUTO_INCREMENT=13 DEFAULT CHARSET=latin1;

--
-- Dumping data for table `nm_apresentacao_online`
--

INSERT INTO `nm_apresentacao_online` VALUES (1,1,'2009-11-30','10:30:00','N','S',15,'795318112','gotomeeting'),(2,1,'2009-11-30','16:00:00','N','S',15,'937232745','gotomeeting'),(3,1,'2009-12-14','10:30:00','N','S',15,'891282569','gotomeeting'),(4,1,'2009-12-14','16:00:00','N','S',15,'246593753','gotomeeting'),(5,1,'2009-12-15','10:30:00','N','S',15,'363160857','gotomeeting'),(6,1,'2009-12-15','16:00:00','N','S',15,'789653633','gotomeeting'),(7,1,'2009-12-16','10:30:00','N','S',15,'311086833','gotomeeting'),(8,1,'2009-12-16','16:00:00','N','S',15,'183561713','gotomeeting'),(9,1,'2009-12-17','10:30:00','N','S',15,'918546249','gotomeeting'),(10,1,'2009-12-17','16:00:00','N','S',15,'592357520','gotomeeting'),(11,1,'2009-12-18','10:30:00','N','S',15,'535554257','gotomeeting'),(12,1,'2009-12-18','16:00:00','N','S',15,'578926272','gotomeeting');

--
-- Table structure for table `nm_apresentacao_online_alunos`
--

CREATE TABLE `nm_apresentacao_online_alunos` (
  `codigo` int(11) NOT NULL AUTO_INCREMENT,
  `apresentacao_online` int(11) NOT NULL,
  `nome` varchar(60) NOT NULL,
  `cidade` varchar(32) DEFAULT NULL,
  `estado` varchar(32) DEFAULT NULL,
  `pais` varchar(250) DEFAULT NULL,
  `email` varchar(250) NOT NULL,
  `empresa` varchar(250) DEFAULT NULL,
  `telefone` varchar(250) DEFAULT NULL,
  `participou` char(1) DEFAULT 'N',
  `data_cadastro` datetime NOT NULL,
  `ip` varchar(15) NOT NULL,
  `email_enviado` int(11) DEFAULT NULL,
  `email_lembrete_enviado` int(11) DEFAULT NULL,
  PRIMARY KEY (`codigo`),
  KEY `fk_apresentacao_online` (`apresentacao_online`),
  CONSTRAINT `nm_apresentacao_online_alunos_ibfk_1` FOREIGN KEY (`apresentacao_online`) REFERENCES `nm_apresentacao_online` (`codigo`)
) ENGINE=InnoDB AUTO_INCREMENT=42 DEFAULT CHARSET=latin1;

--
-- Dumping data for table `nm_apresentacao_online_alunos`
--

INSERT INTO `nm_apresentacao_online_alunos` VALUES (1,3,'Neiva Diniz','São Paulo','SP',NULL,'neiva@scriptCase.com.br','LB','55052342','N','2009-12-10 21:43:08','189.121.245.208',NULL,NULL),(2,3,'THIAGO VIEIRA','CAMPO GRANDE','MS',NULL,'thiago@okconsultoria.com.br','OK CONSULTORIA .COM.BR','6792656589','N','2009-12-11 00:04:20','189.59.84.43',NULL,NULL),(3,3,'Júlia Correia','São João da Boa Vista','São Paulo',NULL,'julia@tecmil.com.br','Techno Millenium','19 3622 3309','N','2009-12-11 00:27:20','187.49.223.41',NULL,NULL),(4,3,'Marcus Tonini','Belo Horizonte','MG',NULL,'marcus@vaccinar.com.br','Vaccinar Ind e Com Ltda','31.3448.5000','N','2009-12-11 07:02:04','189.101.51.18',NULL,NULL),(5,4,'Braille','Itajuba','Minas Gerais',NULL,'braille@tecmil.com.br','Techno Millenium','11 9499 8255','N','2009-12-11 07:32:08','189.57.111.40',NULL,NULL),(6,3,'João Célio','Plano Piloto','Brasilia',NULL,'joao.santos@faapatletas.gov.br','Faap','(61) 3217-1841','N','2009-12-11 07:55:14','200.198.193.98',NULL,NULL),(7,3,'Ednaldo','Curitiba','PR',NULL,'ednaldo@nspenha.com.br','Penha','(41) 3271-8666','N','2009-12-11 07:55:24','201.40.242.50',NULL,NULL),(8,3,'Ronaldo Braz Rosa','Jandaia','Goiás',NULL,'ronaldobraz@uol.com.br','Infotec','(64)3563-1695','N','2009-12-11 08:01:18','189.74.154.225',NULL,NULL),(9,3,'Edson Blum dos Prazeres','Curitiba','Parana',NULL,'blum@nspenha.com.br','Penha','41 32718683','N','2009-12-11 08:02:48','201.40.242.50',NULL,NULL),(10,3,'João Paulo Valeriano Fonseca','Brasilia','DF',NULL,'valeriano@pmdf.df.gov.br','PMDF','(61)9169-1715','N','2009-12-11 08:12:50','189.123.16.224',NULL,NULL),(11,3,'Everton','Brasília','DF',NULL,'everton@cfa.org.br','CFA','6132181827','N','2009-12-11 08:33:19','189.85.80.210',NULL,NULL),(12,4,'EDIMAR DETTOGNI ZANELATO','VITÓRIA','ESPÍRITO SANTO',NULL,'EZANELATO@REDEGAZETA.COM.BR','REDE GAZETA','(27)3321-8581','N','2009-12-11 08:34:30','189.50.6.101',NULL,NULL),(13,3,'João Martins','Lisboa','Portugal',NULL,'joao@lnec.pt','LNEC','','N','2009-12-11 08:46:14','193.136.104.23',NULL,NULL),(14,3,'Jocivan Suassone Alves','PALMAS','TOCANTINS',NULL,'suassone@gmail.com','NATURATINS','3218-2650','N','2009-12-11 09:36:11','200.163.75.250',NULL,NULL),(15,3,'Jean Paiva','Belém','Pará',NULL,'atfenn@gmail.com','Santa Izabel Alimentos Ltda','(91)40094400','N','2009-12-11 11:10:37','200.242.193.122',NULL,NULL),(16,12,'ricrado kruger','Rio de Janeiro','Rio de Janeiro',NULL,'potalla@hotmail.com','','21 24310136','N','2009-12-11 11:22:33','189.122.53.8',NULL,NULL),(17,11,'Eduardo Oliveira','Brasília','DF',NULL,'ejaobr@yahoo.com.br','MSA/SPREAD','61 8407 4492','N','2009-12-11 12:04:43','200.198.205.19',NULL,NULL),(18,4,'Raimundo Luiz Oliveira','Feira de Santana','BA',NULL,'ray@coofsaude.com.br','CoofSaude - Cooperativa Feirense de Saude LTDA','75 3224-7704','N','2009-12-11 14:45:08','189.22.237.1',NULL,NULL),(19,3,'arlindo','recife','pe',NULL,'arlindo@scriptcase.net','','','N','2009-12-11 14:54:38','189.115.161.41',NULL,NULL),(20,12,'JOFRAN MENDES','FORTALEZA','CEARÁ',NULL,'jofran@macrosys.com.br','Macrosys','(85)3091-4603','N','2009-12-11 16:17:44','201.8.97.43',NULL,NULL),(21,3,'GILSOE DE OLIVEIRA MATOS','OSORIO','RIO GRANDE DO SUL',NULL,'gilsoematos@yahoo.com.br','B2 LOGISTICA LTDA','51-97675712','N','2009-12-11 22:45:40','189.45.36.38',NULL,NULL),(22,4,'Ezequiel Daguano','Nordborg','Aahus',NULL,'ezequiel@danfoss.com','Danfoss A/S','','N','2009-12-11 23:34:49','189.120.107.4',NULL,NULL),(23,4,'Valdiney','Campo Grande','MS',NULL,'valdiney@datalex.com.br','Autonomo','(67) 9282-0946','N','2009-12-12 11:31:53','189.27.95.129',NULL,NULL),(24,4,'clovis soares','recife','pe',NULL,'clovis360@gmail.com','base divisória','81 87747429','N','2009-12-12 13:59:51','189.81.11.175',NULL,NULL),(25,4,'Leonardo Timponi','Esmeraldas','Minas Gerais',NULL,'ltimponi@gmail.com','Perimetral','31-35381230','N','2009-12-13 08:59:57','189.107.169.165',NULL,NULL),(26,5,'MARCELO FERREIRA','RECIFE','PERNAMBUCO',NULL,'marcelo@netlogin.com.br','Pessoal','81-87395754','N','2009-12-14 08:35:33','189.93.210.116',NULL,NULL),(27,4,'Andre Luiz Dominiquini','São Paulo','São Paulo',NULL,'cpd@italicasaude.com.br','Itálica Saúde LTDA','(11)30684422','N','2009-12-14 10:02:36','189.47.209.104',NULL,NULL),(28,4,'Ronaldo Braz Rosa','Jandaia','Goiás',NULL,'ronaldobraz@uol.com.br','RA Informatica','(64)3563-1695','N','2009-12-14 10:15:11','189.74.154.225',NULL,NULL),(29,4,'Marcela Amorim','São Paulo','São Paulo',NULL,'marcela@netmake.com.br','LineBrasil','11 5505-2342','N','2009-12-14 10:41:14','189.121.4.52',NULL,NULL),(30,4,'Lucimar Magalhães','Jaguariúna','SP',NULL,'lamagalhaes@gmail.com','Assist Com. e Serv. Ltda','19 38674766','N','2009-12-14 13:10:20','201.26.203.123',NULL,NULL),(31,4,'sidnei','sao paulo','sao paulo',NULL,'ney@saopaulotecnologia.com.br','sidlain systems informatica ltda','84561960','N','2009-12-14 13:58:23','187.35.57.36',NULL,NULL),(32,5,'Valdiney','Campo Grande','MS',NULL,'valdiney@datalex.com.br','Autonomo','(67) 9282-0946','N','2009-12-14 16:30:13','189.27.74.190',NULL,NULL),(33,5,'Renato Belini','Teresina','Piaui',NULL,'renatobelini@hotmail.com','nenhuma','86 88014865','N','2009-12-14 16:43:33','187.41.121.123',NULL,NULL),(34,5,'João Paulo','Brasília','DF',NULL,'valeriano@pmdf.df.gov.br','PMDF','6191691715','N','2009-12-14 16:46:40','189.72.173.98',NULL,NULL),(35,5,'Leonardo Timponi','Esmeraldas','MG',NULL,'ltimponi@gmail.com','Perimetral','31-35381230','N','2009-12-14 18:37:00','189.107.164.80',NULL,NULL),(36,5,'Júlia Marsico Correia','São João da Boa Vista','São Paulo',NULL,'julia@tecmil.com.br','Techno Millenium','19 3622 3309','N','2009-12-15 07:22:14','189.57.111.40',NULL,NULL),(37,5,'Francisco Viégas','Recife','Peranmbuco',NULL,'franciscocviegas@yahoo.com.br','','(81)33417058','N','2009-12-15 09:58:56','200.149.243.18',NULL,NULL),(38,7,'Wilson','Brotas','SP',NULL,'wil_oliv@uol.com.br','','','N','2009-12-15 10:06:04','189.35.25.22',NULL,NULL),(39,10,'francisco ricardo','recife','pernambuco',NULL,'ricardo@netmake.com.br','','32','N','2009-12-15 10:51:22','189.115.161.41',NULL,NULL),(40,6,'Ezequiel Daguano','São Paulo','SP',NULL,'ezequiel@danfoss.com','',' 55 11 21355434','N','2009-12-15 12:47:07','189.42.139.132',NULL,NULL),(41,6,'Romulo Banhe','Jundiai','SP',NULL,'romulo.banhe@terra.com.br','Cerealista Maranhão','89577307','N','2009-12-15 13:24:08','189.57.116.226',NULL,NULL);

--
-- Table structure for table `nm_apresentacao_online_tipo`
--

CREATE TABLE `nm_apresentacao_online_tipo` (
  `codigo` int(11) NOT NULL AUTO_INCREMENT,
  `nome` varchar(250) NOT NULL,
  `descricao` text NOT NULL,
  `disponivel_site` char(1) NOT NULL,
  `cp_titulo` varchar(250) NOT NULL,
  `cp_pdf` varchar(250) NOT NULL,
  `ordem` int(11) DEFAULT NULL,
  PRIMARY KEY (`codigo`)
) ENGINE=InnoDB AUTO_INCREMENT=2 DEFAULT CHARSET=latin1;

--
-- Dumping data for table `nm_apresentacao_online_tipo`
--

INSERT INTO `nm_apresentacao_online_tipo` VALUES (1,'Online WorkShop','Online WorkShop','S','ScriptCase WorkShop','pdf/Workshop.pdf',1);

--
-- Table structure for table `nm_avaliacao`
--

CREATE TABLE `nm_avaliacao` (
  `avaliacao_id` int(11) NOT NULL AUTO_INCREMENT,
  `pagina` varchar(250) NOT NULL,
  `nota` int(11) NOT NULL,
  `comentario` text,
  `data` date DEFAULT NULL,
  `IP` varchar(30) DEFAULT NULL,
  `uniqid` varchar(30) NOT NULL,
  `pais` varchar(250) DEFAULT NULL,
  `idioma` varchar(30) DEFAULT NULL,
  PRIMARY KEY (`avaliacao_id`)
) ENGINE=MyISAM AUTO_INCREMENT=265 DEFAULT CHARSET=latin1;

--
-- Dumping data for table `nm_avaliacao`
--

INSERT INTO `nm_avaliacao` VALUES (5,'/siteen/samples/tutoriais/form/form13.php',5,NULL,'2009-04-10','195.234.177.66','49dec6db77813','Romania',NULL),(6,'/siteen/samples/tutoriais/grid/grid05.php',1,NULL,'2009-04-10','124.122.239.7','49dec1aac9e58','Thailand',NULL),(7,'/siteen/samples/tutoriais/grid/grid05.php',5,NULL,'2009-04-11','201.230.13.211','49e012a6d265c','Peru',NULL),(8,'/siteen/samples/tutoriais/grid/grid05.php',3,NULL,'2009-04-11','82.209.175.142','49e10ac8a6054','Sweden',NULL),(9,'/siteen/samples/tutoriais/grid/grid05.php',1,NULL,'2009-04-11','200.125.2.220','49e10d24960db','Uruguay',NULL),(10,'/siteen/samples/tutoriais/search/grid30.php',1,NULL,'2009-04-13','190.141.76.233','49e2cd1c1a5ad','Panama',NULL),(12,'/siteen/samples/tutoriais/grid/grid29.php',1,NULL,'2009-04-13','201.116.93.2','49e35c42d5fbf','Mexico',NULL),(13,'/siteen/samples/tutoriais/grid/grid05.php',5,NULL,'2009-04-13','122.169.132.124','49e36c404d70c','India',NULL),(14,'/siteen/samples/tutoriais/form/form39.php',3,NULL,'2009-04-13','62.21.75.11','49e3796c98d89','Poland',NULL),(20,'/siteen/samples/tutoriais/form/form44.php',1,'','2009-04-14','200.34.152.234','49e4cd56cf4ae','Mexico',NULL),(21,'/desenv/site4_en_us/samples/tutoriais/form/ctr06.php',3,NULL,'2009-04-14','127.0.0.1','49e4deffd59ff','XX',NULL),(22,'/siteen/samples/tutoriais/grid/grid05.php',3,'','2009-04-14','155.70.39.45','49e4f0fe75b62','United States',NULL),(23,'/siteen/samples/tutoriais/grid/grid05.php',3,'teste','2009-04-14','201.70.156.34','49e53e6d8625f','Brazil',NULL),(24,'/siteen/samples/tutoriais/form/form55.php',3,NULL,'2009-04-15','122.161.164.97','49e55e0a5473e','India',NULL),(25,'/siteen/samples/tutoriais/form/form42.php',4,NULL,'2009-04-15','123.108.207.10','49e5b832d8593','India',NULL),(26,'/siteen/samples/tutoriais/tabs/tab01.php',3,'teste','2009-04-15','192.168.254.102','49e5d50ade612','XX',NULL),(27,'/siteen/samples/tutoriais/grid/grid05.php',5,NULL,'2009-04-15','189.42.204.245','49e62cb24a3e9','Brazil',NULL),(28,'/siteen/samples/tutoriais/grid/grid05.php',5,NULL,'2009-04-15','189.42.204.245','49e62d3e98be7','Brazil',NULL),(29,'/siteen/samples/tutoriais/grid/grid05.php',5,'teste','2009-04-15','189.42.204.245','49e62d9c461d9','Brazil',NULL),(30,'/siteen/samples/tutoriais/internationalization/grid_33.php',1,NULL,'2009-04-18','41.249.81.65','49ea47b604109','Morocco',NULL),(31,'/siteen/samples/tutoriais/grid/grid05.php',1,NULL,'2009-04-19','41.226.37.248','49eb6f494ffbd','Tunisia',NULL),(32,'/siteen/samples/tutoriais/pdf/pdf02.php',1,NULL,'2009-04-20','125.160.121.235','49ebff815f7c6','Indonesia',NULL),(33,'/siteen/samples/tutoriais/menu/menu01.php',5,'','2009-04-20','125.160.121.235','49ec20e983004','Indonesia',NULL),(34,'/siteen/samples/tutoriais/grid/grid25.php',5,'','2009-04-20','192.168.254.180','49ecbc75926db','XX',NULL),(35,'/siteen/samples/tutoriais/grid/grid05.php',1,NULL,'2009-04-23','200.88.196.248','49f099fa446c3','Dominican Republic',NULL),(36,'/siteen/samples/tutoriais/grid/grid14.php',5,NULL,'2009-04-27','192.168.254.180','49f5f6ab571c1','XX',NULL),(37,'/siteen/samples/tutoriais/grid/grid05.php',3,NULL,'2009-04-28','190.41.225.20','49f68c016b156','Peru',NULL),(38,'/siteen/samples/tutoriais/form/form41.php',5,NULL,'2009-04-29','88.212.40.186','49f7f0999388c','Slovakia',NULL),(39,'/siteen/samples/tutoriais/grid/grid05.php',5,NULL,'2009-04-29','41.129.15.58','49f82a6e43e57','XX',NULL),(40,'/siteen/samples/tutoriais/tabs/tab01.php',4,NULL,'2009-04-29','77.89.3.17','49f8ed6636962','Italy',NULL),(41,'/siteen/samples/tutoriais/form/form40.php',5,NULL,'2009-04-30','59.90.244.11','49f97bce631fe','India',NULL),(42,'/siteen/samples/tutoriais/grid/grid25.php',1,NULL,'2009-04-30','117.47.89.73','49f9a42f124f5','Thailand',NULL),(43,'/siteen/samples/tutoriais/grid/grid14.php',2,NULL,'2009-05-01','88.149.150.66','49fb6249d799f','Italy',NULL),(44,'/siteen/samples/tutoriais/grid/grid20.php',4,NULL,'2009-05-02','122.174.76.118','49fbcccddb05a','India',NULL),(45,'/siteen/samples/tutoriais/form/form38.php',1,'some error found','2009-05-02','122.174.76.118','49fbd0c297697','India',NULL),(46,'/siteen/samples/tutoriais/grid/grid08.php',4,NULL,'2009-05-02','81.201.60.156','49fc067b633d6','Czech Republic',NULL),(47,'/siteen/samples/tutoriais/menu/menu02.php',5,'','2009-05-05','190.66.239.191','4a006d3703654','Colombia',NULL),(48,'/siteen/samples/tutoriais/pdf/pdf02.php',5,NULL,'2009-05-06','125.63.120.130','4a021aa8e2a83','India',NULL),(49,'/siteen/samples/tutoriais/grid/grid19.php',5,NULL,'2009-05-07','193.231.34.3','4a0272c2ab99a','Romania',NULL),(50,'/siteen/samples/tutoriais/form/form39.php',2,'Great','2009-05-10','59.95.29.174','4a06b41e4cd49','India',NULL),(51,'/siteen/samples/tutoriais/form/form38.php',5,NULL,'2009-05-10','89.79.152.120','4a076c087772a','Poland',NULL),(52,'/siteen/samples/tutoriais/search/grid31.php',3,'parabens pelo tutorial','2009-05-12','192.168.254.102','4a097fe910d0d','XX',NULL),(53,'/siteen/samples/tutoriais/menu/menu02.php',2,NULL,'2009-05-13','213.219.171.241','4a0a6b3c0ca26','Belgium',NULL),(54,'/siteen/samples/tutoriais/form/form39.php',5,'very good tutorial','2009-05-13','82.243.36.19','4a0ae47266468','France',NULL),(55,'/siteen/samples/tutoriais/form/form55.php',4,'Very good tutorial','2009-05-13','82.243.36.19','4a0ae5a1be025','France',NULL),(56,'/siteen/samples/tutoriais/grid/grid19.php',2,'','2009-05-13','92.24.148.76','4a0b3fd12e830','United Kingdom',NULL),(57,'/siteen/samples/tutoriais/form/form42.php',1,'','2009-05-15','114.128.3.48','4a0d0daa4dcd7','Thailand',NULL),(58,'/siteen/samples/tutoriais/grid/grid05.php',5,'','2009-05-15','194.247.204.15','4a0d718e95f0d','Serbia',NULL),(59,'/siteen/samples/tutoriais/tabs/tab01.php',1,NULL,'2009-05-15','190.128.126.96','4a0de9dc394f9','Colombia',NULL),(60,'/siteen/samples/tutoriais/form/form42.php',4,'Mas facil imposible','2009-05-16','190.73.83.80','4a0e3b95721be','Venezuela',NULL),(61,'/siteen/samples/tutoriais/grid/grid16.php',5,'','2009-05-17','190.73.83.80','4a0f95de66989','Venezuela',NULL),(62,'/siteen/samples/tutoriais/form/form58.php',5,'great article','2009-05-17','122.169.129.96','4a0fa91298d2a','India',NULL),(63,'/siteen/samples/tutoriais/grid/grid05.php',5,NULL,'2009-05-19','123.231.20.174','4a12a2a063c4b','Sri Lanka',NULL),(64,'/siteen/samples/tutoriais/grid/grid08.php',2,NULL,'2009-05-20','122.163.158.52','4a13a78746f2d','India',NULL),(65,'/siteen/samples/tutoriais/grid/grid27.php',5,NULL,'2009-05-20','186.80.124.187','4a13ebb22b4ad','XX',NULL),(66,'/siteen/samples/tutoriais/pdf/pdf03.php',2,NULL,'2009-05-21','220.134.43.88','4a157723369d4','Taiwan',NULL),(67,'/siteen/samples/tutoriais/pdf/pdf03.php',5,NULL,'2009-05-22','60.49.183.162','4a16599824727','Malaysia',NULL),(68,'/siteen/samples/tutoriais/form/ctr06.php',1,NULL,'2009-05-22','78.99.196.197','4a16699048beb','Slovakia',NULL),(69,'/siteen/samples/tutoriais/tabs/tab01.php',5,NULL,'2009-05-25','79.166.64.181','4a1ac029612a0','Greece',NULL),(70,'/siteen/samples/tutoriais/tabs/tab01.php',5,'','2009-05-26','86.96.227.90','4a1baa5b77708','United Arab Emirates',NULL),(71,'/siteen/samples/tutoriais/grid/grid05.php',5,NULL,'2009-05-26','217.114.34.88','4a1bbd919817d','Russian Federation',NULL),(72,'/siteen/samples/tutoriais/internationalization/ctr_5.php',1,NULL,'2009-05-26','222.124.141.99','4a1ca08c0271f','Indonesia',NULL),(73,'/siteen/samples/tutoriais/grid/grid16.php',1,NULL,'2009-05-27','164.77.68.67','4a1d83ec5d396','Chile',NULL),(74,'/siteen/samples/tutoriais/form/form42.php',1,'Good but we don\'t know from where come the data of the 2 Tabs.','2009-05-30','82.243.36.19','4a215c2285be6','France',NULL),(75,'/siteen/samples/tutoriais/grid/grid05.php',2,NULL,'2009-05-31','60.50.212.178','4a22b897ae7f0','Malaysia',NULL),(76,'/siteen/samples/tutoriais/grid/grid08.php',3,'Great Stuff!!!    include mysql D-base in Scriptcase software my contact qowen2@yahoo.com','2009-05-31','41.220.75.3','4a22c2612f64a','Nigeria',NULL),(77,'/siteen/samples/tutoriais/form/form57.php',5,NULL,'2009-05-31','202.79.18.131','4a233edf9dd1c','Bangladesh',NULL),(78,'/siteen/samples/tutoriais/form/form54.php',2,NULL,'2009-06-01','87.15.32.69','4a2468352315b','Italy',NULL),(79,'/siteen/samples/tutoriais/grid/grid08.php',5,NULL,'2009-06-02','64.76.24.67','4a25470ee20c6','Argentina',NULL),(80,'/siteen/samples/tutoriais/search/grid31.php',3,NULL,'2009-06-02','190.81.113.226','4a25d3713e272','Peru',NULL),(81,'/siteen/samples/tutoriais/menu/menu01.php',4,NULL,'2009-06-02','190.81.113.226','4a25d3ebf0767','Peru',NULL),(82,'/siteen/samples/tutoriais/grid/grid05.php',1,NULL,'2009-06-03','91.127.170.14','4a26ae6d56bba','Slovakia',NULL),(83,'/siteen/samples/tutoriais/form/form54.php',3,'','2009-06-06','122.166.5.186','4a29fa83b7cdb','India',NULL),(84,'/siteen/samples/tutoriais/menu/menu01.php',5,'','2009-06-08','201.198.233.162','4a2d399001a34','Costa Rica',NULL),(85,'/siteen/samples/tutoriais/form/form54.php',5,NULL,'2009-06-09','62.33.127.215','4a2e1ad0487d0','Russian Federation',NULL),(86,'/siteen/samples/tutoriais/form/form38.php',1,NULL,'2009-06-09','213.203.144.125','4a2e7e60e77b8','Italy',NULL),(87,'/siteen/samples/tutoriais/form/ctr06.php',5,'very good','2009-06-09','192.168.254.174','4a2eb15579983','XX',NULL),(88,'/siteen/samples/tutoriais/grid/grid25.php',4,NULL,'2009-06-11','58.27.207.206','4a30fd8b06c5c','Pakistan',NULL),(89,'/siteen/samples/tutoriais/form/form41.php',5,NULL,'2009-06-11','213.196.132.251','4a311e0c00aab','Switzerland',NULL),(90,'/siteen/samples/tutoriais/search/grid12.php',5,'okkkkkkeyyy','2009-06-12','93.145.157.33','4a32bc739dbdf','Italy',NULL),(91,'/siteen/samples/tutoriais/grid/grid14.php',5,NULL,'2009-06-14','80.179.91.135','4a34ee1618c54','Satellite Provider',NULL),(92,'/siteen/samples/tutoriais/grid/grid05.php',1,NULL,'2009-06-15','82.101.169.53','4a35c800314dd','Algeria',NULL),(93,'/siteen/samples/tutoriais/form/form54.php',5,NULL,'2009-06-16','190.226.75.188','4a3810949fd66','Argentina',NULL),(94,'/siteen/samples/tutoriais/grid/grid27.php',5,NULL,'2009-06-18','83.156.249.72','4a3a0bd15d397','France',NULL),(95,'/siteen/samples/tutoriais/grid/grid27.php',1,NULL,'2009-06-20','125.163.4.61','4a3c83e0d08dc','Indonesia',NULL),(96,'/siteen/samples/tutoriais/form/form44.php',2,NULL,'2009-06-20','87.5.175.143','4a3d1cc12a783','Italy',NULL),(97,'/siteen/samples/tutoriais/form/form38.php',1,NULL,'2009-06-23','200.5.91.2','4a40fdf0e1e52','Argentina',NULL),(98,'/siteen/samples/tutoriais/form/form38.php',1,':-(','2009-06-23','200.5.91.2','4a40fe3fb3661','Argentina',NULL),(99,'/siteen/samples/tutoriais/form/form45.php',3,NULL,'2009-06-23','86.159.7.156','4a4129e3afed3','United Kingdom',NULL),(100,'/siteen/samples/tutoriais/form/form38.php',5,'','2009-06-24','81.116.244.210','4a41e4419d540','Italy',NULL),(101,'/siteen/samples/tutoriais/menu/menu02.php',1,NULL,'2009-06-24','59.183.166.144','4a422310ba5d4','India',NULL),(102,'/siteen/samples/tutoriais/menu/menu02.php',5,'beauty of the tutoriali have seen yet in php','2009-06-24','59.183.166.144','4a422351e6ca9','India',NULL),(103,'/siteen/samples/tutoriais/grid/grid20.php',4,'','2009-06-26','79.29.65.47','4a4475fab8de4','Italy',NULL),(104,'/siteen/samples/tutoriais/grid/grid25.php',5,NULL,'2009-06-30','116.193.74.162','4a4982c401f88','Vietnam',NULL),(105,'/siteen/samples/tutoriais/pdf/pdf02.php',5,'','2009-07-01','78.184.12.67','4a4bc58c05065','Turkey',NULL),(106,'/siteen/samples/tutoriais/menu/menu02.php',5,'','2009-07-02','201.127.106.107','4a4ccfad69837','Mexico',NULL),(107,'/siteen/samples/tutoriais/grid/grid14.php',5,NULL,'2009-07-04','219.83.59.114','4a4f117655c46','Indonesia',NULL),(108,'/siteen/samples/tutoriais/form/form38.php',3,'','2009-07-06','201.247.103.108','4a521ecdd9fbd','El Salvador',NULL),(109,'/siteen/samples/tutoriais/grid/grid05.php',3,NULL,'2009-07-06','190.24.195.90','4a529d2f3f20a','Colombia',NULL),(110,'/siteen/samples/tutoriais/form/form58.php',5,'','2009-07-07','90.19.226.250','4a52d82feea6c','France',NULL),(111,'/siteen/samples/tutoriais/form/form38.php',4,'cool, ease of use','2009-07-07','118.97.48.42','4a52f5c973c9c','Indonesia',NULL),(112,'/siteen/samples/tutoriais/form/form58.php',2,'cool ajax.','2009-07-07','118.97.48.42','4a52f63048b0a','Indonesia',NULL),(113,'/siteen/samples/tutoriais/form/form56.php',4,NULL,'2009-07-07','89.217.208.192','4a53cd01caaa9','Switzerland',NULL),(114,'/siteen/samples/tutoriais/pdf/pdf03.php',1,'Old version manual. Very bad.','2009-07-08','81.184.28.158','4a54aa8fcffc1','Spain',NULL),(115,'/siteen/samples/tutoriais/form/form58.php',5,NULL,'2009-07-09','59.90.213.202','4a5582ecd7453','India',NULL),(116,'/siteen/samples/tutoriais/internationalization/ctr_5.php',5,'','2009-07-09','189.42.139.132','4a56172750c10','Brazil',NULL),(117,'/siteen/samples/tutoriais/grid/grid05.php',5,NULL,'2009-07-10','190.44.116.53','4a56bd1eee71b','Chile',NULL),(118,'/siteen/samples/tutoriais/form/form55.php',1,NULL,'2009-07-10','189.142.219.142','4a56efba4d733','Mexico',NULL),(119,'/siteen/samples/tutoriais/search/search02.php',3,NULL,'2009-07-10','65.210.47.215','4a57a7a743aa7','United States',NULL),(120,'/siteen/samples/tutoriais/pdf/pdf02.php',5,NULL,'2009-07-12','193.174.111.250','4a5a41992137c','Germany',NULL),(121,'/siteen/samples/tutoriais/menu/menu02.php',5,NULL,'2009-07-16','189.180.62.110','4a5f0df327a83','Mexico',NULL),(122,'/siteen/samples/tutoriais/form/form38.php',3,NULL,'2009-07-20','186.16.132.254','4a63dff5a6034','XX',NULL),(123,'/siteen/samples/tutoriais/menu/menu02.php',3,NULL,'2009-07-21','122.165.26.19','4a6594c57c693','India',NULL),(124,'/siteen/samples/tutoriais/grid/grid16.php',5,'','2009-07-22','94.68.138.103','4a672e5351000','Greece',NULL),(125,'/siteen/samples/tutoriais/form/form39.php',5,'','2009-07-24','41.204.187.2','4a695102833f0','Kenya',NULL),(126,'/siteen/samples/tutoriais/form/form58.php',2,NULL,'2009-07-24','41.204.187.2','4a69538c81e67','Kenya',NULL),(127,'/siteen/samples/tutoriais/grid/grid19.php',2,NULL,'2009-07-24','78.191.247.116','4a69c7be302af','Turkey',NULL),(128,'/siteen/samples/tutoriais/form/form41.php',5,NULL,'2009-07-25','94.96.71.182','4a6b40a3985d4','Saudi Arabia',NULL),(129,'/siteen/samples/tutoriais/form/form38.php',1,NULL,'2009-07-25','112.142.211.236','4a6b452ed6da5','XX',NULL),(130,'/siteen/samples/tutoriais/grid/grid05.php',2,NULL,'2009-07-26','120.50.26.130','4a6c8ee55a0e6','Bangladesh',NULL),(131,'/siteen/samples/tutoriais/form/form38.php',5,NULL,'2009-07-28','116.71.18.106','4a6ec8e241bad','Pakistan',NULL),(132,'/siteen/samples/tutoriais/grid/grid19.php',4,'its very nice site and gud response','2009-07-28','117.204.224.226','4a6efc5802822','India',NULL),(133,'/siteen/samples/tutoriais/grid/grid27.php',1,NULL,'2009-07-29','218.250.60.35','4a700f18f03df','Hong Kong',NULL),(134,'/siteen/samples/tutoriais/form/form41.php',5,NULL,'2009-07-30','77.235.189.8','4a7176858f656','Germany',NULL),(135,'/siteen/samples/tutoriais/pdf/pdf03.php',5,NULL,'2009-07-30','94.97.22.139','4a723875d0c5f','Saudi Arabia',NULL),(136,'/siteen/samples/tutoriais/grid/grid19.php',5,'','2009-07-31','201.230.241.179','4a7288db259b5','Peru',NULL),(137,'/siteen/samples/tutoriais/form/form40.php',5,NULL,'2009-08-03','190.154.101.54','4a778095134c7','Ecuador',NULL),(138,'/siteen/samples/tutoriais/grid/grid05.php',5,NULL,'2009-08-04','41.204.101.83','4a78a7b5b2ca7','Madagascar',NULL),(139,'/siteen/samples/tutoriais/form/form38.php',5,'','2009-08-05','190.96.190.250','4a79c1ace9c50','Colombia',NULL),(140,'/siteen/samples/tutoriais/form/form42.php',5,NULL,'2009-08-05','164.77.50.5','4a7a14886ae29','Chile',NULL),(141,'/siteen/samples/tutoriais/grid/grid08.php',3,'MUY BUEN TUTORIAL','2009-08-06','189.181.165.131','4a7a7c606b404','Mexico',NULL),(142,'/siteen/samples/tutoriais/search/search02.php',5,'','2009-08-06','88.37.222.162','4a7aa27defdd8','Italy',NULL),(143,'/siteen/samples/tutoriais/grid/grid05.php',4,'','2009-08-07','201.144.87.40','4a7c96793b12f','Mexico',NULL),(144,'/siteen/samples/tutoriais/form/form13.php',5,NULL,'2009-08-08','151.61.248.145','4a7db39764e09','Italy',NULL),(145,'/siteen/samples/tutoriais/form/form38.php',1,NULL,'2009-08-10','195.184.68.33','4a7ff0e5a6f4d','Sweden',NULL),(146,'/siteen/samples/tutoriais/menu/menu01.php',5,NULL,'2009-08-10','222.166.160.9','4a80d17cbb117','Hong Kong',NULL),(147,'/siteen/samples/tutoriais/form/form38.php',4,NULL,'2009-08-13','80.65.75.78','4a83e91cb0102','Bosnia and Herzegovina',NULL),(148,'/siteen/samples/tutoriais/form/form24.php',1,'Pls improve your English and try to work through the hold documentation step by step. I','2009-08-14','80.133.157.6','4a8563c9673f7','Germany',NULL),(149,'/siteen/samples/tutoriais/search/grid12.php',5,NULL,'2009-08-17','95.75.110.200','4a89d57c7b444','XX',NULL),(150,'/siteen/samples/tutoriais/menu/menu01.php',5,'Me parece excelente la presentación del tutorial muy fácil de asimilar','2009-08-18','190.32.50.145','4a8ae03e84801','Panama',NULL),(151,'/siteen/samples/tutoriais/grid/grid05.php',4,NULL,'2009-08-18','186.66.66.14','4a8b20b986cb7','XX',NULL),(152,'/siteen/samples/tutoriais/form/form41.php',1,NULL,'2009-08-19','203.143.8.41','4a8b7ac29741d','Sri Lanka',NULL),(153,'/siteen/samples/tutoriais/grid/grid05.php',2,'ça va','2009-08-19','196.206.235.16','4a8c1812609f1','Morocco',NULL),(154,'/siteen/samples/tutoriais/grid/grid22.php',3,'','2009-08-20','193.151.14.148','4a8d0888dc85f','Ukraine',NULL),(155,'/siteen/samples/tutoriais/form/form38.php',1,NULL,'2009-08-21','116.214.31.234','4a8e64c38a591','India',NULL),(156,'/siteen/samples/tutoriais/grid/grid16.php',1,NULL,'2009-08-21','200.238.81.61','4a8efca4515cc','Brazil',NULL),(157,'/siteen/samples/tutoriais/form/form38.php',5,NULL,'2009-08-23','84.255.206.12','4a911183438b4','Slovenia',NULL),(158,'/siteen/samples/tutoriais/grid/grid25.php',5,'','2009-08-25','200.44.159.117','4a9423d7e2bfc','Venezuela',NULL),(159,'/siteen/samples/tutoriais/menu/menu02.php',1,NULL,'2009-08-26','212.49.89.44','4a94ecf101c9b','Kenya',NULL),(160,'/siteen/samples/tutoriais/grid/grid08.php',5,NULL,'2009-08-26','217.124.245.61','4a9574a01f140','Spain',NULL),(161,'/siteen/samples/tutoriais/form/form24.php',1,'uncomplete and based on an outdated release!!','2009-08-28','92.72.192.248','4a97aece49e94','Germany',NULL),(162,'/siteen/samples/tutoriais/form/form13.php',5,NULL,'2009-08-29','201.209.76.168','4a99409bf321b','Venezuela',NULL),(163,'/siteen/samples/tutoriais/search/grid31.php',5,'Great','2009-08-31','212.43.12.2','4a9bfaf26c1ff','Kuwait',NULL),(164,'/siteen/samples/tutoriais/search/grid31.php',5,'','2009-09-02','119.111.77.18','4a9e25ecde3f5','Philippines',NULL),(165,'/siteen/samples/tutoriais/grid/grid14.php',1,NULL,'2009-09-02','203.101.41.250','4a9e72a58bf71','India',NULL),(166,'/siteen/samples/tutoriais/form/form41.php',5,NULL,'2009-09-02','190.40.193.242','4a9e8aa92c388','Peru',NULL),(167,'/siteen/samples/tutoriais/form/form58.php',5,'','2009-09-03','212.182.119.242','4a9f6441a7e9f','Poland',NULL),(168,'/siteen/samples/tutoriais/menu/menu01.php',5,NULL,'2009-09-03','114.31.66.70','4aa07e01a90a0','Mongolia',NULL),(169,'/siteen/samples/tutoriais/grid/grid29.php',5,NULL,'2009-09-04','189.165.101.67','4aa12bf4caff5','Mexico',NULL),(170,'/siteen/samples/tutoriais/grid/grid08.php',1,NULL,'2009-09-04','59.92.62.5','4aa19a5abc17e','India',NULL),(171,'/siteen/samples/tutoriais/search/grid31.php',5,NULL,'2009-09-05','122.174.83.131','4aa23bc537862','India',NULL),(172,'/siteen/samples/tutoriais/internationalization/grid_33.php',5,NULL,'2009-09-09','119.152.66.31','4aa7c2601ceb7','Pakistan',NULL),(173,'/siteen/samples/tutoriais/form/form57.php',1,'','2009-09-09','189.42.204.130','4aa7ddea4b407','Brazil',NULL),(174,'/siteen/samples/tutoriais/tabs/tab01.php',3,NULL,'2009-09-10','84.196.49.69','4aa8f7dda7861','Belgium',NULL),(175,'/siteen/samples/tutoriais/grid/grid22.php',1,NULL,'2009-09-11','190.7.62.57','4aaa6351cb8d0','Argentina',NULL),(176,'/siteen/samples/tutoriais/grid/grid05.php',5,NULL,'2009-09-12','190.198.249.6','4aabc403d23bb','Venezuela',NULL),(177,'/siteen/samples/tutoriais/form/form13.php',3,NULL,'2009-09-14','62.177.200.149','4aae01201932f','Netherlands',NULL),(178,'/siteen/samples/tutoriais/grid/grid22.php',2,NULL,'2009-09-15','200.54.67.18','4aaf95ac3c3e8','Chile',NULL),(179,'/siteen/samples/tutoriais/form/form24.php',5,'','2009-09-17','112.201.236.173','4ab2198e8ef7f','XX',NULL),(180,'/siteen/samples/tutoriais/form/form39.php',3,NULL,'2009-09-17','122.164.75.89','4ab24588d1868','India',NULL),(181,'/siteen/samples/tutoriais/grid/grid22.php',5,NULL,'2009-09-18','41.201.118.53','4ab3dda29f294','Algeria',NULL),(182,'/siteen/samples/tutoriais/form/form41.php',4,NULL,'2009-09-18','189.147.39.16','4ab3fe41ed271','Mexico',NULL),(183,'/siteen/samples/tutoriais/form/form38.php',1,NULL,'2009-09-19','59.178.168.231','4ab4c877646c8','India',NULL),(184,'/siteen/samples/tutoriais/grid/grid05.php',1,NULL,'2009-09-20','64.184.92.133','4ab5b3e308c6b','United States',NULL),(185,'/siteen/samples/tutoriais/grid/grid05.php',3,'','2009-09-20','210.56.71.192','4ab608a64c006','Australia',NULL),(186,'/siteen/samples/tutoriais/menu/menu02.php',5,'i think it worth the bill. its amazing. never used it but hoping to use it','2009-09-20','216.139.167.2','4ab6bbc1ad63d','United States',NULL),(187,'/siteen/samples/tutoriais/pdf/pdf03.php',5,'still good','2009-09-20','216.139.167.2','4ab6bed30c134','United States',NULL),(188,'/siteen/samples/tutoriais/grid/grid08.php',4,NULL,'2009-09-21','121.246.83.80','4ab727014f763','India',NULL),(189,'/siteen/samples/tutoriais/menu/menu02.php',1,NULL,'2009-09-22','89.35.250.250','4ab890d17cfc3','Romania',NULL),(190,'/siteen/samples/tutoriais/form/form57.php',5,NULL,'2009-09-25','94.121.182.10','4abd12cc5d1fd','Turkey',NULL),(191,'/siteen/samples/tutoriais/grid/grid05.php',5,NULL,'2009-09-27','201.248.193.11','4abf13b27eda0','Venezuela',NULL),(192,'/siteen/samples/tutoriais/grid/grid25.php',2,NULL,'2009-09-30','82.61.60.203','4ac39f97c5cd0','Italy',NULL),(193,'/siteen/samples/tutoriais/grid/grid29.php',1,NULL,'2009-09-30','200.105.156.194','4ac3f09cb0db8','Bolivia',NULL),(194,'/siteen/samples/tutoriais/grid/grid05.php',5,NULL,'2009-10-02','188.134.32.195','4ac5f60de56fd','XX',NULL),(195,'/siteen/samples/tutoriais/grid/grid05.php',5,'','2009-10-03','87.242.32.101','4ac79e2bbf992','Hungary',NULL),(196,'/siteen/samples/tutoriais/grid/grid29.php',1,NULL,'2009-10-03','122.168.76.40','4ac7c7ecc0d92','India',NULL),(197,'/siteen/samples/tutoriais/grid/grid14.php',5,NULL,'2009-10-04','61.145.181.128','4ac8704fefd58','China',NULL),(198,'/siteen/samples/tutoriais/grid/grid05.php',4,'vb','2009-10-07','200.124.235.208','4accfdac16ef4','Ecuador',NULL),(199,'/siteen/samples/tutoriais/grid/grid22.php',5,NULL,'2009-10-12','201.156.179.52','4ad38f333ce50','Mexico',NULL),(200,'/siteen/samples/tutoriais/grid/grid08.php',4,NULL,'2009-10-14','59.97.32.107','4ad54e2b757e5','India',NULL),(201,'/siteen/samples/tutoriais/form/form55.php',5,'','2009-10-14','92.47.26.146','4ad58098703cd','Kazakstan',NULL),(202,'/siteen/samples/tutoriais/tabs/tab01.php',1,NULL,'2009-10-14','203.78.162.156','4ad644ea779c2','Nepal',NULL),(203,'/siteen/samples/tutoriais/form/form41.php',1,NULL,'2009-10-15','117.201.86.214','4ad767e488303','India',NULL),(204,'/siteen/samples/tutoriais/form/form44.php',5,NULL,'2009-10-18','77.236.186.246','4adb7709a95ce','Bulgaria',NULL),(205,'/siteen/samples/tutoriais/form/ctr06.php',1,NULL,'2009-10-20','200.181.6.40','4addbd8bcf647','Brazil',NULL),(206,'/siteen/samples/tutoriais/grid/grid16.php',5,'','2009-10-22','95.64.105.150','4ae0e9c676e29','XX',NULL),(207,'/siteen/samples/tutoriais/grid/grid25.php',5,'','2009-10-22','190.157.13.208','4ae0f42aa56a2','Colombia',NULL),(208,'/siteen/samples/tutoriais/form/form38.php',5,NULL,'2009-10-23','196.12.232.251','4ae1bf2c8b73c','Morocco',NULL),(209,'/siteen/samples/tutoriais/internationalization/ctr_5.php',4,NULL,'2009-10-24','110.37.30.194','4ae2e89809319','XX',NULL),(210,'/siteen/samples/tutoriais/pdf/pdf03.php',3,'','2009-10-26','117.193.168.81','4ae630a1b828f','India',NULL),(211,'/siteen/samples/tutoriais/pdf/pdf02.php',2,NULL,'2009-10-27','202.75.37.125','4ae6a9dd15f44','Malaysia',NULL),(212,'/siteen/samples/tutoriais/grid/grid22.php',5,'','2009-10-28','118.96.64.57','4ae7a890d70ca','Indonesia',NULL),(213,'/siteen/samples/tutoriais/menu/menu01.php',5,NULL,'2009-10-29','189.134.124.1','4ae92dfae3ec0','Mexico',NULL),(214,'/siteen/samples/tutoriais/pdf/pdf03.php',5,'COOL','2009-10-29','196.35.158.180','4ae951c193bc2','South Africa',NULL),(215,'/siteen/samples/tutoriais/pdf/pdf02.php',5,NULL,'2009-10-30','62.101.184.24','4aeb5a64e7c60','Spain',NULL),(216,'/siteen/samples/tutoriais/grid/grid05.php',5,NULL,'2009-11-03','213.55.74.147','4aeff17d3e6cd','Ethiopia',NULL),(217,'/siteen/samples/tutoriais/tabs/tab01.php',1,'worst','2009-11-04','122.165.60.173','4af156aec10af','India',NULL),(218,'/siteen/samples/tutoriais/grid/grid05.php',3,NULL,'2009-11-04','86.124.84.98','4af1bd06274fa','Romania',NULL),(219,'/siteen/samples/tutoriais/form/form45.php',1,NULL,'2009-11-05','81.116.244.210','4af294296275d','Italy',NULL),(220,'/siteen/samples/tutoriais/form/form38.php',5,NULL,'2009-11-05','186.81.176.230','4af3600774430','XX',NULL),(221,'/siteen/samples/tutoriais/form/form42.php',2,'Tabs control missing','2009-11-07','91.187.75.254','4af529e314170','Andorra',NULL),(222,'/siteen/samples/tutoriais/pdf/pdf02.php',5,'','2009-11-08','190.173.101.75','4af762d05729d','Argentina',NULL),(223,'/siteen/samples/tutoriais/grid/grid29.php',4,'','2009-11-10','71.154.13.251','4af9667a927da','United States',NULL),(224,'/siteen/samples/tutoriais/grid/grid05.php',1,NULL,'2009-11-11','121.247.76.80','4afa50ac41dd6','India',NULL),(225,'/siteen/samples/tutoriais/grid/grid29.php',3,NULL,'2009-11-11','201.239.69.175','4afb1a193a495','Chile',NULL),(226,'/siteen/samples/tutoriais/grid/grid19.php',5,NULL,'2009-11-12','188.26.88.23','4afc7e1d22cc6','XX',NULL),(227,'/siteen/samples/tutoriais/grid/grid22.php',5,'Muito do Legalzinho.','2009-11-13','189.42.204.130','4afd62c15bbc7','Brazil',NULL),(228,'/siteen/samples/tutoriais/menu/menu02.php',2,'','2009-11-15','118.96.248.5','4affa31b19d39','Indonesia',NULL),(229,'/siteen/samples/tutoriais/internationalization/ctr_5.php',1,'Thankx','2009-11-15','59.177.129.146','4b0001dd9b7d6','India',NULL),(230,'/siteen/samples/tutoriais/form/form40.php',1,NULL,'2009-11-15','87.74.46.123','4b00051cedac6','United Kingdom',NULL),(231,'/siteen/samples/tutoriais/tabs/tab01.php',5,'how nic it is','2009-11-16','122.172.135.21','4b01420353aee','India',NULL),(232,'/siteen/samples/tutoriais/grid/grid27.php',5,NULL,'2009-11-16','200.178.235.210','4b0163232e376','Brazil',NULL),(233,'/siteen/samples/tutoriais/grid/grid05.php',2,NULL,'2009-11-16','112.110.168.196','4b0195a7376fa','XX',NULL),(234,'/siteen/samples/tutoriais/form/form42.php',4,NULL,'2009-11-16','15.251.169.70','4b01efb7df27a','United States',NULL),(235,'/siteen/samples/tutoriais/form/form24.php',2,NULL,'2009-11-17','200.40.89.74','4b02ef45618e1','Uruguay',NULL),(236,'/siteen/samples/tutoriais/grid/grid29.php',4,NULL,'2009-11-18','41.204.184.3','4b03f4e96cc69','Kenya',NULL),(237,'/siteen/samples/tutoriais/grid/grid05.php',5,NULL,'2009-11-19','78.181.19.102','4b058ffc5e433','Turkey',NULL),(238,'/siteen/samples/tutoriais/grid/grid05.php',2,NULL,'2009-11-21','94.197.45.146','4b088ced3f2a7','XX',NULL),(239,'/siteen/samples/tutoriais/form/form44.php',5,NULL,'2009-11-22','120.28.212.143','4b08c22d4c53c','Philippines',NULL),(240,'/siteen/samples/tutoriais/grid/grid14.php',5,'','2009-11-23','81.82.109.179','4b0a89b4c778f','Belgium',NULL),(241,'/siteen/samples/tutoriais/form/form41.php',5,NULL,'2009-11-24','59.92.121.198','4b0c159aabe83','India',NULL),(242,'/siteen/samples/tutoriais/grid/grid29.php',3,NULL,'2009-11-24','15.251.169.69','4b0c51cec4ce7','United States',NULL),(243,'/siteen/samples/tutoriais/form/form38.php',1,'Detailed it would be great to have more tutorials','2009-11-25','189.177.160.61','4b0c9b9deb323','Mexico',NULL),(244,'/siteen/samples/tutoriais/form/form58.php',4,NULL,'2009-11-26','67.174.9.138','4b0e8c85e2beb','United States',NULL),(245,'/siteen/samples/tutoriais/menu/menu01.php',5,'Sounds good','2009-11-27','193.111.68.148','4b0fd4aedf93c','Romania',NULL),(246,'/siteen/samples/tutoriais/tabs/tab01.php',5,'zz','2009-11-27','190.41.213.51','4b0fe5d5b60f2','Peru',NULL),(247,'/siteen/samples/tutoriais/tabs/tab01.php',3,NULL,'2009-11-27','203.78.162.156','4b105620f0ca9','Nepal',NULL),(248,'/siteen/samples/tutoriais/grid/grid08.php',1,'','2009-11-30','77.28.21.104','4b13e4682eefb','Macedonia',NULL),(249,'/siteen/samples/tutoriais/grid/grid05.php',1,NULL,'2009-12-01','124.247.204.9','4b14a40fdd187','India',NULL),(250,'/siteen/samples/tutoriais/form/form41.php',5,NULL,'2009-12-01','188.36.34.217','4b14e5ca82613','XX',NULL),(251,'/siteen/samples/tutoriais/form/form38.php',5,'Excelente tutorial.','2009-12-02','189.47.170.170','4b0c9271148e7','Brazil',NULL),(252,'/siteen/samples/tutoriais/form/form38.php',3,NULL,'2009-12-07','41.238.153.110','4b1cb98c50c5a','Egypt',NULL),(253,'/siteen/samples/tutoriais/form/form40.php',4,NULL,'2009-12-09','96.235.186.75','4b1fd1a0cc55f','United States',NULL),(254,'/siteen/samples/tutoriais/tabs/tab01.php',5,'','2009-12-10','203.124.35.5','4b2076d81092e','Pakistan',NULL),(255,'/siteen/samples/tutoriais/grid/grid22.php',3,NULL,'2009-12-10','190.24.10.76','4b21735d5e240','Colombia',NULL),(256,'/siteen/samples/tutoriais/search/grid12.php',5,NULL,'2009-12-11','41.237.1.234','4b229044de463','Egypt',NULL),(257,'/site/samples/tutoriais/features/sample_blank_application.php',5,'sadsadsa','2009-12-11','200.152.199.242','4b22a3e1ddc3e','Brazil',NULL),(258,'/siteen/samples/tutoriais/form/form42.php',4,NULL,'2009-12-12','122.168.43.0','4b2324799e801','India',NULL),(259,'/siteen/samples/tutoriais/grid/grid05.php',5,NULL,'2009-12-13','190.80.235.190','4b2591e851212','Dominican Republic',NULL),(260,'/siteen/samples/tutoriais/grid/grid05.php',1,NULL,'2009-12-14','122.183.212.50','4b25ca3d7bcd9','India',NULL),(261,'/siteen/samples/tutoriais/grid/grid29.php',5,'','2009-12-14','122.183.212.50','4b25cb9f784c8','India',NULL),(262,'/siteen/samples/tutoriais/form/form55.php',5,'','2009-12-14','189.204.31.18','4b267c26170bd','Mexico',NULL),(263,'/siteen/samples/tutoriais/search/grid31.php',1,NULL,'2009-12-15','196.1.219.211','4b277b54c1088','Sudan',NULL),(264,'/site/samples/tutoriais/features/sample_container.php',3,'','2009-12-15','201.47.170.186','4b279cfae6531','Brazil',NULL);

--
-- Table structure for table `nm_beneficios`
--

CREATE TABLE `nm_beneficios` (
  `codigo` int(11) NOT NULL AUTO_INCREMENT,
  `titulo` varchar(250) NOT NULL,
  `beneficio` text NOT NULL,
  `imagem` varchar(250) NOT NULL,
  `posicao_imagem` int(11) NOT NULL,
  `ordem` int(11) NOT NULL,
  `exibe_home` char(1) NOT NULL DEFAULT 'N',
  PRIMARY KEY (`codigo`),
  KEY `ordem` (`ordem`),
  KEY `posicao_imagem` (`posicao_imagem`),
  CONSTRAINT `nm_beneficios_ibfk_1` FOREIGN KEY (`posicao_imagem`) REFERENCES `nm_posicao` (`codigo`)
) ENGINE=InnoDB AUTO_INCREMENT=5 DEFAULT CHARSET=latin1;

--
-- Dumping data for table `nm_beneficios`
--

INSERT INTO `nm_beneficios` VALUES (1,'Saving Time and reducing costs','Eliminate time-consuming programming tasks and build scalable, robust WEB Applications in a fraction of the time.\r\nAvoid costly programming errors and misspellings by generating consistent, well-structured code.','img/imgtnproductive.gif',1,1,'S'),(2,'Portability and Distributed Development','ScriptCase is a WEB application that allows portability and integration for the development team.\r\nUsing server side plataform, ScriptCase allows the team to develop only using the browser(IE, Firefox).\r\nIt reduces development cost.','',2,2,'S'),(3,'Development Focused on priority','ScriptCase eliminates routine infrastructure programming, freeing you to focus on your application\'s business logic.','',2,3,'S'),(4,'Fast Learning','Using the Knowledge Base, On-line Support, Forum, Samples Video and Systems you will learn ScriptCase quickly. Building WEB applications will not be an arduous work anymore.','',2,4,'S');

--
-- Table structure for table `nm_caracteristicas`
--

CREATE TABLE `nm_caracteristicas` (
  `codigo` int(11) NOT NULL AUTO_INCREMENT,
  `titulo` varchar(250) NOT NULL,
  `caracteristica` text NOT NULL,
  `imagem` varchar(250) NOT NULL,
  `thumbnail` varchar(250) NOT NULL,
  `posicao_imagem` int(11) NOT NULL,
  `ordem` int(11) NOT NULL,
  `exibe_home` char(1) NOT NULL DEFAULT 'N',
  `exibe_img_maximized` char(1) DEFAULT 'S',
  PRIMARY KEY (`codigo`),
  KEY `ordem` (`ordem`),
  KEY `posicao_imagem` (`posicao_imagem`),
  CONSTRAINT `nm_caracteristicas_ibfk_1` FOREIGN KEY (`posicao_imagem`) REFERENCES `nm_posicao` (`codigo`)
) ENGINE=InnoDB AUTO_INCREMENT=203 DEFAULT CHARSET=latin1;

--
-- Dumping data for table `nm_caracteristicas`
--

INSERT INTO `nm_caracteristicas` VALUES (1,'Wizard de Criação de Aplicação','Com apenas alguns clicks, os usuários podem criar aplicações WEB complexas com dezenas de opções, desde relatórios até formulários de entrada de dados.','img/wizard_orig.jpg','img/wizard_thumb.jpg',1,37,'N','S'),(2,'Relatórios Dinâmicos','O ScriptCase oferece formas dinâmicas de apresentar os relatórios como agrupamento de dados, totalizações, cruzamento de informações, entre outros recursos.','img/dinamico_orig.jpg','img/dinamico_thumb.jpg',1,2,'S','S'),(3,'Filtros, Ordenação e Navegação','O ScriptCase desenvolve aplicações de filtro com o objetivo de facilitar as pesquisas por parte dos usuário final. Através destes filtros os usuários podem pesquisar através dos campos do relatório, formatar a exibição das colunas, alterar as regras de ordenação e outras funcionalidades.','img/filtro_orig.jpg','img/filtro_thumb.jpg',1,3,'S','S'),(4,'Formatos de Exportação','Com apenas um click os relatórios podem ser exportados para xls, xml, pdf, entre outros formatos.','img/export_orig.jpg','img/export_thumb.jpg',1,10,'N','S'),(5,'Componentes AJAX','Desenvolva aplicações com ajax através do framework sem necessidade de programar.','img/ajax_orig.jpg','img/ajax_thumb.jpg',1,13,'S','S'),(6,'Menus','Crie menus dinâmicos do tipo horizontal, vertical e tree view através de interface gráfica para chamar os seus aplicativos.','img/menu_orig.jpg','img/menu_thumb.jpg',1,6,'N','S'),(7,'Gráficos e Gerador de Gráficos','ScriptCase cria automaticamente gráficos nos seus relatórios em tempo real e exibe diretamente no seu navegador.','img/grafico_orig.jpg','img/grafico_thumb.jpg',1,4,'S','S'),(8,'Formulários','O ScriptCase auxilia o usuário a criar formulários utilizando blocos, abas, com múltiplos registros, grid editável entre outros recursos através de um wizard com apenas alguns clicks.','img/form_orig.jpg','img/form_thumb.jpg',1,1,'S','S'),(9,'Componentes','O ScriptCase permite que o usuário crie componentes diferentes como combobox, auto-complete ajax, duplo-select e outros.','img/componente_orig.jpg','img/componente_thumb.jpg',1,23,'N','S'),(10,'Mestre/Detalhe','ScriptCase cria de forma visual em apenas alguns clicks entradas de dados no formato Mestre/Detalhe. Esta opção permite criar relacionamento 1:n usando Ajax e controle de transação e integridade.','img/mestre_orig.jpg','img/mestre_thumb.jpg',1,5,'S','S'),(11,'Visual','As aplicações geradas usam CSS para configuração visual. ScriptCase permite de forma visual que você edite todos os objetos e estilos do HTML. Modifique o visual do seu sistema inteiro em apenas alguns segundos.','img/visual_orig.jpg','img/visual_thumb.jpg',1,24,'N','S'),(12,'SQL Builder','ScriptCase possui um Wizard que permite criar comandos SQL visualmente. Desenvolvedores podem facilmente escolher tabelas, campos, joins e testar os seus resultados.','img/sqlbuilder_orig.jpg','img/sqlbuilder_thumb.jpg',1,25,'N','S'),(13,'Segurança','O ScriptCase protege as aplicações utilizando funcionalidades extras de segurança para prevenir que usuários não autorizados tenham acesso a determinadas aplicações.','img/seguranca_orig.jpg','img/seguranca_thumb.jpg',1,21,'N','S'),(14,'Camada de Banco de Dados','O ScriptCase cria uma camada de banco de dados permitindo usuários a editar a conexão de seus aplicativos em alguns segundos sem perder o que já está feito.','img/banco_orig.jpg','img/banco_thumb.jpg',1,22,'N','S'),(15,'Grid Editável','O componente de Grid Editável permite editar vários registros ao mesmo tempo. Permite criar processamento de pedidos, inventários, ítens, carrinhos de compra e qualquer outro tipo de exemplo de entrada de vários registros.','img/grideditavel_orig.jpg','img/grideditavel_thumb.jpg',1,11,'S','S'),(16,'Internacionalização','ScriptCase oferece suporte a criar e editar as mensagens do sistema permitindo que o desenvolvedor crie aplicações para outros idiomas.','img/idioma_orig.jpg','img/idioma_thumb.jpg',1,20,'N','S'),(17,'Upload de Arquivo(Documentos, Fotos, etc)','Todos os formulários de entrada de dados tem componentes para facilitar o envio dos arquivos da máquina cliente para o servidor afim de armazenas no banco de dados ou em diretório.','img/upload_orig.jpg','img/upload_thumb.jpg',1,12,'N','S'),(18,'Editor de Texto (WYSIWYG)','Poderoso editor de texto pode ser usado no lugar dos tradicionais campos TextArea(Texto com múltiplas linhas) na aplicação gerada.','img/editor_orig.jpg','img/editor_thumb.jpg',1,26,'N','S'),(19,'Conexões com múltiplos servidores','ScriptCase suporta múltiplas conexões em um mesmo sistema ou até em uma mesma aplicação, por exemplo, validar um usuário em um banco e mostrar um relatório através das informações de outro banco de dados.','img/multservidor_orig.jpg','img/multservidor_thumb.jpg',1,27,'N','S'),(20,'Customização de Código e Eventos','Aplicações geradas com o ScriptCase podem ser bastantes flexíveis nas regras de negócio permitindo a customização das ações em seus eventos. Usuários podem definir as ações em cada um dos eventos, métodos e validações. ','img/evento_orig.jpg','img/evento_thumb.jpg',1,28,'N','S'),(21,'Base de Dados de Exemplo','ScriptCase é distribuido com uma Base de Dados de exemplos e alguns sistemas que podem ser baixados em nosso site para que você dê seus primeiros passos com o ScriptCase.','img/mr_orig.jpg','img/mr_thumb.jpg',1,29,'N','S'),(22,'Extenso Suporte a Bancos de Dados','ScriptCase suporta os Bancos de Dados mais usados no mercado através de drives diretos como MS SQL, MySQL, Oracle, PostgreSQL, DB2, SQLite, SyBase e outros Bancos através de ODBC, ADO e COM.','img/basedados_orig.jpg','img/basedados_thumb.jpg',1,30,'N','S'),(188,'Aplicação BLANK','Com este tipo de aplicação é possível criar programas PHP   com toda liberdade e a facilidade proporcionada pelo uso das   macros do ScriptCase.','img/feature01.png','img/feature01_thumb.png',1,31,'S','S'),(189,'Aplicação CONTAINER','Permite criar páginas no estilo painel onde podem ser  acopladas varias aplicações como gráficos, consultas, forms e páginas  externas.','img/feature02.png','img/feature02_thumb.png',1,8,'S','S'),(190,'Objeto CAPTCHA para aplicações de form e controle','Permite adicionar as aplicações de formulário e controle um objeto CAPTCHA.','img/feature03.png','img/feature03_thumb.png',1,14,'S','S'),(191,'Suporte ao JQUERY','Thickbox para exibição de imagens em tamanho original e janelas pop-up das ligações JQuery - Intelisense, otimizando o  recurso auto-complete AJAX nos formulários e filtros. Além dos  componentes introduzidos nesta nova versão é possível utilizar toda o  poder do JQUERY para enriquecer as suas aplicações geradas.','img/feature04.png','img/feature04_thumb.png',1,7,'S','S'),(192,'Seleção de tema pelo usuário final nas aplicações geradas','Temas  dinâmicos acessíveis ao usuário final. O desenvolvedor para cada  projeto poderá agora definir os temas ou esquemas de cores disponíveis aos seus usuários que poderão selecionar na entrada das aplicações, por  exemplo, na tela de login do sistema gerado, que tema utilizar para  visualizar as aplicações.','img/feature05.png','img/feature05_thumb.png',1,15,'S','S'),(193,'Geração dos gráficos em flash ','Nova funcionalidade de gerar os gráficos das aplicações de consulta em Flash.    Agora também é possivel gerar aplicações que exibem apenas o gráfico   sem a necessidade de navegação da grid de dados para a página do gráfico.','img/feature06.png','img/feature06_thumb.png',1,16,'S','S'),(194,'Opção de expand e colapse para os blocos ','Opção  de expand &amp; colapse nos blocos das aplicações geradas. Agora é  possível utilizar nos forms e consultas um  ícone para exibir e ocultar os campos dos blocos.','img/feature07.png','img/feature07_thumb.png',1,33,'S','S'),(195,'Métodos JAVASCRIPT ','Permite criar métodos Javascript que podem ser utilizados dentro dos eventos Ajax.','img/feature08.png','img/feature08_thumb.png',1,32,'S','S'),(196,'Pesquisa dentro dos projetos ','Com este novo recurso é fácil, por exemplo, localizar uma aplicação que use determinada tabela ou um determinado campo.','img/feature09.png','img/feature09_thumb.png',1,34,'S','S'),(197,'Interface de desenvolvimento disponível em seis idiomas ','O  ScriptCase já está presente em mais de 50 países e este número cresce a cada  dia nesta nova versão estão contemplados 6 idiomas para o ambiente de  desenvolvimento (português, ingles, espanhol, italiano, francês e  alemão) mais 23 idiomas para as aplicações geradas.','img/feature10.png','img/feature10_thumb.png',1,9,'S','S'),(198,'Geração de diagrama do projeto com destaque para as ligações entre as aplicações ','Este novo recurso permite visualizar todas as aplicações de um projeto em um gráfico e o relacionamento    entre os objetos.','img/feature11.png','img/feature11_thumb.png',1,17,'S','S'),(199,'Geração de multiplas aplicações simultaneamente ','Agora é possível criar várias aplicações com um só clique basta escolher as tabelas.    Podemos desenvolver por exemplo todos os cadastros básicos dos nossos sistemas em um minuto.','img/feature12.png','img/feature12_thumb.png',1,18,'S','S'),(200,'Módulo para agregar funções de segurança nas aplicações (RBAC) ','Este novo recurso permite automatizar o controle de acesso a suas aplicações (<strong>R</strong>ole<strong>B</strong>ased<strong>A</strong>ccess<strong>C</strong>ontrol),   criando os programas de manutenção em aplicação, usuários e grupos automaticamente.','img/feature13.png','img/feature13_thumb.png',1,19,'S','S'),(201,'Função AUTOSAVE no ambiente de desenvolvimento agilizando o desenvolvimento ','Nova opção de AUTO-SAVE para o ambiente de desenvolvimento o que possibilita um desenvolvimento mais agil.','img/feature14.png','img/feature14_thumb.png',1,35,'S','S'),(202,'Rename de aplicação avançado ','Ao  renomear uma aplicação é mostrado uma lista de todas as aplicações que  fazem referência a mesma e a opção de atualizar todas estas ligações.','img/feature15.png','img/feature15_thumb.png',1,36,'S','S');

--
-- Table structure for table `nm_caracteristicashome`
--

CREATE TABLE `nm_caracteristicashome` (
  `codigo` int(11) NOT NULL AUTO_INCREMENT,
  `topico` text NOT NULL,
  `ordem` int(11) NOT NULL,
  PRIMARY KEY (`codigo`),
  KEY `ordem` (`ordem`)
) ENGINE=InnoDB AUTO_INCREMENT=17 DEFAULT CHARSET=latin1;

--
-- Dumping data for table `nm_caracteristicashome`
--

INSERT INTO `nm_caracteristicashome` VALUES (7,'DESCRICAO|The applications created with ScriptCase are in PHP with javascript using AJAX technology:|||IMG_URL|img/imgtnresources.gif|||IMG_URL|img/imgtnresources.gif',0),(8,'AJAX',1),(9,'Editable Grid',2),(10,'Master/Detail forms and reports',3),(11,'Forms',4),(12,'Reports',5),(13,'Menus',6),(14,'Tabs',7),(15,'Other features',9),(16,'Multilingual capabilities\r\n',8);

--
-- Table structure for table `nm_clientes`
--

CREATE TABLE `nm_clientes` (
  `codigo` int(11) NOT NULL AUTO_INCREMENT,
  `categoria` int(11) NOT NULL,
  `nome_cliente` varchar(250) NOT NULL,
  `logotipo` varchar(250) NOT NULL,
  `descricao` varchar(250) DEFAULT NULL,
  `site` varchar(250) DEFAULT NULL,
  `flag_principais` char(1) NOT NULL DEFAULT 'N',
  `ordem` int(11) NOT NULL DEFAULT '0',
  PRIMARY KEY (`codigo`),
  KEY `ordem` (`ordem`),
  KEY `categoria` (`categoria`),
  CONSTRAINT `nm_clientes_ibfk_1` FOREIGN KEY (`categoria`) REFERENCES `nm_clientes_categorias` (`codigo`)
) ENGINE=InnoDB AUTO_INCREMENT=68 DEFAULT CHARSET=latin1;

--
-- Dumping data for table `nm_clientes`
--

INSERT INTO `nm_clientes` VALUES (7,1,'Presidência da República','/img/presidencia_republica.png',NULL,NULL,'S',1),(8,1,'Ministério da Cultura','/img/minc.png',NULL,NULL,'S',2),(9,1,'Anvisa ','/img/anvisaa.png',NULL,NULL,'N',3),(10,1,'Ministério da Defesa','/img/ministerio_defesa.png',NULL,NULL,'N',4),(11,2,'Prodesp (SP)','/img/prodesp.png',NULL,NULL,'S',1),(12,2,'Proderj (RJ)','/img/proderj.png',NULL,NULL,'S',2),(13,2,'ATI  (PE)','/img/ati.png',NULL,NULL,'S',3),(14,2,'SGI (MS)','/img/sgi.png',NULL,NULL,'S',4),(15,2,'Secretaria da Agricultura (SP)','/img/seagri_sp.png',NULL,NULL,'S',5),(16,2,'Secretaria de Transporte Metropolitanos (SP)','/img/stm_sp.png',NULL,NULL,'S',6),(17,2,'Secretaria de Educação (PE)','/img/pernambuco.png',NULL,NULL,'S',7),(18,2,'Secretaria de Governo (BA)','/img/bahia.png',NULL,NULL,'N',8),(19,2,'Secretaria da Saude (BA)','/img/bahia.png',NULL,NULL,'S',9),(20,2,'Secretaria de Segurança Publica (SE)','/img/ssp_se.png',NULL,NULL,'S',10),(21,2,'Policia Militar (PR)','/img/pmpr.png',NULL,NULL,'S',11),(22,2,'Policia Militar (RJ)','/img/pmrj.png',NULL,NULL,'S',12),(23,2,'Corpo de Bombeiros (SP)','/img/bmsaopaulo.png',NULL,NULL,'S',13),(24,2,'Corpo de Bombeiros (AC)','/img/bombeiro_ac.png',NULL,NULL,'S',14),(25,3,'Prefeitura de Americana (SP)','/img/americana_sp.png',NULL,NULL,'S',1),(26,3,'Prefeitura de Limeira (SP)','/img/limeira_sp.png',NULL,NULL,'S',2),(27,3,'Prefeitura de Piracicaba (SP)','/img/piracicapa_sp.png',NULL,NULL,'S',3),(28,3,'Prefeitura de Palmas (TO)','/img/palmas_to.png',NULL,NULL,'S',4),(29,3,'Prefeitura de Arapiraca (AL)','/img/arapiraca_al.png',NULL,NULL,'S',5),(30,3,'Prefeitura de Sobral (CE)','/img/sobral_ce.png',NULL,NULL,'S',6),(31,3,'Prefeitura de Guarapuava (PR)','/img/guarapuava_pr.png',NULL,NULL,'S',7),(32,3,'Câmara de Osasco (SP)','/img/camara_osasco_sp.png',NULL,NULL,'S',8),(33,3,'Câmara de Salvador (BA)','/img/temnao.jpg',NULL,NULL,'N',9),(34,3,'Câmara de São Paulo (SP)','/img/camara_sp.png',NULL,NULL,'S',10),(35,3,'Câmara do Rio de Janeiro (RJ)','/img/camara_rj.png',NULL,NULL,'S',11),(36,3,'Guarda Civil Metropolitana (SP)','/img/guarda_civil_metropolitana.png',NULL,NULL,'S',12),(37,4,'CREA (SP)','/img/crea_sp.png',NULL,NULL,'S',1),(38,4,'COREN (SP)','/img/coren_sp.png',NULL,NULL,'S',2),(39,4,'CRECI (SP)','/img/creci_sp.png',NULL,NULL,'S',3),(40,5,'Simpress ','/img/simpress.jpg',NULL,NULL,'S',1),(41,5,'Schering Plough','/img/schering_plough.jpg',NULL,NULL,'S',2),(42,5,'Queiroz Galvão','/img/queiroz_galvao.png',NULL,NULL,'S',3),(43,5,'Fujitsu','/img/fujitsu-logo.jpg',NULL,NULL,'S',4),(44,5,'Cimpor ','/img/cimpor.png',NULL,NULL,'S',5),(45,5,'La Selva','/img/laselva.png',NULL,NULL,'S',6),(46,5,'Arvin Meritor','/img/arvin_meritor.png',NULL,NULL,'S',7),(47,5,'Baldacci','/img/baldacci.png',NULL,NULL,'S',8),(48,5,'Wheaton','/img/wheaton.png',NULL,NULL,'S',9),(49,5,'Zaraplast','/img/zaraplast.png',NULL,NULL,'S',10),(50,5,'Cimentos Poty','/img/cimentopoty.jpg',NULL,NULL,'S',11),(51,5,'Belmetal','/img/belmetal.png',NULL,NULL,'S',12),(52,5,'Grupo Brennand','/img/temnao.jpg',NULL,NULL,'N',13),(53,5,'Welleda','/img/weleda.png',NULL,NULL,'S',14),(54,6,'FACULDADE SEAMA (AP)','/img/seama.png',NULL,NULL,'S',1),(55,6,'FACULDADE MACKENZIE (SP)','/img/mackenzie.png',NULL,NULL,'S',2),(56,6,'UFPR (PR)','/img/ufpr.png',NULL,NULL,'S',3),(57,6,'UEPA (PA)','/img/uepa.png',NULL,NULL,'S',4),(58,6,'UFSCAR (SP)','/img/ufscar.png',NULL,NULL,'S',5),(59,6,'UNIVERSIDADE GAMA FILHO (RJ)','/img/gama.png',NULL,NULL,'S',6),(60,6,'UFGO (GO)','/img/temnao.jpg',NULL,NULL,'N',7),(61,6,'UEMS (MS)','/img/uems.png',NULL,NULL,'S',8),(62,6,'UNIFIEO (SP)','/img/unifieo.png',NULL,NULL,'S',9),(63,6,'FACULDADE INTEGRADA DA TERRA (DF)','/img/ftb.png',NULL,NULL,'S',10),(64,6,'FACULDADES INTEGRADAS TORRICELLI (SP)','/img/torricelli.png',NULL,NULL,'S',11),(65,6,'FAENAC (SP)','/img/faenac.png',NULL,NULL,'S',12),(66,6,'FACULDADES INTEGRADAS ANGLO AMERICANA (RJ)','/img/anglo_americana.png',NULL,NULL,'S',13),(67,6,'UNIVERSIDADE ESTADUAL DE FEIRA DE SANTANA','/img/uefs.png',NULL,NULL,'S',14);

--
-- Table structure for table `nm_clientes_cases`
--

CREATE TABLE `nm_clientes_cases` (
  `codigo` int(11) NOT NULL AUTO_INCREMENT,
  `titulo` varchar(250) NOT NULL,
  `titulo_curto` varchar(250) NOT NULL,
  `url_documento` varchar(250) NOT NULL,
  `logo` varchar(250) NOT NULL,
  `descricao` varchar(250) NOT NULL,
  `ordem` int(11) NOT NULL,
  PRIMARY KEY (`codigo`)
) ENGINE=InnoDB DEFAULT CHARSET=latin1;

--
-- Dumping data for table `nm_clientes_cases`
--


--
-- Table structure for table `nm_clientes_categorias`
--

CREATE TABLE `nm_clientes_categorias` (
  `codigo` int(11) NOT NULL AUTO_INCREMENT,
  `categoria` varchar(250) NOT NULL,
  `ordem` int(11) NOT NULL,
  PRIMARY KEY (`codigo`),
  KEY `ordem` (`ordem`)
) ENGINE=InnoDB AUTO_INCREMENT=7 DEFAULT CHARSET=latin1;

--
-- Dumping data for table `nm_clientes_categorias`
--

INSERT INTO `nm_clientes_categorias` VALUES (1,'Brazil Federal Government',1),(2,'Brazil State Government',2),(3,'Brazil Municipal Government',3),(4,'Commissions',4),(5,'Companies',5),(6,'Colleges, Schools and Universities',6);

--
-- Table structure for table `nm_clientes_rolando`
--

CREATE TABLE `nm_clientes_rolando` (
  `id` int(11) NOT NULL AUTO_INCREMENT,
  `nome` varchar(255) NOT NULL,
  `ordem` int(11) DEFAULT NULL,
  PRIMARY KEY (`id`)
) ENGINE=MyISAM AUTO_INCREMENT=201 DEFAULT CHARSET=latin1;

--
-- Dumping data for table `nm_clientes_rolando`
--

INSERT INTO `nm_clientes_rolando` VALUES (1,'Thailand 3 Army Area					 ',1),(2,'Gruposoft Sistemas						 ',2),(3,'First Data Latvia						 ',3),(4,'PT Vaia Indonesia						 ',4),(5,'VoiceMpower							 ',5),(6,'2F INFORMATICA S.A.S.					 ',6),(7,'UNIDAT spol. s r.o.						 ',7),(8,'CHAMBRE DE COMMERCE 74					 ',8),(9,'Fater Spa							 ',9),(10,'R.S. Ricerca Sviluppo Srl					 ',10),(11,'Rush Security Services Ltd					 ',11),(12,'NUEVO HABITAR & ASOCIADOS					 ',12),(13,'Scantec Informática Lda					 ',13),(14,'Nicosia prof. Gaetano					 ',14),(15,'MICROFORMAS, S.A. DE C.V.					 ',15),(16,'Emiratesglass						 ',16),(17,'SAS SIALIS							 ',17),(18,'IMDEVE INFORMATIQUE						 ',18),(19,'EDV-Beratung Joerg Hillebrand				 ',19),(20,'IGE								 ',20),(21,'MundoSystem Colombia					 ',21),(22,'2FIT bv							 ',22),(23,'iGREJAfacil							 ',23),(24,'RCFP							 ',24),(25,'AVISNET SYSTEM INFORMATICA LTDA				 ',25),(26,'Mirasys Ltd							 ',26),(27,'GA BRAZILIAN ASSEMBLY OF GOD CHURCH				 ',27),(28,'Hamilton							 ',28),(29,'DELPHINEA CONSEILS						 ',29),(30,'trioservice							 ',30),(31,'NSZFI							 ',31),(32,'ABROM Informatikai Kft.					 ',32),(33,'examenvirtual.net						 ',33),(34,'Global technology Resources					 ',34),(35,'DATECSA S.A.						 ',35),(36,'IPSS							 ',36),(37,'Core4 Philippines						 ',37),(38,'Jupiter Information Services				 ',38),(39,'Invertek Ltd						 ',39),(40,'Erling Sande AS						 ',40),(41,'mobileObjects AG						 ',41),(42,'PAOLO ASTORI SPA						 ',42),(43,'Fox Business Systems					 ',43),(44,'Trivex Systems Ltd						 ',44),(45,'2FIT BV							 ',45),(46,'RP								 ',46),(47,'Stokke							 ',47),(48,'SEVE							 ',48),(49,'AMG								 ',49),(50,'Bracco Research SA						 ',50),(51,'Opieki Zdrowotnej						 ',51),(52,'Esware							 ',52),(53,'CH-Technology						 ',53),(54,'IND WEB SRL							 ',54),(55,'Taylor Associates						 ',55),(56,'Naturepix Photo						 ',56),(57,'Línea Publicidad S.A.					 ',57),(58,'WINE SQUARE SRL UNIPERSONALE				 ',58),(59,'Sygma Bouwmanagement BV					 ',59),(60,'TECprovide							 ',60),(61,'Gian Luca Fregnella & C: S.r.l.				 ',61),(62,'Management Solutions Software LLC				 ',62),(63,'Comune di Feltre						 ',63),(64,'Apertio gcv							 ',64),(65,'AXIMA S.R.L.						 ',65),(66,'GORD Systems Services					 ',66),(67,'Municipalidad Provincial de Cajamarca			 ',67),(68,'CCB - Cimpor Cimentos do Brasil Ltda			 ',68),(69,'Belmetal Industria e Comercio Ltda.				 ',69),(70,'CFA 							 ',70),(71,'CESB 							 ',71),(72,'TELEMATICA 							 ',72),(73,'Encalso 							 ',73),(74,'Simpress RICOH						 ',74),(75,'ArvinMeritor 						 ',75),(76,'NT SOFTWARE 						 ',76),(77,'Weleda 							 ',77),(78,'NEW TEMPER NOROESTE IND. 					 ',78),(79,'EZ TEC 							 ',79),(80,'ITEL INFORMÁTICA LTDA. (Matriz)				 ',80),(81,'CANADA MOTORS 						 ',81),(82,'AGROVALE 							 ',82),(83,'PXS SERVICES						 ',83),(84,'Yamaha musical division (Brasil)				 ',84),(85,'BSY - BUSINESSYSTEM 					 ',85),(86,'CCB - Cimpor 						 ',86),(87,'Anis Razuk Industria e Comercio Ltda			 ',87),(88,'TECNODATA TRANSITO LTDA					 ',88),(89,'Projects Comunicação Multimídia e Tecnologia Ltda.		 ',89),(90,'RTJ INFORMATICA LTDA - ME / CONTAINER SOLUTION		 ',90),(91,'ZARAPLAST   S/A						 ',91),(92,'SB Comércio LTDA.						 ',92),(93,'GEOCAD 							 ',93),(94,'HIPERMERCADO BERGAMINI					 ',94),(95,'IBF - Industria Brasileira de Filmes S/A			 ',95),(96,'BR CONNECTION COM E SERV DE INFORM LTDA			 ',96),(97,'VOCAL volvo dealer 						 ',97),(98,'Butantan foundation						 ',98),(99,'Schering Plough						 ',99),(100,'CREMER S.A							 ',100),(101,'Rayervas Deborayne Ind Com ltda.				 ',101),(102,'Distribuidora Curitiba de Papéis e Livros S.A.		 ',102),(103,'SERVI-SAN LTDA						 ',103),(104,'PROVIDER TECNOLOGIA DE SISTEMAS LTDA.			 ',104),(105,'Adubos Sudoeste LTDA					 ',105),(106,'Microcis Consultoria, Informática e Serviços Ltda		 ',106),(107,'INFOBOX - PORTO DIGITAL LTDA.				 ',107),(108,'Raphy Industria Textil Ltda					 ',108),(109,'Neuralnet Tecnologia e Serviços S.A., 			 ',109),(110,'Phoenix Engenharia de Software Ltda				 ',110),(111,'RECESA PISOS E AZULEJOS LTDA.				 ',111),(112,'MXM SISTEMAS E SERVIÇOS DE INFORMÁTICA LTDA.		 ',112),(113,'HYSSA ABRAHIM & CIA LTDA.					 ',113),(114,'Electro Aço Altona S/A					 ',114),(115,'CPAD 							 ',115),(116,'NICREGISTRO INTERNET PROVIDER 				 ',116),(117,'CBS S/A  - Cia Brasileira de Sandálias			 ',117),(118,'DFL Indústria e Comércio S/A				 ',118),(119,'Sólida Informática Ltda.					 ',119),(120,'Attié Calil Advogados Associados				 ',120),(121,'Laselva							 ',121),(122,'ARPMED 							 ',122),(123,'MODULUS 							 ',123),(124,'CONSULTAR 							 ',124),(125,'JL FURLAN 							 ',125),(126,'GAAK Brasil Internet 					 ',126),(127,'SS Digital 							 ',127),(128,'GISANET 							 ',128),(129,'Unimed 							 ',129),(130,'Agência Sul-Americana de Desenvolvimento			 ',130),(131,'Federal Solutions 						 ',131),(132,'PINHEIROS VEICULOS LTDA.					 ',132),(133,'ActiveMaster Soluções em Informatica Ltda			 ',133),(134,'All Tasks 							 ',134),(135,'Center Norte S/A 						 ',135),(136,'RB37 TECNOLOGIA DE INFORMÁTICA LTDA				 ',136),(137,'Wacco do Brasil LTDA					 ',137),(138,'Safety Engenharia e Sistemas p/ Informática Ltda.		 ',138),(139,'AGEMAR Transportes e Empreendimentos Ltda.			 ',139),(140,'Netuno Alimentos Ltda					 ',140),(141,'AZIN Tecnologia da Informação 				 ',141),(142,'St Comércio de Sistemas e Controles de Acesso Ltda		 ',142),(143,'RANUR AGENCIAMENTO DE CARGAS E TRANSPORTES LTDA		 ',143),(144,'Max Gear Indústria e Comercio de Auto Peças			 ',144),(145,'Construtora Tarjab Ltda.					 ',145),(146,'Limestone Marmores do Brasil LTDA (Imarf)			 ',146),(147,'ARWR Tecnologia em Informática Ltda				 ',147),(148,'Opencadd Advanced Technology 				 ',148),(149,'TASA TINTURARIA AMERICANA S.A				 ',149),(150,'FAAP/DF 							 ',150),(151,'TRON 							 ',151),(152,'Car System							 ',152),(153,'SP Vox Televendas Ltda					 ',153),(154,'Balitek  							 ',154),(155,'Binária Sistemas 						 ',155),(156,'Hi-Soft 							 ',156),(157,'Vitapan Indústria Farmacêutica LTDA				 ',157),(158,'Assist Comercio e Serviços Ltda -  Epp			 ',158),(159,'BELÉM IMPORTADOS						 ',159),(160,'Hospfar Indústria de Produtos Hospitalares Ltda.		 ',160),(161,'EDM ALPHAGRAPHICS						 ',161),(162,'FASTPRINT LTDA.						 ',162),(163,'PROVIDER PRODUTOS E SISTEMAS LTDA.				 ',163),(164,'HYPERBYTE INFORMATICA LTDA.					 ',164),(165,'Wagner Morgado - ME						 ',165),(166,'Prima Processamento de Dados Ltda.				 ',166),(167,'Tenosoft Software Ltda					 ',167),(168,'Unidrogas Indústria e Comércio de Medicamentos LTDA		 ',168),(169,'Dialecto Soluções Inteligentes				 ',169),(170,'Video Engenho & Arte - Veanet				 ',170),(171,'RBR Informatica LTDA					 ',171),(172,'Serviço de Saúde Dr. Candido Ferreira			 ',172),(173,'Credfort - Ferraz e Pinheiro Ltda. - EPP			 ',173),(174,'RRH S/C LTDA.						 ',174),(175,'D.S.I.  -  Delta Sistemas de Informação Ltda		 ',175),(176,'TISS - Tecnologia Informação Sistemas e Serviços		 ',176),(177,'EXAME MEDICINA LABORATÓRIAL					 ',177),(178,'Sementes Talismã Ltda					 ',178),(179,'BEMFAM - Bem-Estar Familiar no Brasil			 ',179),(180,'CONSTAT SERVIÇOS EM INFORMÁTICA LTDA			 ',180),(181,'RF PARTICIPAÇÕES LTDA					 ',181),(182,'ADICON INTERMEDIAÇÃO E CONSULTORIA DE NEG. LTDA		 ',182),(183,'SMART TELECOMUNICACOES E SERVICOS LTDA.			 ',183),(184,'KEPLER SISTEMAS LTDA					 ',184),(185,'MIX MARKET COMERCIO DE PRODUTOS DE INFORMATICA LTDA		 ',185),(186,'SACRASOFT COMÉRCIO E INFORMÁTICA LTDA			 ',186),(187,'PONTUAL INFORMÁTICA LTDA.					 ',187),(188,'Studio Alfa Artes Graficas Ltda				 ',188),(189,'Element Marketing e Participações Ltda.			 ',189),(190,'LITIUM SOFTWARE CONSULTORIA LTDA.				 ',190),(191,'LTR SOLUÇÕES EM TECNOLOGIA DA INFORMAÇÃO LTDA ME 		 ',191),(192,'ANALITEC INFORMÁTICA LTDA					 ',192),(193,'REALWEB SOLUÇÕES LTDA.					 ',193),(194,'ROTECH CONSULTORIA E TECNOLOGIA LTDA			 ',194),(195,'CESVI BRASIL 						 ',195),(196,'Visual Sistemas de Informática e Automação Ltda.		 ',196),(197,'BGM Indústria e Comércio de Alimentos			 ',197),(198,'TRACE COMERCIAL  LTDA					 ',198),(199,'Integra Automação e Controle Ltda.				 ',199),(200,'Tela 7 Comunicação Digital					 ',200);

--
-- Table structure for table `nm_compara`
--

CREATE TABLE `nm_compara` (
  `codigo` int(11) NOT NULL AUTO_INCREMENT,
  `caracteristica` varchar(250) NOT NULL,
  `ordem` int(11) NOT NULL,
  `has_images` char(1) NOT NULL DEFAULT 'S',
  PRIMARY KEY (`codigo`),
  KEY `ordem` (`ordem`)
) ENGINE=InnoDB AUTO_INCREMENT=55 DEFAULT CHARSET=latin1;

--
-- Dumping data for table `nm_compara`
--

INSERT INTO `nm_compara` VALUES (1,'Grid Applications',1,'S'),(2,'Form Applications',2,'S'),(3,'Menu Applications',3,'S'),(4,'Tree Menu Applications',4,'S'),(5,'Search Applications',5,'S'),(6,'Control Applications',7,'S'),(7,'Tab Applications',8,'S'),(8,'Unlimited number of applications.',9,'S'),(9,'Unlimited number of projects.',10,'S'),(10,'Unlimited database connections.',11,'S'),(11,'Allows simultaneous developers.',12,'S'),(12,'&nbsp;&nbsp;&nbsp;&nbsp;MySQL',17,'S'),(13,'&nbsp;&nbsp;&nbsp;&nbsp;PostgreSQL',18,'S'),(14,'&nbsp;&nbsp;&nbsp;&nbsp;SQLite',19,'S'),(15,'&nbsp;&nbsp;&nbsp;&nbsp;Interbase',20,'S'),(16,'&nbsp;&nbsp;&nbsp;&nbsp;Firebird',21,'S'),(17,'&nbsp;&nbsp;&nbsp;&nbsp;Access',22,'S'),(18,'&nbsp;&nbsp;&nbsp;&nbsp;Oracle',14,'S'),(19,'&nbsp;&nbsp;&nbsp;&nbsp;MS SQLServer',14,'S'),(20,'&nbsp;&nbsp;&nbsp;&nbsp;DB2',15,'S'),(21,'&nbsp;&nbsp;&nbsp;&nbsp;SyBase',16,'S'),(22,'International language support',45,'S'),(23,'Data Dictionary',12,'S'),(24,'Auto Searching, Sorting and Browsing',47,'S'),(25,'Drill down capabilities',48,'S'),(26,'Ajax Features',27,'N'),(27,'Charts and Chart Builder',37,'S'),(28,'Master Detail Applications (forms / reports)',8,'S'),(29,'Visual Styles Editor',38,'S'),(30,'Visual SQL Queries Builder',39,'S'),(31,'Applications Security',33,'N'),(32,'&nbsp;&nbsp;&nbsp;&nbsp;Role-based Access Control',34,'S'),(33,'Editable Grid Applications',8,'S'),(34,'&nbsp;&nbsp;&nbsp;&nbsp;Automatic session security',36,'S'),(35,'File Upload Controls',41,'S'),(36,'Rich Text Editor',42,'S'),(37,'Multiple Database Connections',43,'S'),(38,'Databases supported',13,'N'),(39,'PDF , XLS , XML , CSV, RTF exporting data',46,'S'),(40,'&nbsp;&nbsp;&nbsp;&nbsp;Auto complete fields',28,'S'),(41,'&nbsp;&nbsp;&nbsp;&nbsp;Auto reloadable fields',29,'S'),(42,'&nbsp;&nbsp;&nbsp;&nbsp;Events programming',30,'S'),(43,'&nbsp;&nbsp;&nbsp;&nbsp;Data Navigation',31,'S'),(44,'&nbsp;&nbsp;&nbsp;&nbsp;Fields data lookup',32,'S'),(45,'Crosstable summaries',85,'S'),(46,'&nbsp;&nbsp;&nbsp;&nbsp;Captcha object',35,'S'),(47,'Stored procedures support',90,'S'),(48,'Views support',91,'S'),(49,'Image Fields Support',40,'S'),(50,'&nbsp;&nbsp;&nbsp;&nbsp;<i>PrimaryKeys</i> Auto-validation',32,'S'),(51,'&nbsp;&nbsp;&nbsp;&nbsp;<i>ForeignKeys</i> Easy-validation',32,'S'),(52,'&nbsp;&nbsp;&nbsp;&nbsp;Data-types Auto-validation',32,'S'),(53,'&nbsp;&nbsp;&nbsp;&nbsp;Required fields Auto-Validation',32,'S'),(54,'Many-to-Many controls',80,'S');

--
-- Table structure for table `nm_compara_produto`
--

CREATE TABLE `nm_compara_produto` (
  `codigo` int(11) NOT NULL AUTO_INCREMENT,
  `produto` varchar(250) NOT NULL,
  `ordem` int(11) NOT NULL,
  PRIMARY KEY (`codigo`)
) ENGINE=InnoDB AUTO_INCREMENT=3 DEFAULT CHARSET=latin1;

--
-- Dumping data for table `nm_compara_produto`
--

INSERT INTO `nm_compara_produto` VALUES (1,'ScriptCase Profesional Edition',1),(2,'ScriptCase Enterprise Edition',2);

--
-- Table structure for table `nm_compara_x_produto`
--

CREATE TABLE `nm_compara_x_produto` (
  `cd_compara` int(11) NOT NULL,
  `cd_compara_produto` int(11) NOT NULL,
  PRIMARY KEY (`cd_compara`,`cd_compara_produto`),
  KEY `cd_compara_produto` (`cd_compara_produto`),
  CONSTRAINT `nm_compara_x_produto_ibfk_1` FOREIGN KEY (`cd_compara`) REFERENCES `nm_compara` (`codigo`),
  CONSTRAINT `nm_compara_x_produto_ibfk_2` FOREIGN KEY (`cd_compara_produto`) REFERENCES `nm_compara_produto` (`codigo`)
) ENGINE=InnoDB DEFAULT CHARSET=latin1;

--
-- Dumping data for table `nm_compara_x_produto`
--

INSERT INTO `nm_compara_x_produto` VALUES (1,1),(2,1),(3,1),(4,1),(5,1),(6,1),(7,1),(8,1),(9,1),(10,1),(12,1),(13,1),(14,1),(15,1),(16,1),(17,1),(22,1),(23,1),(24,1),(25,1),(26,1),(27,1),(28,1),(29,1),(30,1),(31,1),(32,1),(33,1),(34,1),(35,1),(36,1),(37,1),(38,1),(39,1),(40,1),(41,1),(42,1),(43,1),(44,1),(45,1),(46,1),(47,1),(48,1),(49,1),(50,1),(51,1),(52,1),(53,1),(54,1),(1,2),(2,2),(3,2),(4,2),(5,2),(6,2),(7,2),(8,2),(9,2),(10,2),(11,2),(12,2),(13,2),(14,2),(15,2),(16,2),(17,2),(18,2),(19,2),(20,2),(21,2),(22,2),(23,2),(24,2),(25,2),(26,2),(27,2),(28,2),(29,2),(30,2),(31,2),(32,2),(33,2),(34,2),(35,2),(36,2),(37,2),(38,2),(39,2),(40,2),(41,2),(42,2),(43,2),(44,2),(45,2),(46,2),(47,2),(48,2),(49,2),(50,2),(51,2),(52,2),(53,2),(54,2);

--
-- Table structure for table `nm_depoimentos`
--

CREATE TABLE `nm_depoimentos` (
  `id_depoimento` int(11) NOT NULL AUTO_INCREMENT,
  `empresa` varchar(250) NOT NULL DEFAULT '',
  `fantasia` varchar(250) NOT NULL DEFAULT '',
  `mensagem` text NOT NULL,
  `autor` varchar(250) NOT NULL DEFAULT '',
  `cargo` varchar(250) NOT NULL,
  `site` varchar(250) NOT NULL,
  `logo` varchar(250) NOT NULL,
  `ordem` int(11) NOT NULL DEFAULT '0',
  PRIMARY KEY (`id_depoimento`),
  KEY `ordem` (`ordem`)
) ENGINE=InnoDB DEFAULT CHARSET=latin1;

--
-- Dumping data for table `nm_depoimentos`
--


--
-- Table structure for table `nm_descricao`
--

CREATE TABLE `nm_descricao` (
  `codigo` int(11) NOT NULL AUTO_INCREMENT,
  `topico` text NOT NULL,
  `ordem` int(11) NOT NULL,
  PRIMARY KEY (`codigo`),
  KEY `ordem` (`ordem`)
) ENGINE=InnoDB AUTO_INCREMENT=8 DEFAULT CHARSET=latin1;

--
-- Dumping data for table `nm_descricao`
--

INSERT INTO `nm_descricao` VALUES (1,'<strong>ScriptCase</strong> is a complete PHP code generator. Through a friendly interface, the ScriptCase creates web applications extremely fast with quality and team integration, <strong>saving time, lowering costs and increasing productivity</strong>.',2),(4,'Generate PHP Web applications extremely fast',1),(6,'IMG_CONF|float:right; margin-top: -170px; margin-right: -25px; height:220px;|||IMG_URL|img/imgusers.gif|||DIV_HEIGHT|height:310px;',0),(7,'Scriptcase supports most used databases, like Oracle, DB2, MS SQLServer, MySQL, PostgreSQL, Sybase, MS Access and more. \n<br /> <br /> \nThe application´s source code is PHP and JavaScript and uses AJAX technology. The applications run completly independent from the tool and are compatible with Windows, Unix, AS/400 and others systems. \n<br /><br /> \nThe development is made directly through the browser, allowing team integration and distributed development.',3);

--
-- Table structure for table `nm_doc_categoria`
--

CREATE TABLE `nm_doc_categoria` (
  `codigo` int(11) NOT NULL AUTO_INCREMENT,
  `categoria` varchar(250) NOT NULL,
  `url_link` varchar(250) DEFAULT NULL,
  `ordem` int(11) DEFAULT NULL,
  PRIMARY KEY (`codigo`)
) ENGINE=InnoDB AUTO_INCREMENT=2 DEFAULT CHARSET=latin1;

--
-- Dumping data for table `nm_doc_categoria`
--

INSERT INTO `nm_doc_categoria` VALUES (1,'Online Documentation','',1);

--
-- Table structure for table `nm_doc_item`
--

CREATE TABLE `nm_doc_item` (
  `codigo` int(11) NOT NULL AUTO_INCREMENT,
  `codigo_categoria` int(11) NOT NULL,
  `nome` varchar(250) NOT NULL,
  `descricao` varchar(250) DEFAULT NULL,
  `url_view` varchar(250) DEFAULT NULL,
  `target_view` varchar(250) DEFAULT NULL,
  `url_down` varchar(250) DEFAULT NULL,
  `ordem` int(11) DEFAULT NULL,
  PRIMARY KEY (`codigo`),
  KEY `codigo_categoria` (`codigo_categoria`),
  CONSTRAINT `nm_doc_item_ibfk_1` FOREIGN KEY (`codigo_categoria`) REFERENCES `nm_doc_categoria` (`codigo`)
) ENGINE=InnoDB AUTO_INCREMENT=3 DEFAULT CHARSET=latin1;

--
-- Dumping data for table `nm_doc_item`
--

INSERT INTO `nm_doc_item` VALUES (1,1,'<img src=\"../lib/img/usa.gif\" border=\"0\" title=\"English\" /> WebHelp','ScriptCase manual (Multiple HTML Pages)','http://downloads.scriptcase.net/downloads/v4/manual/en_us/webhelp/manual_mp/manual_mp.htm','manual','',1),(2,1,'<img src=\"../lib/img/spain.gif\" border=\"0\" title=\"Español\" /> WebHelp','Manual ScriptCase (Pagina HTML multiple) ','http://downloads.scriptcase.net/downloads/v4/manual/es_es/webhelp/manual_mp/manual_mp.htm','manual','',2);

--
-- Table structure for table `nm_estados`
--

CREATE TABLE `nm_estados` (
  `EstadoID` char(2) NOT NULL DEFAULT '',
  `NomeEstado` varchar(20) NOT NULL DEFAULT '',
  PRIMARY KEY (`EstadoID`)
) ENGINE=InnoDB DEFAULT CHARSET=latin1;

--
-- Dumping data for table `nm_estados`
--

INSERT INTO `nm_estados` VALUES ('AC','Acre'),('AL','Alagoas'),('AM','Amazonas'),('AP','Amapá'),('BA','Bahia'),('CE','Ceará'),('DF','Distrito Federal'),('ES','Espírito Santo'),('GO','Goias'),('MA','Maranhão'),('MG','Minas Gerais'),('MS','Mato Grosso do Sul'),('MT','Mato Grosso'),('PA','Pará'),('PB','Paraíba'),('PE','Pernambuco'),('PI','Piauí'),('PR','Paraná'),('RJ','Rio de Janeiro'),('RN','Rio Grande do Norte'),('RO','Rondônia'),('RR','Roraima'),('RS','Rio  Grande do Sul'),('SC','Santa Catarina'),('SE','Sergipe'),('SP','São Paulo'),('TO','Tocantins');

--
-- Table structure for table `nm_exemplos_grupos`
--

CREATE TABLE `nm_exemplos_grupos` (
  `codigo` int(11) NOT NULL AUTO_INCREMENT,
  `grupo` varchar(250) NOT NULL,
  `ordem` int(11) NOT NULL,
  `destaque` varchar(1) NOT NULL,
  PRIMARY KEY (`codigo`),
  KEY `ordem` (`ordem`)
) ENGINE=InnoDB AUTO_INCREMENT=13 DEFAULT CHARSET=latin1;

--
-- Dumping data for table `nm_exemplos_grupos`
--

INSERT INTO `nm_exemplos_grupos` VALUES (1,'Formulários',3,'0'),(2,'Consultas, Relatórios e Gráficos',2,'0'),(3,'Formulários de Pesquisa',7,'0'),(4,'Aplicações de Menu',8,'0'),(5,'PDF Report',9,'0'),(6,'Aplicações de Aba',10,'0'),(7,'Internacionalização',4,'0'),(8,'Sistemas',1,'0'),(11,'Aplicação Blank',5,'1'),(12,'Aplicação Container',6,'1');

--
-- Table structure for table `nm_exemplos_grupos_itens`
--

CREATE TABLE `nm_exemplos_grupos_itens` (
  `codigo` int(11) NOT NULL AUTO_INCREMENT,
  `exemplo_grupos` int(11) NOT NULL,
  `titulo` varchar(250) NOT NULL,
  `url` varchar(250) NOT NULL,
  `url_video` varchar(250) DEFAULT NULL,
  `target` varchar(32) NOT NULL,
  `target_video` varchar(32) DEFAULT NULL,
  `ordem` int(11) NOT NULL,
  `seloajax_sn` varchar(1) DEFAULT NULL,
  `selonew_sn` varchar(1) DEFAULT NULL,
  `descr` varchar(255) DEFAULT NULL,
  `destaque_order` int(11) DEFAULT NULL,
  `views` int(11) DEFAULT NULL,
  PRIMARY KEY (`codigo`),
  KEY `exemplo_grupos` (`exemplo_grupos`),
  KEY `ordem` (`ordem`),
  CONSTRAINT `nm_exemplos_grupos_itens_ibfk_1` FOREIGN KEY (`exemplo_grupos`) REFERENCES `nm_exemplos_grupos` (`codigo`)
) ENGINE=InnoDB AUTO_INCREMENT=59 DEFAULT CHARSET=latin1;

--
-- Dumping data for table `nm_exemplos_grupos_itens`
--

INSERT INTO `nm_exemplos_grupos_itens` VALUES (1,1,'Mestre/Detalhe','/sistemas/v5/exemplos_pt_br/form38/form38.php','tutoriais/form/form38.php','_blank','popup',1,'S','','Neste exemplo é desenvolvido um completo Mestre / Detalhe. ',NULL,146),(2,1,'Grid Editavel','/sistemas/v5/exemplos_pt_br/form39/form39.php','tutoriais/form/form39.php','_blank','popup',5,'S','','Exemplo do formulário grid editável.',NULL,92),(4,1,'Editor HTML','/sistemas/v5/exemplos_pt_br/form41/form41.php','tutoriais/form/form41.php','_blank','popup',7,'','','Neste exemplo é mostrado o uso do Editor HTML.',NULL,69),(5,1,'Formulario com Blocos e Abas','/sistemas/v5/exemplos_pt_br/form42/form42.php','tutoriais/form/form42.php','_blank','popup',6,'','','Este exemplo demonstra como organizar o formulário com Blocos e Abas.',NULL,69),(6,1,'Edição de um campo Select utilizando outro formulario','/sistemas/v5/exemplos_pt_br/form45/form45.php','tutoriais/form/form45.php','_blank','popup',8,'','','Veja como realizar a ligação para atualizar a tabela usada no campo select (combobox).',NULL,43),(8,2,'Usando Quebras e Totalização','/sistemas/v5/exemplos_pt_br/grid22/grid22.php','tutoriais/grid/grid22.php','_blank','popup',5,'','','Um exemplo de relatório com os recursos de quebras, totalização e resumo.',NULL,77),(9,2,'Resumo Pivot table','/sistemas/v5/exemplos_pt_br/grid29/grid29.php','tutoriais/grid/grid29.php','_blank','popup',2,'','','Este exemplo demonstra uma importante funcionalidade: o tipo de resumo Pivot.',NULL,116),(10,2,'Simples drill down','/sistemas/v5/exemplos_pt_br/grid14/grid14.php','tutoriais/grid/grid14.php','_blank','popup',4,'','','Este exemplo mostra como criar uma ligação entre duas consultas com passagem de parâmetros.',NULL,105),(14,2,'Relatorio Clientes x Pedido','/sistemas/v5/exemplos_pt_br/grid20/grid20.php','tutoriais/grid/grid20.php','_blank','popup',8,'','','Neste exemplo são usados duas aplicações de consulta, uma baseada na tabela de Clientes (Aplicação Mestre) e outra baseada na tabela de Pedidos (Aplicação Detalhe) para criar um relátorio de Subconsulta.',NULL,103),(15,3,'Recarga de campo usando AJAX','/sistemas/v5/exemplos_pt_br/grid31/grid31.php','tutoriais/search/grid31.php','_blank','popup',1,'S','','Aprenda a desenvolver uma aplicação de filtro utilizando recarga de campo Ajax. ',NULL,83),(16,3,'Criando Blocos na aplicação de Filtro','/sistemas/v5/exemplos_pt_br/grid30/grid30.php','tutoriais/search/grid30.php','_blank','popup',5,'','','Exemplo de aplicação de Filtro utilizando blocos.',NULL,32),(17,3,'Filtro e consulta na mesma pagina','/sistemas/v5/exemplos_pt_br/grid12/grid12.php','tutoriais/search/grid12.php','_blank','popup',3,'','','Este exemplo demonstra como criar uma consulta e filtro na mesma página.',NULL,42),(18,3,'Condições especiais para campos de data ','/sistemas/v5/exemplos_pt_br/search02/search02.php','tutoriais/search/search02.php','_blank','popup',4,'','','Este exemplo mostra como utilizar as condições especiais do ScriptCase no campo do tipo Data.',NULL,37),(19,4,'Menu Horizontal ','/sistemas/v5/exemplos_pt_br/menu01/menu01.php','tutoriais/menu/menu01.php','_blank','popup',1,'','','Este exemplo mostra como criar um menu horizontal.',NULL,118),(20,4,'Menu Tree','/sistemas/v5/exemplos_pt_br/menu02/menu02.php','tutoriais/menu/menu02.php','_blank','popup',5,'','','Veja como criar um menu árvore.',NULL,112),(21,5,'Cartão de Visitas em PDF','/sistemas/v5/exemplos_pt_br/pdf02/pdf02.php','tutoriais/pdf/pdf02.php','_blank','popup',1,'','','Com o ScriptCase é possível mostrar vários cartões de visita na mesma página. Aqui está um exemplo usando o Report PDF.',NULL,87),(22,5,'Imprimindo Nota Fiscal','/sistemas/v5/exemplos_pt_br/pdf03/pdf03.php','tutoriais/pdf/pdf03.php','_blank','popup',5,'','','Este exemplo mostra como criar uma Nota Fiscal no Report PDF.',NULL,80),(23,6,'Criando uma aplicação de Abas','/sistemas/v5/exemplos_pt_br/tab01/tab01.php','tutoriais/tabs/tab01.php','_blank','popup',1,'S','','Este exemplo explica como criar uma aplicação do tipo Aba.',NULL,161),(25,1,'Atualiza tabela de ligação','/sistemas/v5/exemplos_pt_br/form24/form24.php','tutoriais/form/form24.php','_blank','popup',9,'','','Aqui você aprenderá a criar uma aplicação que permite atualizar tabelas com relacionamento N:N utilizando objeto Duplo Select.',NULL,41),(26,2,'Consultas aninhadas usando treeview','/sistemas/v5/exemplos_pt_br/grid25/grid25.php','tutoriais/grid/grid25.php','_blank','popup',9,'','','Este exemplo demonstra como usar subconsultas com o formato treeview. ',NULL,105),(28,1,'Validação de Chave Unica ','/sistemas/v5/exemplos_pt_br/form44/form44.php','tutoriais/form/form44.php','_blank','popup',11,'S','','Exemplo de formulário utilizando validação de Chave Única.',NULL,29),(29,1,'Capturar informação de consulta','/sistemas/v5/exemplos_pt_br/form13/form13.php','tutoriais/form/form13.php','_blank','_blank',2,'','','A ligação de Captura do ScriptCase é um recurso muito útil para buscar informações relativas a um campo de uma aplicação durante uma atualização.',NULL,48),(31,7,'Consulta com troca de idioma','/sistemas/v5/exemplos_pt_br/grid_33/grid_33.php','tutoriais/internationalization/grid_33.php','_blank','popup',1,'','','Aqui é mostrado como criar um relatório com multi-idiomas.',NULL,25),(32,7,'Formulário de login com um campo de Idiomas','/sistemas/v5/exemplos_pt_br/ctr_5/ctr_5.php','tutoriais/internationalization/ctr_5.php','_blank','popup',5,'','','Neste exemplo, é possível selecionar o idioma através de um campo Select na aplicação de login. ',NULL,31),(33,1,'Capture Autocomplete ','/sistemas/v5/exemplos_pt_br/form54/form54.php','tutoriais/form/form54.php','_blank','popup',13,'S','','Outro exemplo de ligação de captura e um recurso útil: a função AutoComplete com AJAX.',NULL,53),(34,1,'Consulta e Formulario na mesma pagina','/sistemas/v5/exemplos_pt_br/form55/form55.php','tutoriais/form/form55.php','_blank','popup',14,'','','Neste exemplo é mostrado uma ligação entre consulta e formulário na mesma janela.',NULL,83),(35,1,'Simples Mestre-Detalhes para Empregados / Projetos ','/sistemas/v5/exemplos_pt_br/form56/form56.php','tutoriais/form/form56.php','_blank','popup',4,'','','Para criar uma aplicação mestre / detalhe simples serão utilizadas: uma consulta (para listar os funcionários), um formulário (para editar o funcionário) e um formulário grid editável (para editar os detalhes do funcionário) .',NULL,56),(36,1,'Atualizando relações Muitos-para-muitos  através de CheckBox List ','/sistemas/v5/exemplos_pt_br/form57/form57.php','tutoriais/form/form57.php','_blank','popup',10,'','','Neste tutorial você vai aprender como funciona o relacionamento muitos para muitos, usando uma aplicação de formulário com um campo checkbox.',NULL,56),(37,1,'Usando mascaras em Entrada de Dados','/sistemas/v5/exemplos_pt_br/form58/form58.php','tutoriais/form/form58.php','_blank','popup',2,'S','','Este exemplo aborda o uso de formulários com máscaras de entrada de dados e a validação do número de segurança social utilizando Ajax.',NULL,69),(38,8,'News','/sistemas4/sc_news_en_us/login/login.php','','_blank','',2,'','S','Sistema de notícias on-line tem todas as características básicas. Seu código é aberto para mudanças e distribuição para os clientes do ScriptCase. Ele roda nos bancos de dados Mysql ou Sqlite.',2,58),(39,8,'Album','/sistemas/v5/album/login/login.php','','_blank','',5,'','S','Sistema on-line de álbum tem muitas características avançadas para uso e manipulação de imagens. Seu código é aberto para mudanças e distribuição para os clientes do ScriptCase. Ele roda nos bancos de dados Mysql ou Sqlite',NULL,68),(40,1,'Usando Captcha no formulario de Login','/sistemas/v5/exemplos_pt_br/ctr06/ctr06.php','','_blank','',1,'','S','Veja como usar um objeto CAPTCHA em um formulário de login.',0,88),(41,2,'Resumo e gráfico','/sistemas/v5/exemplos_pt_br/grid34/grid34.php','tutoriais/grid/grid34.php','_blank','popup',0,'','S','Este exemplo mostra como criar um relatório com o resumo e gráfico na mesma página.',1,152),(42,2,'Resumo Pivot e Grafico','/sistemas/v5/exemplos_pt_br/grid35/grid35.php','tutoriais/grid/grid35.php','_blank','popup',2,'','S','Criando um resumo Pivot com gráficos.',NULL,112),(43,2,'Perfil de Empregado ','/sistemas/v5/exemplos_pt_br/grid36/grid36.php','','_blank','popup',13,'','S','Este exemplo demonstra como criar um consulta Slide utilizando Blocos e campo do tipo Imagem.',NULL,91),(44,2,'Avaliação de Produtos','/sistemas/v5/exemplos_pt_br/grid38/grid38.php','','_blank','popup',14,'','S','Neste exemplo é visto uma aplicação de consulta utilizando gráfico de linha.',NULL,77),(45,2,'Consulta Default','/sistemas/v5/exemplos_pt_br/grid39/grid39.php','','_blank','popup',16,'','','Exemplo de uma consulta simples',NULL,43),(46,2,'Consulta Mestre/detalhe','/sistemas/v5/exemplos_pt_br/grid40/grid40.php','','_blank','popup',15,'','S','Este exemplo mostra uma aplicação Mestre-detalhe de categorias/produtos.',NULL,74),(47,8,'Helpdesk','/sistemas/v5/helpdesk/','','_blank','',1,'','S','Confira nosso novo sistema de exemplo de Helpdesk e veja todo a flexibilidade que ScriptCase proporciona ao desenvolvedor.',1,173),(48,11,'Aplicação Blank ','/sistemas/v5/exemplos_pt_br/sample_blank_application/sample_blank_application.php','tutoriais/features/sample_blank_application.php','_blank','_blank',1,'S','S','Este exemplo mostra uma aplicação do tipo Blank usando JQUERY',1,141),(49,1,'Formulário com blocos treeview','/sistemas/v5/exemplos_pt_br/sample_block_expand_and_collapse/sample_block_expand_and_collapse.php','tutoriais/features/sample_block_expand_and_collapse.php','_blank','_blank',1,'S','S','Exemplo de aplicação de filtro com expansão de blocos',20,77),(50,2,'Gráfico Flash','/sistemas/v5/exemplos_pt_br/grid41/grid41.php','tutoriais/features/sample_chart.php','_blank','_blank',1,'S','S','Aplicação de consulta exibindo apenas o gráfico em Flash.',22,200),(51,12,'Container com gráficos','/sistemas/v5/exemplos_pt_br/sample_chart_main/sample_chart_main.php','tutoriais/features/sample_chart_main.php','_blank','_blank',1,'S','S','Aplicação de Container com gráficos em Flash',1,108),(52,12,'Aplicação de Container','/sistemas/v5/exemplos_pt_br/sample_container/sample_container.php','tutoriais/features/sample_container.php','_blank','_blank',1,'S','S','Aplicação de container mostrando resumo e gráfico em cada widget.',1,102),(54,2,'Ligação Modal','/sistemas/v5/exemplos_pt_br/sample_modal_main/sample_modal_main.php','tutoriais/features/sample_modal_main.php','_blank','_blank',1,'S','S','Aplicação de formulário com ligação utilizando modal.',21,126),(55,2,'Temas dinamicos','/sistemas/v5/exemplos_pt_br/sample_themes/sample_themes.php','tutoriais/features/sample_themes.php','_blank','_blank',3,'S','S','Consulta com opção para troca de tema em tempo de execução.',20,128),(57,4,'Menu Layout','/sistemas/v5/exemplos_pt_br/sample_treemenu/sample_treemenu.php','','_blank','_blank',1,'S','S','Menu usando Componente Layout',1,164),(58,3,'Formulário de Filtro abrindo em modal ','/sistemas/v5/exemplos_pt_br/search04/search04.php','','_blank','_blank',1,'S','S','Utilizando formulário de filtro em janela modal',1,64);

--
-- Table structure for table `nm_faq`
--

CREATE TABLE `nm_faq` (
  `codigo` int(11) NOT NULL AUTO_INCREMENT,
  `pergunta` varchar(250) NOT NULL,
  `resposta` varchar(250) NOT NULL,
  `ordem` int(11) NOT NULL,
  PRIMARY KEY (`codigo`)
) ENGINE=InnoDB AUTO_INCREMENT=27 DEFAULT CHARSET=latin1;

--
-- Dumping data for table `nm_faq`
--

INSERT INTO `nm_faq` VALUES (1,'What is the ScriptCase?','The ScriptCase is a powerful database-driven WEB-applications generator.',1),(3,'In wich language are the applications generated ?','The application\\\'s source code is PHP/ JavaScript / Html',3),(4,'What are the supported databases?','Oracle, MS-SQL Server, DB2, MySQL, Informix, ProstGreSQL, Access, Interbase, Firebird and others ODBC or OLEDB patterns.',4),(5,'In which operating systems the generated programs can run ?','Linux,  Windows 98/ME/2000/2003/XP/VISTA, IBM I5 and any other OS with a PHP-enabled web server.',5),(6,'In which language was the ScriptCase developped?','PHP and JavaScript, so the development environment is a web application acessible from any web-browser',7),(7,'What are the requirements to run ScriptCase?',' A web server (Apache, IIS, Sambar, Abyss, PWS, Xitami, etc) enabeled to run PHP Scripts and the \\\"Zend Optimizer\\\".',6),(8,'How can i access the development area?','Directly through a web browser (IE, Mozilla, Opera, etc) accessing the Web server where ScriptCase has been installed.',8),(9,'Can i access the development area through internet?','Yes, if the Web server where the ScriptCase is installed is accessible externally',9),(10,'How does it make the security control of the developers?','There is a management session where the developers can be registered, be associated to work groups and define security politics.',10),(11,'Does the applications generated by ScriptCase can be published or exported to another WEB-Server, independent from ScriptCase?','Yes, the generated php source code is completely independet from the ScriptCase, being enough for run this, a PHP-enabled WEB server.',11),(12,'Can i create links between the generated applications?','Yes, you can create isolated applications and then do the interconnection within them.',12),(13,'How can i maintenance the created applications, Should i edit the source code directly ? ','No, all changes can be made using the ScriptCase with no editing directly the .php files',13),(14,'Is possible to create a whole system with ScriptCase?','Yes, from the logon screen, to advanced reports, data input forms, business logic coding, all you need to write a complex application, you can do it using ScriptCase',2),(15,'Can i call Delphi , VB , .NET or JAVA programs from ScriptCase','Yes from php we instantiate COM objects(Component Object Model) , JAVA and others external programs',15),(17,'Where can I find informations about ScriptCase?','Directly on the site www.scriptcase.net or write to info@scriptcase.net.',17),(18,'Is there any documentation about how to use the ScriptCase?','The full documentation is available at the site.',18),(21,'Is there any ScriptCase demo for download?','You can download a free trial with full features enabled in our site.',21),(22,'I have created a form application, after this i made some changes in my SQL table,<br>how can i update my application? ','You can use the menu: Application - Syncronize table.',22),(23,'How can i prevent unauthorized access to my applications and how can i create a login form. ','To prevent unauthorized access edit any app. and find the Security menu, check the option Use Security , you can also do it in bulk way, see the menu Tools - Express Edit.\nAfter enable security create a login form and use the macro sc_apl_status',25),(24,'How can i backup my ScriptCase projects and restore it in another machine ? ','You can backup your environment using the backup function located in the menu: Tools - Options.\nIt is possible to create partial or total backups. To restore this .zip files there is a Restore function at the same menu.',24),(25,'Is it possible to bulk-edit applications? for example i need to change the CSS schema of all my project applications. ','You can change the CSS schema and many other attributes by using the menu \\\"Tools - Express Edit\\\".',23),(26,'How can i create a specific data validation in a form application ?','It is possible to add custom PHP code to validate the form events like: before insert, after update, etc. Just access the Events menu, on form apps.\nIt is also possible to validate field events like, change, blur, etc. see the menu Ajax Events',26);

--
-- Table structure for table `nm_grupo`
--

CREATE TABLE `nm_grupo` (
  `codigo` int(11) NOT NULL AUTO_INCREMENT,
  `nome` varchar(100) NOT NULL,
  PRIMARY KEY (`codigo`)
) ENGINE=InnoDB AUTO_INCREMENT=10 DEFAULT CHARSET=latin1;

--
-- Dumping data for table `nm_grupo`
--

INSERT INTO `nm_grupo` VALUES (1,'Administrador Site'),(8,'Administrador de Noticiais'),(9,'Administrador de Cursos/Workshop');

--
-- Table structure for table `nm_grupo_aplicacoes`
--

CREATE TABLE `nm_grupo_aplicacoes` (
  `grupoid` int(11) NOT NULL,
  `aplicacaoid` varchar(50) NOT NULL,
  PRIMARY KEY (`grupoid`,`aplicacaoid`)
) ENGINE=InnoDB DEFAULT CHARSET=latin1;

--
-- Dumping data for table `nm_grupo_aplicacoes`
--

INSERT INTO `nm_grupo_aplicacoes` VALUES (1,'cons_alunos'),(1,'cons_alunos_cursos'),(1,'cons_clientes_categorias'),(1,'cons_depoimentos'),(1,'cons_example'),(1,'cons_exemplos_grupos'),(1,'cons_exemplos_grupos_itens'),(1,'cons_links'),(1,'cons_turma'),(1,'cons_turma_tipo'),(1,'cons_workshop'),(1,'cons_workshop_tipo'),(1,'form_aluno'),(1,'form_aplicacoes'),(1,'form_cases'),(1,'form_clientes'),(1,'form_clientes_categorias'),(1,'form_depoimentos'),(1,'form_example'),(1,'form_exemplos_grupos'),(1,'form_exemplos_grupos_itens'),(1,'form_grupo'),(1,'form_home'),(1,'form_links'),(1,'form_link_sub'),(1,'form_noticias'),(1,'form_sys_category'),(1,'form_turma'),(1,'form_turma_aluno'),(1,'form_turma_tipo'),(1,'form_usuario_grupo'),(1,'form_videos'),(1,'form_workshop'),(1,'form_workshop_alunos'),(1,'form_workshop_tipo'),(1,'frm_beneficios'),(1,'frm_homerecursos'),(1,'frm_recursos'),(1,'frm_sistemas'),(1,'frm_sistemas_caracteristicas'),(1,'grid_topics'),(1,'menu'),(8,'form_noticias'),(8,'menu'),(9,'cons_alunos'),(9,'cons_alunos_cursos'),(9,'cons_turma'),(9,'cons_turma_tipo'),(9,'cons_workshop'),(9,'cons_workshop_tipo'),(9,'form_aluno'),(9,'form_turma'),(9,'form_turma_aluno'),(9,'form_turma_tipo'),(9,'form_workshop'),(9,'form_workshop_alunos'),(9,'form_workshop_tipo'),(9,'menu');

--
-- Table structure for table `nm_grupo_usuarios`
--

CREATE TABLE `nm_grupo_usuarios` (
  `usuarioid` varchar(12) NOT NULL,
  `grupoid` int(11) NOT NULL,
  PRIMARY KEY (`usuarioid`,`grupoid`)
) ENGINE=InnoDB DEFAULT CHARSET=latin1;

--
-- Dumping data for table `nm_grupo_usuarios`
--

INSERT INTO `nm_grupo_usuarios` VALUES ('diogo',1),('erico',9),('hillus',1),('ricardo',1);

--
-- Table structure for table `nm_newsletter`
--

CREATE TABLE `nm_newsletter` (
  `news_email` varchar(250) NOT NULL,
  `deseja_receber` char(1) NOT NULL,
  `data_cadastro` datetime NOT NULL,
  `ip_auth` varchar(15) NOT NULL,
  `ja_recebeu` char(1) NOT NULL,
  PRIMARY KEY (`news_email`)
) ENGINE=InnoDB DEFAULT CHARSET=latin1;

--
-- Dumping data for table `nm_newsletter`
--

INSERT INTO `nm_newsletter` VALUES ('a.parmeggiani@email.it','S','2008-12-18 20:46:31','78.134.15.193','N'),('afertilio@gmail.com','S','2009-02-17 23:29:42','190.21.81.70','N'),('afzal2525@gmail.com','S','2009-04-14 09:34:18','59.94.112.81','N'),('antootv@gmail.com','S','2009-11-03 20:24:57','61.1.235.39','N'),('asawyer@asboinc.com','S','2009-08-18 21:28:53','74.74.191.204','N'),('asesis_ruiz@hotmail.com','S','2009-02-16 21:40:31','186.8.29.113','N'),('ATonangi2009@GMail.com','S','2009-03-27 06:59:29','76.245.67.119','N'),('betopessanha@gmail.com','S','2009-11-30 18:54:49','24.63.197.227','N'),('c.kitisak@hotmail.com','S','2008-11-11 04:46:42','58.8.12.85','N'),('dhana@urjita.co.in','S','2009-11-14 13:10:57','117.193.167.73','N'),('diego.meneses@provedatos.com','S','2009-08-01 08:51:42','201.217.108.158','N'),('erik.gibson@gmail.com','S','2009-11-11 08:30:35','196.25.253.13','N'),('fernanda@webinterface.com.br','S','2008-05-16 12:00:56','189.59.184.32','N'),('garlapatic@yahoo.com','S','2009-09-12 17:37:13','219.64.73.95','N'),('guide2sulawesi@yahoo.com','S','2009-09-18 09:49:53','125.167.112.206','N'),('guilherme@netsoft.eti.br','S','2008-05-18 10:40:35','201.67.177.185','N'),('halogbi@gmail.com','S','2009-07-25 05:10:17','84.235.124.232','N'),('info@doc4pc.de','S','2008-12-11 18:36:36','91.35.26.34','N'),('krhth1@earthlink.net','S','2009-07-13 12:14:16','24.199.76.235','N'),('matiasrossi@gmail.com','S','2009-07-27 12:04:53','200.3.94.234','N'),('mraygoza@gmail.com','S','2009-11-19 14:07:17','98.192.172.91','N'),('murphyduru@yahoo.com','S','2009-11-07 20:08:46','41.218.195.204','N'),('riadalpha@yahoo.fr','S','2009-01-09 17:13:05','41.221.16.59','N'),('rodrigo@netmake.com.br','S','2008-06-18 09:57:52','192.168.254.180','N'),('sanith@in.com','S','2009-04-15 08:13:59','116.68.81.171','N'),('scriptcase@topicall.net','S','2009-10-15 08:39:57','213.208.108.114','N'),('selvi@searchenginegenie.com','S','2008-12-15 09:53:31','122.164.39.127','N'),('sharyn4@gmail.com','S','2009-01-04 05:11:43','59.154.24.147','N'),('stepshows@gmail.com','S','2009-12-14 18:31:34','12.52.228.39','N'),('uwe.pfeiffer@t-online.de','S','2009-12-08 07:25:14','91.62.236.248','N'),('walii2d@yahoo.com','S','2009-11-13 08:39:33','58.65.190.95','N'),('webmaster@touchwood.com','S','2008-11-11 04:47:14','58.8.12.85','N');

--
-- Table structure for table `nm_noticiais`
--

CREATE TABLE `nm_noticiais` (
  `codigo` int(11) NOT NULL AUTO_INCREMENT,
  `data_cadastro` datetime NOT NULL,
  `data_publicacao` datetime NOT NULL,
  `publicado` char(1) NOT NULL DEFAULT 'N',
  `titulo` varchar(250) NOT NULL,
  `mensagem_curta` varchar(250) NOT NULL,
  `mensagem_longa` text NOT NULL,
  `destaque` char(1) NOT NULL DEFAULT 'N',
  `destaque_logo` varchar(250) NOT NULL,
  PRIMARY KEY (`codigo`),
  KEY `data_publicacao` (`data_publicacao`),
  KEY `destaque` (`destaque`)
) ENGINE=InnoDB AUTO_INCREMENT=30 DEFAULT CHARSET=latin1;

--
-- Dumping data for table `nm_noticiais`
--

INSERT INTO `nm_noticiais` VALUES (27,'2008-04-30 12:15:51','2008-04-30 00:00:00','N','IBM, Netmake and IMES has created a Training Partner Program to qualify developers in PHP, ScriptCase and i5/OS DB2 professionals.','IBM, Netmake and IMES has created a Training Partner Program to qualify developers in PHP, ScriptCase and i5/OS DB2 professionals.','<p>\nSão Paulo, March 05, 2008 - The Institute of superior teaching of Sao Caetano do sul City, IMES, technicaly supported by IBM power systems division and the ScriptCase\'s developer company, NetMake, will be trainning students of information systems, WEB design and others courses using PHP on i5/OS, DB2 and MySQL. We estimate in this year about 120 students will be trainned on those technologies.\n</p>\n<p> \nThe IMES was one of the pioneers on i5/OS courses in Brazil, with classes since 1993. The Institute has actually more than one thousand students in technology courses, using a recently obtained i5 Power Systems server for Relational DataBase, programming and \"it fundamentals\" classes. \n</p>\n<p> \nThe i5/OS Operating System is reference in security, simplicity and integration. It has a legion of fans around the world and a very strong comunity. \"The support for PHP and MySQL on i5/OS brings new options to these costumers, adding a huge set of applications developed by the open source comunity to the existent i5/OS\'s portfolio\" announced Antonio Carlos Navarro, IBM Power Systems product manager in Brazil.  \n</p>\n<p> \n\"There is a high demand for professionals with expertise on i5 platform on the market. PHP and AJAX are essential technogies today to any developer. Obtain all those technologies is a great diferential to our students\", afirms the teacher Aparecido Freitas, IMES computing courses manager. \"Besides JAVA, RPG and COBOL training, we are bringing to our students all the versatility and features found in PHP, giving them a very usefull sigth in their careers. We hope to build all WEB design\'s projects using those technologies provided by IBM and Netmake\".\n</p>\n<p>\nThis partnership will make use of the Scriptcase framwork, build by Netmake. The ScriptCase is a full WEB development environment that allow to create WEB applications extremely fast with quality, saving time, lowering costs, increasing productivity and team integration.\n</p>\n<p>\nAbout IBM: IBM is the world largest technology company, a market leader in services, creation and development of the most advanced industry\'s information technology, including software, hardware and service solutions.\n</p>\n<p>\nAbout NetMake: Netmake is a brazilian company founded in 2001, located in Recife-PE, focused on WEB solutions.\n</p>','N',''),(28,'2008-12-04 15:21:45','2008-12-04 15:00:00','N','The PHP Classes is sponsored by Scriptcase for Language  Innovations Award','PHP Classes is sponsored by Scriptcase','<p><strong><em>The PHP Classes is sponsored by Scriptcase for Language  Innovations Award</em></strong></p>\r\n<p>The PHP Classes is a global PHP web community with more then 210  thousands users, from Brazil,  Turkey, Peru, France, Russia and others.<br />\r\n  </p>\r\n<p>Scriptcase,  a major reference PHP language in Brazil, is a sponsor to the PHP  Programming Innovations<strong></strong>Award, with monthly nominations  created by the site.  The award objective  is to recognize participants that contribute to the community enrichment by creating  innovative PHP classes’ functionalities.<br />\r\n  </p>\r\n<p>Every  month new published classes considered innovative by the site are indicated to  the award. During the following month the site signatories can vote to select  the most innovative class. The nominees and winner are announced at beginning  of following month.<br />\r\n  </p>\r\n<p>The winner  selects the sponsor of his/her choice prize. First eight more voted nominees  also receive a prize according to some regulation. <br />\r\n  August winner was Luis Martinez Ulloa, from Peru. He chose a Scriptcase license  as his prize to help him to develop other good ideas.</p>\r\n','S','http://files.phpclasses.org/graphics/elephpant_logo.gif'),(29,'2009-07-01 03:15:42','2009-06-30 17:00:00','S','Helpdesk System','New Example System: <a href=\"http://helpdesk.scriptcase.net/\">http://helpdesk.scriptcase.net/</a>','<br />\nCheck out our new Helpdesk example system and see all the power that ScriptCase has to offer.\n\nGo to <a href=\"http://helpdesk.scriptcase.net/\" target=\"_blank\">http://helpdesk.scriptcase.net/</a>\n\n<table border=\"0\" cellspacing=\"3\" width=\"548\">\n	<tbody>\n		<tr>\n			<td width=\"234\" align=\"middle\" valign=\"top\">\n				<a href=\"http://helpdesk.scriptcase.net\" target=\"_blank\"><img alt=\"sc_tickets\" src=\"img/sc_tickets_195.gif\" border=\"0\"></a>			</td>\n			<td width=\"301\" align=\"left\" valign=\"top\">\n			  <font color=\"#006633\" face=\"Arial, Helvetica, sans-serif\" size=\"2\"><br />See an example of a helpdesk system        completely developed in a short time using ScriptCase, the most complete and flexible PHP generator in the market.<br>        <br>Read bellow a list of some features available in the first ScTickets release. This system will be available soon  for free use & customization.     </font></td>\n		</tr><tr><td height=\"105\"><span style=\"font-weight: bold;\"><font color=\"#006633\" face=\"Arial, Helvetica, sans-serif\" size=\"3\"># 4 different access profiles:</font></span><font color=\"#006633\" face=\"Arial, Helvetica, sans-serif\" size=\"2\"><br>    - Administrators<br>    - Staff (Support operators)<br>    - Customers <br>    - Non subscribers (non customers)    </font></td><td align=\"middle\"><a href=\"http://helpdesk.scriptcase.net\" target=\"_blank\"><img alt=\"sc_tickets\" src=\"img/play.png\" border=\"0\"></a></td></tr><tr><td colspan=\"2\"><font color=\"#006633\" face=\"Arial, Helvetica, sans-serif\" size=\"3\"><span style=\"font-weight: bold;\"># Multiple languages support. <br>   </span></font><font color=\"#006633\" face=\"Arial, Helvetica, sans-serif\" size=\"2\">In this first version are available the English and Spanish languages. <br>\n       This application is available to download only for registered users. Alter download you can customize your language as well as the whole    \n		          system operation through ScriptCase</font></td></tr><tr><td colspan=\"2\"><font color=\"#006633\" face=\"Arial, Helvetica, sans-serif\" size=\"2\"><font size=\"3\"><span style=\"font-weight: bold;\"><br># Customizable HTML system messages templates.</span></font></font></td></tr><tr><td colspan=\"2\"><p><font color=\"#006633\" face=\"Arial, Helvetica, sans-serif\" size=\"2\"><font size=\"3\"><span style=\"font-weight: bold;\"><br># Control panels in the administration module. </span></font><br></font></p></td></tr></tbody></table>\n\n','S','http://www.scriptcase.net/siteen/news/img/sc_tickets.gif');

--
-- Table structure for table `nm_posicao`
--

CREATE TABLE `nm_posicao` (
  `codigo` int(11) NOT NULL AUTO_INCREMENT,
  `posicao` varchar(32) NOT NULL,
  PRIMARY KEY (`codigo`)
) ENGINE=InnoDB AUTO_INCREMENT=3 DEFAULT CHARSET=latin1;

--
-- Dumping data for table `nm_posicao`
--

INSERT INTO `nm_posicao` VALUES (1,'Cima'),(2,'Baixo');

--
-- Table structure for table `nm_representantes`
--

CREATE TABLE `nm_representantes` (
  `codigo` int(11) NOT NULL AUTO_INCREMENT,
  `estado` varchar(30) NOT NULL DEFAULT '',
  `nome` varchar(30) NOT NULL DEFAULT '',
  `endereco` varchar(250) NOT NULL DEFAULT '',
  `telefone` varchar(30) NOT NULL DEFAULT '',
  `contato` varchar(30) NOT NULL DEFAULT '',
  `email` varchar(30) NOT NULL DEFAULT '',
  `site` varchar(30) NOT NULL DEFAULT '',
  `site_cursos` varchar(30) NOT NULL,
  `nivel` int(11) NOT NULL DEFAULT '0',
  `chat_dept` int(2) DEFAULT NULL,
  PRIMARY KEY (`codigo`),
  KEY `ik_nivel` (`nivel`)
) ENGINE=InnoDB AUTO_INCREMENT=22 DEFAULT CHARSET=latin1;

--
-- Dumping data for table `nm_representantes`
--

INSERT INTO `nm_representantes` VALUES (2,'Espírito Santo','Container Solution','Av. Marechal Mascarenhas de Moraes, 2562/202,Ed. Espaço Um,Vitória','27 33248835','Reginaldo Destefani','reginaldo@containersol.com.br','www.containersol.com.br','www.scriptcase.com.br',8,4),(9,'Bahia','INFOCRAFT','Rua Visconde do Rosário, 03, Edf. Augusto Borges, sls 407/410, Comércio, Salvador - BA','(71) 3243-8602','Raimundo Valente','infocraft@infocraft.com.br','www.infocraft.com.br','',4,4),(10,'Rio de Janeiro','WEBKEY Soluções em Internet','Av. Rio Branco, 277, sobre loja 102, Centro, Rio de Janeiro - RJ','(21) 3903-5975','Cláudio Bardanca','bardanca@webkey.com.br','www.webkey.com.br','',2,4),(15,'Ceará','COM3 Informática','Rua dos Cariris, 35 B, Praia de Iracema, Fortaleza - CE','(85) 3219-0778 / 8899-4133 ','Eliezer Júnior','junior@cearacultura.com.br','www.cearacultura.com.br','',5,4),(16,'Goiás-GO','Seer Consulting Services','Rua 137,  556, Ed. Alvorada, 1º andar, Setor Marista, Goiânia - GO','(62) 3278-3800 / 9266-6610','Clóvis Vieira / Edson Carlo','comercial@seer.com.br','www.seer.com.br','',3,4),(19,'Acre Amazonas Rondônia Roraima','AMTECH Soluções Inteligentes','Rua DIB, 245, Governador Aquilino Mota Duarte, Boa Vista - RR','(95) 3628-4079 / 9112-6129','Cleodon Farias','cleodon@scriptcase.com.br','','',6,4),(20,'Minas Gerais','Web Interface ','Av. Cristiano Machado, 640, sl 1408, Sagrada Família, Belo Horizonte - MG','(31) 3075-5096 / 9168-8990','Fernanda Campos Motta','fernanda@webinterface.com.br','www.webinterface.com.br','',7,4),(21,'Brasilia-DF','Line Brasil','SCRN Quadra 708/709  Bloco A Entrada 9 - 1 andar','(61) 3962-3000','Departamento Comercial','comercial@linebrasil.com.br','http://www.linebrasil.com.br','',2,4);

--
-- Table structure for table `nm_representantes_x_estado`
--

CREATE TABLE `nm_representantes_x_estado` (
  `cd_representante` int(11) NOT NULL,
  `cd_estado` char(2) NOT NULL,
  PRIMARY KEY (`cd_representante`,`cd_estado`),
  CONSTRAINT `nm_representantes_x_estado_ibfk_1` FOREIGN KEY (`cd_representante`) REFERENCES `nm_representantes` (`codigo`)
) ENGINE=InnoDB DEFAULT CHARSET=latin1;

--
-- Dumping data for table `nm_representantes_x_estado`
--

INSERT INTO `nm_representantes_x_estado` VALUES (2,'ES'),(9,'BH'),(10,'RJ'),(15,'CE'),(16,'GO'),(19,'AC'),(19,'AM'),(19,'RO'),(19,'RR'),(20,'MG'),(21,'DF');

--
-- Table structure for table `nm_sistemas`
--

CREATE TABLE `nm_sistemas` (
  `codigo` int(11) NOT NULL AUTO_INCREMENT,
  `nome` varchar(250) NOT NULL,
  `descricao` text NOT NULL,
  `imagem` varchar(250) DEFAULT NULL,
  `tamanho` varchar(250) DEFAULT NULL,
  `link_down` varchar(250) DEFAULT NULL,
  `url_visualizar` varchar(250) DEFAULT NULL,
  `ordem` int(11) NOT NULL,
  PRIMARY KEY (`codigo`)
) ENGINE=InnoDB AUTO_INCREMENT=9 DEFAULT CHARSET=latin1;

--
-- Dumping data for table `nm_sistemas`
--

INSERT INTO `nm_sistemas` VALUES (6,'News','News system application example.\n\nThis is a small news system , with some work-flow issues, \nan user with a \"reporter\" profile can write a new, \nbut only in the sessions where he has permission to do it.\nAnother user with \"editor\" profile aproves or not the news posted by the reporters,\nfinaly there is a \"reader\" profile witch allows only to read the news','img/sc_news.gif','','','/sistemas4/sc_news_en_us/login/login.php',6),(7,'Album','Album application system.','img/sc_album.gif','','','/sistemas4/sc_album_en_us/login/login.php',7),(8,'Helpdesk','Helpdesk System',NULL,NULL,NULL,'http://helpdesk.scriptcase.net/',1);

--
-- Table structure for table `nm_sistemas_caracteristicas`
--

CREATE TABLE `nm_sistemas_caracteristicas` (
  `codigo` int(11) NOT NULL AUTO_INCREMENT,
  `codigo_sistemas` int(11) NOT NULL,
  `caracteristica` varchar(250) NOT NULL,
  PRIMARY KEY (`codigo`),
  KEY `codigo_sistemas` (`codigo_sistemas`),
  CONSTRAINT `nm_sistemas_caracteristicas_ibfk_1` FOREIGN KEY (`codigo_sistemas`) REFERENCES `nm_sistemas` (`codigo`)
) ENGINE=InnoDB AUTO_INCREMENT=24 DEFAULT CHARSET=latin1;

--
-- Dumping data for table `nm_sistemas_caracteristicas`
--

INSERT INTO `nm_sistemas_caracteristicas` VALUES (18,6,'Especific rules for each profile (reporter,editor,reader)'),(19,6,'A simple workflow sample'),(20,7,'Create as many albums as you want.'),(21,7,'Upload your photos for any album and let they be available to display to others.'),(22,7,'View your albums in slide mode, thumbnais all in one page ...'),(23,8,'Helpdesk System');

--
-- Table structure for table `nm_site4_es`
--

CREATE TABLE `nm_site4_es` (
  `id` int(11) NOT NULL AUTO_INCREMENT,
  `nome` varchar(255) NOT NULL,
  `ordem` int(11) DEFAULT NULL,
  PRIMARY KEY (`id`)
) ENGINE=MyISAM AUTO_INCREMENT=201 DEFAULT CHARSET=latin1;

--
-- Dumping data for table `nm_site4_es`
--

INSERT INTO `nm_site4_es` VALUES (1,'Thailand 3 Army Area					 ',1),(2,'Gruposoft Sistemas						 ',2),(3,'First Data Latvia						 ',3),(4,'PT Vaia Indonesia						 ',4),(5,'VoiceMpower							 ',5),(6,'2F INFORMATICA S.A.S.					 ',6),(7,'UNIDAT spol. s r.o.						 ',7),(8,'CHAMBRE DE COMMERCE 74					 ',8),(9,'Fater Spa							 ',9),(10,'R.S. Ricerca Sviluppo Srl					 ',10),(11,'Rush Security Services Ltd					 ',11),(12,'NUEVO HABITAR & ASOCIADOS					 ',12),(13,'Scantec Informática Lda					 ',13),(14,'Nicosia prof. Gaetano					 ',14),(15,'MICROFORMAS, S.A. DE C.V.					 ',15),(16,'Emiratesglass						 ',16),(17,'SAS SIALIS							 ',17),(18,'IMDEVE INFORMATIQUE						 ',18),(19,'EDV-Beratung Joerg Hillebrand				 ',19),(20,'IGE								 ',20),(21,'MundoSystem Colombia					 ',21),(22,'2FIT bv							 ',22),(23,'iGREJAfacil							 ',23),(24,'RCFP							 ',24),(25,'AVISNET SYSTEM INFORMATICA LTDA				 ',25),(26,'Mirasys Ltd							 ',26),(27,'GA BRAZILIAN ASSEMBLY OF GOD CHURCH				 ',27),(28,'Hamilton							 ',28),(29,'DELPHINEA CONSEILS						 ',29),(30,'trioservice							 ',30),(31,'NSZFI							 ',31),(32,'ABROM Informatikai Kft.					 ',32),(33,'examenvirtual.net						 ',33),(34,'Global technology Resources					 ',34),(35,'DATECSA S.A.						 ',35),(36,'IPSS							 ',36),(37,'Core4 Philippines						 ',37),(38,'Jupiter Information Services				 ',38),(39,'Invertek Ltd						 ',39),(40,'Erling Sande AS						 ',40),(41,'mobileObjects AG						 ',41),(42,'PAOLO ASTORI SPA						 ',42),(43,'Fox Business Systems					 ',43),(44,'Trivex Systems Ltd						 ',44),(45,'2FIT BV							 ',45),(46,'RP								 ',46),(47,'Stokke							 ',47),(48,'SEVE							 ',48),(49,'AMG								 ',49),(50,'Bracco Research SA						 ',50),(51,'Opieki Zdrowotnej						 ',51),(52,'Esware							 ',52),(53,'CH-Technology						 ',53),(54,'IND WEB SRL							 ',54),(55,'Taylor Associates						 ',55),(56,'Naturepix Photo						 ',56),(57,'Línea Publicidad S.A.					 ',57),(58,'WINE SQUARE SRL UNIPERSONALE				 ',58),(59,'Sygma Bouwmanagement BV					 ',59),(60,'TECprovide							 ',60),(61,'Gian Luca Fregnella & C: S.r.l.				 ',61),(62,'Management Solutions Software LLC				 ',62),(63,'Comune di Feltre						 ',63),(64,'Apertio gcv							 ',64),(65,'AXIMA S.R.L.						 ',65),(66,'GORD Systems Services					 ',66),(67,'Municipalidad Provincial de Cajamarca			 ',67),(68,'CCB - Cimpor Cimentos do Brasil Ltda			 ',68),(69,'Belmetal Industria e Comercio Ltda.				 ',69),(70,'CFA 							 ',70),(71,'CESB 							 ',71),(72,'TELEMATICA 							 ',72),(73,'Encalso 							 ',73),(74,'Simpress RICOH						 ',74),(75,'ArvinMeritor 						 ',75),(76,'NT SOFTWARE 						 ',76),(77,'Weleda 							 ',77),(78,'NEW TEMPER NOROESTE IND. 					 ',78),(79,'EZ TEC 							 ',79),(80,'ITEL INFORMÁTICA LTDA. (Matriz)				 ',80),(81,'CANADA MOTORS 						 ',81),(82,'AGROVALE 							 ',82),(83,'PXS SERVICES						 ',83),(84,'Yamaha musical division (Brasil)				 ',84),(85,'BSY - BUSINESSYSTEM 					 ',85),(86,'CCB - Cimpor 						 ',86),(87,'Anis Razuk Industria e Comercio Ltda			 ',87),(88,'TECNODATA TRANSITO LTDA					 ',88),(89,'Projects Comunicação Multimídia e Tecnologia Ltda.		 ',89),(90,'RTJ INFORMATICA LTDA - ME / CONTAINER SOLUTION		 ',90),(91,'ZARAPLAST   S/A						 ',91),(92,'SB Comércio LTDA.						 ',92),(93,'GEOCAD 							 ',93),(94,'HIPERMERCADO BERGAMINI					 ',94),(95,'IBF - Industria Brasileira de Filmes S/A			 ',95),(96,'BR CONNECTION COM E SERV DE INFORM LTDA			 ',96),(97,'VOCAL volvo dealer 						 ',97),(98,'Butantan foundation						 ',98),(99,'Schering Plough						 ',99),(100,'CREMER S.A							 ',100),(101,'Rayervas Deborayne Ind Com ltda.				 ',101),(102,'Distribuidora Curitiba de Papéis e Livros S.A.		 ',102),(103,'SERVI-SAN LTDA						 ',103),(104,'PROVIDER TECNOLOGIA DE SISTEMAS LTDA.			 ',104),(105,'Adubos Sudoeste LTDA					 ',105),(106,'Microcis Consultoria, Informática e Serviços Ltda		 ',106),(107,'INFOBOX - PORTO DIGITAL LTDA.				 ',107),(108,'Raphy Industria Textil Ltda					 ',108),(109,'Neuralnet Tecnologia e Serviços S.A., 			 ',109),(110,'Phoenix Engenharia de Software Ltda				 ',110),(111,'RECESA PISOS E AZULEJOS LTDA.				 ',111),(112,'MXM SISTEMAS E SERVIÇOS DE INFORMÁTICA LTDA.		 ',112),(113,'HYSSA ABRAHIM & CIA LTDA.					 ',113),(114,'Electro Aço Altona S/A					 ',114),(115,'CPAD 							 ',115),(116,'NICREGISTRO INTERNET PROVIDER 				 ',116),(117,'CBS S/A  - Cia Brasileira de Sandálias			 ',117),(118,'DFL Indústria e Comércio S/A				 ',118),(119,'Sólida Informática Ltda.					 ',119),(120,'Attié Calil Advogados Associados				 ',120),(121,'Laselva							 ',121),(122,'ARPMED 							 ',122),(123,'MODULUS 							 ',123),(124,'CONSULTAR 							 ',124),(125,'JL FURLAN 							 ',125),(126,'GAAK Brasil Internet 					 ',126),(127,'SS Digital 							 ',127),(128,'GISANET 							 ',128),(129,'Unimed 							 ',129),(130,'Agência Sul-Americana de Desenvolvimento			 ',130),(131,'Federal Solutions 						 ',131),(132,'PINHEIROS VEICULOS LTDA.					 ',132),(133,'ActiveMaster Soluções em Informatica Ltda			 ',133),(134,'All Tasks 							 ',134),(135,'Center Norte S/A 						 ',135),(136,'RB37 TECNOLOGIA DE INFORMÁTICA LTDA				 ',136),(137,'Wacco do Brasil LTDA					 ',137),(138,'Safety Engenharia e Sistemas p/ Informática Ltda.		 ',138),(139,'AGEMAR Transportes e Empreendimentos Ltda.			 ',139),(140,'Netuno Alimentos Ltda					 ',140),(141,'AZIN Tecnologia da Informação 				 ',141),(142,'St Comércio de Sistemas e Controles de Acesso Ltda		 ',142),(143,'RANUR AGENCIAMENTO DE CARGAS E TRANSPORTES LTDA		 ',143),(144,'Max Gear Indústria e Comercio de Auto Peças			 ',144),(145,'Construtora Tarjab Ltda.					 ',145),(146,'Limestone Marmores do Brasil LTDA (Imarf)			 ',146),(147,'ARWR Tecnologia em Informática Ltda				 ',147),(148,'Opencadd Advanced Technology 				 ',148),(149,'TASA TINTURARIA AMERICANA S.A				 ',149),(150,'FAAP/DF 							 ',150),(151,'TRON 							 ',151),(152,'Car System							 ',152),(153,'SP Vox Televendas Ltda					 ',153),(154,'Balitek  							 ',154),(155,'Binária Sistemas 						 ',155),(156,'Hi-Soft 							 ',156),(157,'Vitapan Indústria Farmacêutica LTDA				 ',157),(158,'Assist Comercio e Serviços Ltda -  Epp			 ',158),(159,'BELÉM IMPORTADOS						 ',159),(160,'Hospfar Indústria de Produtos Hospitalares Ltda.		 ',160),(161,'EDM ALPHAGRAPHICS						 ',161),(162,'FASTPRINT LTDA.						 ',162),(163,'PROVIDER PRODUTOS E SISTEMAS LTDA.				 ',163),(164,'HYPERBYTE INFORMATICA LTDA.					 ',164),(165,'Wagner Morgado - ME						 ',165),(166,'Prima Processamento de Dados Ltda.				 ',166),(167,'Tenosoft Software Ltda					 ',167),(168,'Unidrogas Indústria e Comércio de Medicamentos LTDA		 ',168),(169,'Dialecto Soluções Inteligentes				 ',169),(170,'Video Engenho & Arte - Veanet				 ',170),(171,'RBR Informatica LTDA					 ',171),(172,'Serviço de Saúde Dr. Candido Ferreira			 ',172),(173,'Credfort - Ferraz e Pinheiro Ltda. - EPP			 ',173),(174,'RRH S/C LTDA.						 ',174),(175,'D.S.I.  -  Delta Sistemas de Informação Ltda		 ',175),(176,'TISS - Tecnologia Informação Sistemas e Serviços		 ',176),(177,'EXAME MEDICINA LABORATÓRIAL					 ',177),(178,'Sementes Talismã Ltda					 ',178),(179,'BEMFAM - Bem-Estar Familiar no Brasil			 ',179),(180,'CONSTAT SERVIÇOS EM INFORMÁTICA LTDA			 ',180),(181,'RF PARTICIPAÇÕES LTDA					 ',181),(182,'ADICON INTERMEDIAÇÃO E CONSULTORIA DE NEG. LTDA		 ',182),(183,'SMART TELECOMUNICACOES E SERVICOS LTDA.			 ',183),(184,'KEPLER SISTEMAS LTDA					 ',184),(185,'MIX MARKET COMERCIO DE PRODUTOS DE INFORMATICA LTDA		 ',185),(186,'SACRASOFT COMÉRCIO E INFORMÁTICA LTDA			 ',186),(187,'PONTUAL INFORMÁTICA LTDA.					 ',187),(188,'Studio Alfa Artes Graficas Ltda				 ',188),(189,'Element Marketing e Participações Ltda.			 ',189),(190,'LITIUM SOFTWARE CONSULTORIA LTDA.				 ',190),(191,'LTR SOLUÇÕES EM TECNOLOGIA DA INFORMAÇÃO LTDA ME 		 ',191),(192,'ANALITEC INFORMÁTICA LTDA					 ',192),(193,'REALWEB SOLUÇÕES LTDA.					 ',193),(194,'ROTECH CONSULTORIA E TECNOLOGIA LTDA			 ',194),(195,'CESVI BRASIL 						 ',195),(196,'Visual Sistemas de Informática e Automação Ltda.		 ',196),(197,'BGM Indústria e Comércio de Alimentos			 ',197),(198,'TRACE COMERCIAL  LTDA					 ',198),(199,'Integra Automação e Controle Ltda.				 ',199),(200,'Tela 7 Comunicação Digital					 ',200);

--
-- Table structure for table `nm_site_links`
--

CREATE TABLE `nm_site_links` (
  `codigo` int(11) NOT NULL AUTO_INCREMENT,
  `link` varchar(250) NOT NULL,
  `link_open` varchar(250) DEFAULT NULL,
  `link_target` varchar(250) DEFAULT NULL,
  `ordem` int(11) NOT NULL,
  PRIMARY KEY (`codigo`),
  KEY `ordem` (`ordem`)
) ENGINE=InnoDB AUTO_INCREMENT=9 DEFAULT CHARSET=latin1;

--
-- Dumping data for table `nm_site_links`
--

INSERT INTO `nm_site_links` VALUES (1,'ScriptCase','../home/home.php','_self',1),(2,'Examples','../samples/samples.php','_self',2),(3,'Download','../download/download.php','_self',3),(4,'Documentation','../docs/docs.php','_self',4),(5,'Buy Now','../store/store.php','_self',5),(6,'Support','../support/support.php','_self',6),(7,'Company','../company/company.php','_self',7),(8,'Videos','../videos/videos.php','_self',4);

--
-- Table structure for table `nm_site_links_sub`
--

CREATE TABLE `nm_site_links_sub` (
  `codigo` int(11) NOT NULL AUTO_INCREMENT,
  `link_codigo` int(11) NOT NULL,
  `pagina` varchar(250) NOT NULL,
  `nome_exibir` varchar(250) NOT NULL,
  `link` varchar(250) NOT NULL,
  `target` varchar(250) NOT NULL,
  `ordem` int(11) NOT NULL,
  `hidden` char(1) DEFAULT 'N',
  PRIMARY KEY (`codigo`),
  UNIQUE KEY `pagina` (`pagina`),
  KEY `link_codigo` (`link_codigo`),
  KEY `ordem` (`ordem`),
  CONSTRAINT `nm_site_links_sub_ibfk_1` FOREIGN KEY (`link_codigo`) REFERENCES `nm_site_links` (`codigo`)
) ENGINE=InnoDB AUTO_INCREMENT=29 DEFAULT CHARSET=latin1;

--
-- Dumping data for table `nm_site_links_sub`
--

INSERT INTO `nm_site_links_sub` VALUES (1,1,'home','Home','../home/home.php','_self',1,'N'),(2,1,'features','Features','../features/features.php','_self',2,'N'),(3,2,'samples','Examples','../samples/samples.php','_self',1,'N'),(4,2,'systems','System Examples','../systems/systems.php','_self',3,'N'),(5,2,'basesamples','Examples Base','../basesamples/basesamples.php','_self',2,'N'),(6,3,'download','Download','../download/download.php','_self',1,'N'),(7,3,'download_others','Others','../download_others/download_others.php','_self',2,'N'),(8,3,'download_old','Old releases','../download_old/download_old.php','_self',3,'N'),(9,4,'docs','Documentation','../docs/docs.php','_self',1,'N'),(10,4,'training','Training','../training/training.php','_self',2,'N'),(11,4,'changelog','Changelog','../changelog/changelog.php','_self',3,'N'),(12,4,'faq','FAQ','../faq/faq.php','_self',4,'N'),(13,5,'store','ScriptCase','../store/store.php','_self',1,'N'),(14,5,'buy_do','Buy','../buy/buy_do.php','_self',1,'S'),(15,5,'buy','ScriptCase','../store/store.php','_self',1,'S'),(16,6,'support','Support','../support/support.php','_self',1,'N'),(17,6,'baseknowledge','Knowledge Base','../baseknowledge/baseknowledge.php','_self',2,'N'),(18,7,'company','About us','../company/company.php','_self',1,'N'),(19,7,'contact','Contact Us','../contact/contact.php','_self',2,'N'),(22,1,'online_workshop','Workshop','../online_workshop/online_workshop.php','_self',3,'N'),(23,6,'forum','Forum','/forum_en_us/?language=english','forum',3,'N'),(24,5,'comparison','Comparison','../comparison/comparison.php','_self',2,'N'),(25,8,'videos','Videos','../videos/videos.php','_self',1,'N'),(26,7,'news','News','../news/news.php','_self',4,'N'),(27,5,'affiliate','Affiliate Program','../affiliate/affiliate.php','_self',3,'N'),(28,1,'version5','Version 5','../version5/version5.php','_self',4,'N');

--
-- Table structure for table `nm_turma`
--

CREATE TABLE `nm_turma` (
  `codigo` int(11) NOT NULL AUTO_INCREMENT,
  `turma_tipo` int(11) NOT NULL,
  `data_ini` date NOT NULL,
  `hora_ini` time NOT NULL,
  `data_fim` date NOT NULL,
  `hora_fim` time NOT NULL,
  `qtd_alunos` int(11) NOT NULL,
  `ocorreu` char(1) NOT NULL,
  `disponivel_site` char(1) NOT NULL,
  `preco` decimal(10,2) DEFAULT NULL,
  `nr_reuniao` varchar(30) DEFAULT NULL,
  PRIMARY KEY (`codigo`),
  KEY `fk_turma_tipo` (`turma_tipo`),
  CONSTRAINT `nm_turma_ibfk_1` FOREIGN KEY (`turma_tipo`) REFERENCES `nm_turma_tipo` (`codigo`)
) ENGINE=InnoDB AUTO_INCREMENT=3 DEFAULT CHARSET=latin1;

--
-- Dumping data for table `nm_turma`
--

INSERT INTO `nm_turma` VALUES (1,2,'2010-01-04','14:00:00','2010-01-08','18:00:00',15,'N','S','399.00','834734416'),(2,2,'2010-01-04','14:00:00','2010-01-08','18:00:00',15,'N','S','399.00',NULL);

--
-- Table structure for table `nm_turma_alunos`
--

CREATE TABLE `nm_turma_alunos` (
  `codigo` int(11) NOT NULL AUTO_INCREMENT,
  `nm_turma` int(11) NOT NULL,
  `nm_aluno` int(11) NOT NULL,
  `pago` char(1) DEFAULT 'N',
  `forma_pagto` int(11) DEFAULT NULL,
  `dt_cadastro` datetime NOT NULL,
  `dt_atualizacao` datetime NOT NULL,
  `ip` varchar(15) NOT NULL,
  PRIMARY KEY (`codigo`),
  UNIQUE KEY `uk_turma_aluno` (`nm_turma`,`nm_aluno`),
  KEY `fk_forma_pagto` (`forma_pagto`),
  KEY `nm_aluno` (`nm_aluno`),
  CONSTRAINT `nm_turma_alunos_ibfk_1` FOREIGN KEY (`nm_turma`) REFERENCES `nm_turma` (`codigo`),
  CONSTRAINT `nm_turma_alunos_ibfk_2` FOREIGN KEY (`nm_aluno`) REFERENCES `nm_alunos` (`codigo`)
) ENGINE=InnoDB AUTO_INCREMENT=6 DEFAULT CHARSET=latin1;

--
-- Dumping data for table `nm_turma_alunos`
--

INSERT INTO `nm_turma_alunos` VALUES (4,1,4,'N',24,'2009-12-11 07:34:19','2009-12-11 07:36:13','200.189.104.34'),(5,1,5,'N',26,'2009-12-11 10:50:47','2009-12-11 10:52:19','200.164.64.227');

--
-- Table structure for table `nm_turma_tipo`
--

CREATE TABLE `nm_turma_tipo` (
  `codigo` int(11) NOT NULL AUTO_INCREMENT,
  `nome` varchar(250) NOT NULL,
  `descricao` text NOT NULL,
  `disponivel_site` char(1) NOT NULL,
  `cp_titulo` varchar(250) NOT NULL,
  `cp_pdf` varchar(250) NOT NULL,
  `curso_pago` char(1) NOT NULL DEFAULT 'N',
  `ordem` int(11) DEFAULT NULL,
  PRIMARY KEY (`codigo`)
) ENGINE=InnoDB AUTO_INCREMENT=3 DEFAULT CHARSET=latin1;

--
-- Dumping data for table `nm_turma_tipo`
--

INSERT INTO `nm_turma_tipo` VALUES (1,'TURMA DELTA - Gratuito - 4horas','Este treinamento é direcionado para os usuários do ScriptCase que já trabalham com a versão 3 do software e estão migrando para a versão 4.','N','Módulo 1 - conteúdo programático - 4 horas (PDF 112kb).','pdf/CursoDelta.pdf','N',1),(2,'Treinamento Online 20h','É um treinamento direcionado aos usuários do ScriptCase. Este treinamento visa capacitar o desenvolvedor a criar sistemas voltados para web de maneira rápida, utilizando unicamente o nosso ambiente de desenvolvimento.','S','Módulo I - Conteúdo programático - 20 horas (PDF 160kb).','pdf/CursoModuloI.pdf','S',2);

--
-- Table structure for table `nm_videos`
--

CREATE TABLE `nm_videos` (
  `codigo` int(11) NOT NULL AUTO_INCREMENT,
  `url_video` varchar(250) NOT NULL,
  `label` varchar(250) NOT NULL,
  `thumb` varchar(250) NOT NULL,
  `ordem` int(11) NOT NULL,
  PRIMARY KEY (`codigo`),
  KEY `ordem` (`ordem`)
) ENGINE=InnoDB AUTO_INCREMENT=11 DEFAULT CHARSET=latin1;

--
-- Dumping data for table `nm_videos`
--

INSERT INTO `nm_videos` VALUES (1,'/site/examples/video/en_us/com_audio/master_detail/master_detail.htm','Master/Detail form','img/video_thumb_01.gif',1),(2,'/site/examples/video/en_us/com_audio/editable_grid/editable_grid.htm','AJAX Grid','img/video_thumb_02.gif',2),(3,'/site/examples/video/en_us/com_audio/grid_customers_group_by_countries/grid_customers_group_by_countries.htm','Reports','img/video_thumb_03.gif',3),(4,'/site/examples/video/en_us/com_audio/grid_with_group_by_and_totalling/grid_with_group_by_and_totalling.htm','Groupping and Totalls','img/video_thumb_04.gif',4),(5,'/site/examples/video/en_us/com_audio/histogram_summary/histogram_summary.htm','HTML Pivot Tables','img/video_thumb_05.gif',5),(6,'/site/examples/video/en_us/com_audio/subgrid/subgrid.htm','Nested reports','img/video_thumb_06.gif',6),(7,'/site/examples/video/en_us/com_audio/grid_with_ajax_filter/grid_with_ajax_filter.htm','AJAX  search','img/video_thumb_07.gif',7),(8,'/site/examples/video/en_us/com_audio/bussiness_card/bussiness_card.htm','PDF Bussiness Card','img/video_thumb_08.gif',8),(9,'/site/examples/video/en_us/com_audio/pdf_invoice/pdf_invoice.htm','Invoices','img/video_thumb_09.gif',9),(10,'/site/examples/video/en_us/com_audio/helpcase_overview/helpcase_overview.htm','HelpCase','img/video_thumb_10.gif',10);

--
-- Table structure for table `nm_videos_categorias_youtube`
--

CREATE TABLE `nm_videos_categorias_youtube` (
  `id` int(11) NOT NULL AUTO_INCREMENT,
  `categoria_nome` varchar(255) DEFAULT NULL,
  `ordem_exibicao` int(11) DEFAULT NULL,
  PRIMARY KEY (`id`)
) ENGINE=MyISAM AUTO_INCREMENT=6 DEFAULT CHARSET=latin1;

--
-- Dumping data for table `nm_videos_categorias_youtube`
--

INSERT INTO `nm_videos_categorias_youtube` VALUES (1,'Creating Reports',1),(3,'Complete ScriptCase overview',4),(4,'Creating Forms',2),(5,'Other applications types',3);

--
-- Table structure for table `nm_videos_youtube`
--

CREATE TABLE `nm_videos_youtube` (
  `id` int(11) NOT NULL AUTO_INCREMENT,
  `video_titulo` varchar(255) DEFAULT NULL,
  `video_descricao` varchar(255) DEFAULT NULL,
  `id_categoria` int(11) DEFAULT NULL,
  `video_keywords` varchar(500) DEFAULT NULL,
  `ordem_exibicao` int(11) DEFAULT NULL,
  `url_youtube` varchar(255) DEFAULT NULL,
  PRIMARY KEY (`id`)
) ENGINE=MyISAM AUTO_INCREMENT=22 DEFAULT CHARSET=latin1;

--
-- Dumping data for table `nm_videos_youtube`
--

INSERT INTO `nm_videos_youtube` VALUES (1,'First steps & orders report in 4 minutes','How to create a multi-language PHP complete report',1,'PHP generator report multi-language pdf search form',1,'http://www.youtube.com/watch?v=NQGDubA8K9E'),(2,'Advanced AJAX Search form in 5 minutes','How to improove a search form using AJAX features, calendar components and more',1,'PHP generator search forms AJAX databases',2,'http://www.youtube.com/watch?v=TJ8gHZ4oowo'),(3,'Reports with Groups and Totals in 5 minutes','How to create brake down lines , sumaries, charts and more',1,'PHP generator reports charts groups totals',3,'http://www.youtube.com/watch?v=D3pL2NhrMl4'),(4,'Creating a link to drill down data between two reports in 4 minutes','How to create a link between to grids applicarions',1,'PHP generator drill down report grid',4,'http://www.youtube.com/watch?v=SIx5ANQHXvI'),(5,'Nested reports creation in 4 minutes','How to nest a grid into a report using a treeview component',1,'PHP generator nested reports treeview',5,'http://www.youtube.com/watch?v=EKPNrPCXJYU'),(6,'Cross-table style Reports in 3 minutes','How to create a Cross-Table / Pivot-Table / Multi-dimensional analysis style report',1,'PHP generator reports crosstable pivottable business inteligence BI',6,'http://www.youtube.com/watch?v=78tf2FGJ5qE'),(7,'ScriptCase Webinar','ScriptCase WorkShop recorded',3,'',0,'http://www.scriptcase.net/siteen/home/swf/workshop_eng.html'),(8,'Ajax Form in 2 minutes','This video demonstrate how to create a AJAX form application in 2 minutes.',4,'PHP Generator form AJAX  databases mysql',0,'http://www.youtube.com/watch?v=y4diGwgLNZQ'),(9,'Spliting a form using HTML Blocks in 4 minutes','This video demonstrate how to create a form and split its fields in diferent HTML blocks and TABS',4,'PHP Generator form AJAX DIVS TABLES TABS databases mysql',1,'http://www.youtube.com/watch?v=NUvme9uHQMk'),(10,'Form validating many field types in 4 minutes','This video demonstrate how to create a form and validate diferent field types in 5 minutes.',4,'PHP Generator form AJAX validating date primary keys combox autosuggest databases mysql',2,'http://www.youtube.com/watch?v=GeppLPQtihA'),(11,'Form validating tables keys in 4 minutes','This video demonstrate how to create a form and validate its main keys fields.',4,'PHP Generator form AJAX validating date primary foreign unique keys combox autosuggest databases mysql',3,'http://www.youtube.com/watch?v=Ay1lWK1o20I'),(12,'Form integrated with search page in 5 minutes.','This video demonstrate how to link a search and a form application in les then 04 minutes.',4,'PHP Generator form AJAX search data databases mysql',4,'http://www.youtube.com/watch?v=AZTaXQ8J304'),(13,'AJAX master detail Form in less then 4 minutes.','This video demonstrate how to create two forms and integrate those applications in master detail style.',4,'PHP Generator form AJAX master detail data databases mysql',5,'http://www.youtube.com/watch?v=tzyAqxDhdXw'),(14,'AJAX users form using captcha component.','This video demonstrate how to create a users acount form in less then 04 minutes.',4,'PHP Generator users AJAX form captcha password databases mysql',6,'http://www.youtube.com/watch?v=x1hJSTq_y78'),(15,'Form using data pick up functionality','This video shows how to retrive data from an external list when using a form application',4,'ScriptCase PHP generator mysql AJAX form grid databases',7,'http://www.youtube.com/watch?v=JwKtaYhj8Pc'),(16,'Report CSS changing in less then 4 minutes','This videos shows how to customize the application CSS template',1,'PHP generator report grid mysql css',7,'http://www.youtube.com/watch?v=z_BgnjH4WBk'),(17,'Menu application in 2 minutes','This video shows how to create a menu application in less then 3 minutes.',5,'PHP Generator DHTML JavaScript menu databases mysql fast easy ',1,'http://www.youtube.com/watch?v=SKeq2rBdKmA'),(18,'Login application in 3 minutes','This video shows how to create a login application using the ScriptCase PHP code generator',5,'PHP Generator login form databases mysql fast easy',0,'http://www.youtube.com/watch?v=VYxYhcwjRpo'),(19,'ScriptCase over view Part 01','ScriptCase over view Part 01',3,'generador php',2,'http://www.youtube.com/watch?v=APbF6mFSYzs'),(20,'ScriptCase over view Part 02','ScriptCase over view Part 02',3,'generador php',3,'http://www.youtube.com/watch?v=A6gus7QrKbM'),(21,'ScriptCase over view Part 03','ScriptCase over view Part 03',3,'generador php',4,'http://www.youtube.com/watch?v=WPaOF54mDZk');

--
-- Table structure for table `sys_category`
--

CREATE TABLE `sys_category` (
  `CategoryID` int(11) NOT NULL AUTO_INCREMENT,
  `Nome` varchar(100) NOT NULL,
  `Lang` varchar(10) NOT NULL,
  `ordem` int(11) DEFAULT NULL,
  PRIMARY KEY (`CategoryID`)
) ENGINE=InnoDB AUTO_INCREMENT=28 DEFAULT CHARSET=latin1;

--
-- Dumping data for table `sys_category`
--

INSERT INTO `sys_category` VALUES (10,'Grid Applications','en_us',10),(11,'Form Applications','en_us',11),(12,'Control Applications','en_us',12),(13,'Tab Applications','en_us',13),(14,'Menu Applications','en_us',14),(15,'Search Applications','en_us',15),(17,'Security','en_us',17),(18,'Programming','en_us',18),(26,'PDF Report Applications','en_us',26),(27,'Internacionalization','en_us',NULL);

--
-- Table structure for table `sys_example`
--

CREATE TABLE `sys_example` (
  `ExampleID` int(11) NOT NULL AUTO_INCREMENT,
  `Nome` varchar(100) DEFAULT NULL,
  `Descricao` varchar(200) DEFAULT NULL,
  `Download` varchar(50) DEFAULT NULL,
  `Conteudo` text,
  `Link` varchar(255) DEFAULT NULL,
  `TopicID` int(11) DEFAULT NULL,
  `Exec` varchar(255) NOT NULL,
  `keywords` text,
  `Img` varchar(20) DEFAULT NULL,
  `versao` char(1) DEFAULT NULL,
  `HTML` text,
  `FlagAudio` varchar(1) DEFAULT NULL,
  `FlagLink` varchar(1) DEFAULT NULL,
  `FlagExec` varchar(1) DEFAULT NULL,
  `FlagDownload` varchar(1) DEFAULT NULL,
  `FlagVideo` varchar(1) DEFAULT NULL,
  `Lang` varchar(10) DEFAULT NULL,
  `Codigo` varchar(30) DEFAULT NULL,
  `data_topico` date DEFAULT NULL,
  PRIMARY KEY (`ExampleID`),
  KEY `TopicID` (`TopicID`)
) ENGINE=InnoDB AUTO_INCREMENT=252 DEFAULT CHARSET=latin1;

--
-- Dumping data for table `sys_example`
--

INSERT INTO `sys_example` VALUES (101,'tab01','Creating a tabs application','','http://www.scriptcase.net/siteen/samples/tutoriais/tabs/tab01.php','aba/aba1_en_us.php',34,'http://www.scriptcase.net/sistemas4/exemplos_en_us/tab01/tab01.php','application tabbs using form grid link','','4','<p><span class=\"style2\"><span class=\"style3\"><strong>A1</strong> <strong>&ndash; Tab Application using Form</strong></span></span></p>\n<p class=\"style1\"><span style=\"font-size: xx-small;\"><strong>Application Name:</strong> a1_tab_a_register.<br /><strong>Description: </strong>Tab Application using form.<br /><strong>Organization</strong>: Iframe<br /><strong>Type</strong>: Folder on Top<br /><strong>Measurements Unit</strong>: Percent<br /><strong>Tab Alignment</strong>: Center<br /><strong>Applications Alignment</strong>: Center</span></p>\n<table border=\"0\" width=\"607\">\n<tbody>\n<tr>\n<td width=\"241\">\n<table border=\"1\" width=\"241\">\n<tbody>\n<tr>\n<td colspan=\"2\"><span style=\"font-size: xx-small;\"><span class=\"style1\"><strong>Applications used: (F28) </strong></span></span></td>\n</tr>\n<tr>\n<td width=\"101\"><span style=\"font-size: xx-small;\"><span class=\"style1\">Form_request</span></span></td>\n<td width=\"102\"><span style=\"font-size: xx-small;\"><span class=\"style1\">form_request_items</span></span></td>\n</tr>\n</tbody>\n</table>\n</td>\n<td width=\"274\">\n<table border=\"1\" width=\"241\">\n<tbody>\n<tr>\n<td colspan=\"2\"><span style=\"font-size: xx-small;\"><span class=\"style1\"><strong>Folders Name:</strong> </span></span></td>\n</tr>\n<tr>\n<td width=\"101\"><span style=\"font-size: xx-small;\">Request</span></td>\n<td width=\"102\"><span style=\"font-size: xx-small;\">Request Items</span></td>\n</tr>\n</tbody>\n</table>\n</td>\n</tr>\n</tbody>\n</table>\n<p class=\"style1\"><span style=\"font-size: xx-small;\"><strong>Form_request:</strong> Reload Iframe: No.<br /><strong><span class=\"style1\">Form_request_items</span>:</strong> Reload Iframe: Yes.</span></p>\n<p class=\"style1\">&nbsp;</p>','S','S','S','','S','en_us','tab01','2008-09-10'),(102,'tab02','Tab Application using Form and Grid','','','aba/aba2_en_us.php',34,'http://www.scriptcase.net/sistemas4/exemplos_en_us/tab02/tab02.php','','','4','<p><!--\r\n.style1 {\r\n	font-family: Verdana, Arial, Helvetica, sans-serif;\r\n	font-size: 12px;\r\n}\r\n.style2 {font-size: 12px}\r\n.style3 {font-family: Verdana, Arial, Helvetica, sans-serif}\r\n-->\n<script type=\"text/javascript\"></script>\n</p>\n<p class=\"style1\"><strong>A2 - Tab Application using Consultation and Form<span class=\"style2\"><span class=\"style3\"><strong> </strong></span></span></strong></p>\n<p><strong>a</strong><strong>plication Name:</strong> a2_tab_b_consultation.<br /><strong>Description: </strong>Tab Application using Consultation and Form.<br /><strong>Organization</strong>: Iframe.<br /><strong>Type</strong>: Folder on Top.<br /><strong>Measurements Unit</strong>: Percent.<br /><strong>Tab Alignment</strong>: Center.<br /><strong>Applications Alignment</strong>: Center.</p>\n<table border=\"0\" width=\"582\">\n<tbody>\n<tr>\n<td width=\"251\">\n<table border=\"1\" width=\"241\">\n<tbody>\n<tr>\n<td colspan=\"2\"><span class=\"style1\"><strong>Applications used: (C21) </strong></span></td>\n</tr>\n<tr>\n<td width=\"101\"><span class=\"style1\">Cons_b_doc</span></td>\n<td width=\"102\"><span class=\"style1\">form_b_doc</span></td>\n</tr>\n</tbody>\n</table>\n</td>\n<td width=\"321\">\n<table border=\"1\" width=\"321\">\n<tbody>\n<tr>\n<td colspan=\"2\"><span class=\"style1\"><strong>Folders Name:</strong> </span></td>\n</tr>\n<tr>\n<td width=\"151\"><span class=\"style1\">Consultation Document</span></td>\n<td width=\"154\"><span class=\"style1\">Form Documents</span></td>\n</tr>\n</tbody>\n</table>\n</td>\n</tr>\n</tbody>\n</table>\n<p class=\"style1\"><strong>Cons_b_doc - </strong>Reload Iframe: <strong>Yes</strong>.<br /><strong>Form_b_doc</strong> - Reload Iframe: <strong>Yes.</strong></p>','','S','S','','','en_us','tab02','2008-09-10'),(103,'grid01','A Simple Grid','','','consultas/c1_en_us.php',21,'http://www.scriptcase.net/sistemas4/exemplos_en_us/grid01/grid01.php','simple grid navegation','','4','<p><!--p session_start();--><!--CTYPE HTML PUBLIC \"-//W3C//DTD HTML 4.01 Transitional//EN\" \"http://www.w3.org/TR/html4/loose.dt-->\n<script type=\"text/javascript\"></script>\n<!--CTYPE HTML PUBLIC \"-//W3C//DTD HTML 4.0 Transitional//E--></p>\n<p class=\"western\" style=\"margin-bottom: 0cm\" lang=\"pt-BR\"><span style=\"color: #000000;\"><span style=\"font-family: Verdana, sans-serif;\"><span style=\"font-size: x-small;\"><em><strong>C1 - Simple Consultation based on the Customers table <a href=\"http://www.scriptcase.info/site/support/examples/videos/\" target=\"_fora\"></a><span class=\"style2\"><span class=\"style3\"><strong></strong></span></span></strong></em></span></span></span></p>\n<p class=\"western\" style=\"margin-bottom: 0cm; text-align: left;\" lang=\"pt-BR\"><span lang=\"pt-BR\"><span style=\"font-size: x-small;\"><span style=\"font-family: Verdana, sans-serif;\"><span style=\"color: #000000;\"><strong>Application Name :</strong> cons_b_simple<br /><strong>Base Table:</strong> customers<br /><strong>Description:</strong> Simple Consultation based on the Customers table<br /><strong>Field that will be displayed:</strong> CustomerID,CompanyName,Address,City and Region.<br /></span></span></span></span><span style=\"font-size: x-small;\"><span style=\"font-size: x-small;\"><span style=\"font-family: Verdana,Arial,Helvetica,sans-serif;\"><strong>Orientation</strong></span></span><span style=\"font-family: Verdana, sans-serif;\"><strong>:</strong> Horizontal<br /><strong>Pagination:</strong> Partial<br /></span><span style=\"font-size: x-small;\"><span style=\"font-family: Verdana,Arial,Helvetica,sans-serif;\"><strong>Lines per Page</strong>: 10</span></span><span style=\"font-family: Verdana, sans-serif;\"><br /><span lang=\"pt-BR\"><span style=\"color: #000000;\"><strong>Table width:</strong> 60<br /><strong>Table width unit</strong>: Percent<br /><strong>Header-&gt; Consultation Title</strong>: Customers Simple Consultation</span></span></span></span></p>','','S','S','','','en_us','grid01','2008-09-10'),(104,'grid02','A Grid with various exportation formats','','','consultas/c2_en_us.php',21,'http://www.scriptcase.net/sistemas4/exemplos_en_us/grid02/grid02.php','grid export formats xls xml csv rtf html','','4','<p><!--p session_start();--><!--CTYPE HTML PUBLIC \"-//W3C//DTD HTML 4.01 Transitional//EN\" \"http://www.w3.org/TR/html4/loose.dt-->\n<script type=\"text/javascript\"></script>\n<!--CTYPE HTML PUBLIC \"-//W3C//DTD HTML 4.0 Transitional//E--></p>\n<p class=\"western\" style=\"margin-bottom: 0cm\" lang=\"pt-BR\"><span style=\"color: #000000;\"><span style=\"font-size: small;\"><em><strong><span style=\"font-size: x-small;\">C2 - Simple Consultation with various exportation formats</span> </strong></em></span><span style=\"color: #000000;\"><span style=\"font-family: Verdana,sans-serif;\"><span style=\"font-size: x-small;\"><em><strong><span class=\"style2\"><span class=\"style3\"><strong></strong></span></span></strong></em></span></span></span></span></p>\n<p class=\"western\" style=\"margin-bottom: 0cm\"><span lang=\"pt-BR\"><span style=\"font-size: x-small;\"><span style=\"font-family: Verdana, sans-serif;\"><span style=\"color: #000000;\"><strong><span lang=\"pt-BR\" xml:lang=\"pt-BR\"><span style=\"color: #000000;\"><strong>Application Name</strong></span></span></strong><strong>:</strong> cons_b_exportation<br /><strong>Base Table:</strong> customers<br /><strong>Description:</strong> Simple Consultation with various exportation formats<br /><span style=\"font-size: x-small;\"><span style=\"font-family: Verdana, sans-serif;\"><span lang=\"pt-BR\"><font size=\"2\"><font face=\"Verdana, sans-serif\"><font color=\"#000000\"><strong><span lang=\"pt-BR\" xml:lang=\"pt-BR\"><font size=\"2\"><font face=\"Verdana, sans-serif\"><strong>Field that will be displayed:</strong></font></font></span></strong></font></font></font></span></span></span> </span><span style=\"font-size: x-small;\"><span style=\"font-family: Verdana, sans-serif;\"><span style=\"font-size: x-small;\"><font face=\"Verdana, sans-serif\"><span lang=\"pt-BR\"><font size=\"2\"><font color=\"#000000\">CustomerID, CompanyName</font></font></span></font></span>, CreditLimit and </span></span><span style=\"color: #000000;\">Phone.<br /></span><span style=\"font-size: x-small;\"><span style=\"font-family: Verdana, sans-serif;\"><span lang=\"pt-BR\"><span style=\"font-size: x-small;\"><font size=\"2\"><font size=\"2\"><font face=\"Verdana, Arial, Helvetica, sans-serif\"><strong>Orientation</strong></font></font><font face=\"Verdana, sans-serif\"><strong>:</strong> Horizontal<br /><strong>Pagination:</strong> Partial<br /></font><font size=\"2\"><font face=\"Verdana, Arial, Helvetica, sans-serif\"><strong>Lines per Page</strong>: 10</font></font></font><font face=\"Verdana, sans-serif\"><br /><span lang=\"pt-BR\"><font color=\"#000000\"><strong>Table width:</strong> 60<br /><font size=\"2\"><font face=\"Verdana, sans-serif\"><span lang=\"pt-BR\"><font color=\"#000000\"><strong>Table width</strong> </font><font size=\"2\"><font face=\"Verdana, sans-serif\"><span lang=\"pt-BR\"><font size=\"2\"><font face=\"Verdana, sans-serif\"><span lang=\"pt-BR\"><font color=\"#000000\"><font size=\"2\"><font face=\"Verdana, Arial, Helvetica, sans-serif\" size=\"2\"><span class=\"style1\"><strong>unit</strong></span></font><font face=\"Verdana, sans-serif\"><span lang=\"pt-BR\"><strong></strong></span></font></font></font></span></font></font></span></font></font><font color=\"#000000\">: Percent</font></span></font></font></font></span></font></span></span></span></span><span style=\"color: #000000;\"><br /></span><span style=\"font-size: x-small;\"><span style=\"font-family: Verdana, sans-serif;\"><span lang=\"pt-BR\"><span style=\"font-size: x-small;\"><font face=\"Verdana, sans-serif\"><font color=\"#000000\"><span lang=\"pt-BR\" xml:lang=\"pt-BR\"><font size=\"2\"><font face=\"Verdana, sans-serif\"><font color=\"#000000\"><strong>Header-&gt; Consultation Title</strong></font></font></font></span></font></font></span><span style=\"color: #000000;\"><strong>:</strong></span></span></span></span><span style=\"color: #000000;\"> Simple Consultation with various exportation formats.</span></span></span></span></p>','','S','S','','','en_us','grid02','2008-09-10'),(105,'grid09','Grid showing detail in the same page','','','consultas/c9_en_us.php',21,'http://www.scriptcase.net/sistemas4/exemplos_en_us/grid09/grid09.php','grid detail same page ','','4','<p><!-- @page { margin: 2cm } P { margin-bottom: 0.21cm } .style2 {font-size: 12px} .style3 {font-family: Verdana, Arial, Helvetica, sans-serif} -->\n<script type=\"text/javascript\"></script>\n</p>\n<p class=\"western\" style=\"margin-bottom: 0cm\" lang=\"pt-BR\"><span style=\"color: #000000;\"><span style=\"font-size: small;\"><em><strong><span style=\"font-size: x-small;\">C9 - Consultation with details in the same page</span></strong></em></span><span style=\"font-family: Verdana,sans-serif;\"><em><strong><a href=\"http://www.scriptcase.info/site/support/examples/videos/\" target=\"_fora\"><span style=\"font-size: x-small;\"><span class=\"style2\"><span class=\"style3\"><strong> </strong></span></span><br /><br /></span></a></strong></em></span></span><span lang=\"pt-BR\"><span style=\"font-size: x-small;\"><span style=\"font-family: Verdana,sans-serif;\"><span style=\"color: #000000;\"><strong>Application Name :</strong> cons_b_details<br /><strong>Base Table:</strong> customers<br /><strong>Description:</strong> Customers Consultation showing detail in the same Iframe.<br /><strong>Fields that will be displayed:</strong> CustomerID,CompanyName,Address e City.<br /></span><span style=\"font-family: Verdana, sans-serif;\"><span lang=\"pt-BR\"><span style=\"font-family: Verdana,sans-serif;\"><span lang=\"pt-BR\"><span style=\"font-family: Verdana, Arial, Helvetica, sans-serif;\"><strong>Orientation</strong></span><span style=\"font-family: Verdana, sans-serif;\"><strong>:</strong> Horizontal<br /><strong>Pagination:</strong> Partial<br /></span><span style=\"font-family: Verdana, Arial, Helvetica, sans-serif;\"><strong>Lines per Page</strong>: 10</span><span style=\"font-family: Verdana, sans-serif;\"><br /><span lang=\"pt-BR\"><span style=\"color: #000000;\"><strong>Table width:</strong> 60<br /><font face=\"Verdana, sans-serif\"><span lang=\"pt-BR\"><font color=\"#000000\"><strong>Table width </strong></font><font face=\"Verdana, sans-serif\"><font face=\"Verdana, sans-serif\"><span lang=\"pt-BR\"><font face=\"Verdana, sans-serif\"><span lang=\"pt-BR\"><font face=\"Verdana, sans-serif\"><span lang=\"pt-BR\"><font color=\"#000000\"><font face=\"Verdana, sans-serif\"><span lang=\"pt-BR\"><font color=\"#000000\"><strong>unit</strong></font></span></font></font></span></font></span></font></span></font></font><font color=\"#000000\">: Percent</font></span></font></span></span></span></span></span></span></span><span style=\"color: #000000;\"><br /></span><span style=\"font-family: Verdana, sans-serif;\"><span lang=\"pt-BR\"><span style=\"font-family: Verdana,sans-serif;\"><span lang=\"pt-BR\"><span style=\"font-family: Verdana, sans-serif;\"><span style=\"color: #000000;\"><span lang=\"pt-BR\" xml:lang=\"pt-BR\"><font face=\"Verdana, sans-serif\"><font color=\"#000000\"><strong>Header-&gt; Consultation Title</strong></font></font></span></span></span><span style=\"color: #000000;\"><strong>:</strong></span></span></span></span></span><span style=\"color: #000000;\"> Customers Consultation showing detail in the same Iframe.</span></span></span></span></p>','','S','S','','','en_us','grid09','2008-09-10'),(106,'grid10','Grid showing registers vertically','','','consultas/c10_en_us.php',21,'http://www.scriptcase.net/sistemas4/exemplos_en_us/grid10/grid10.php','grid records vertical showing','','4','<p><!--p session_start();--><!--CTYPE HTML PUBLIC \"-//W3C//DTD HTML 4.01 Transitional//EN\" \"http://www.w3.org/TR/html4/loose.dt-->\n<script type=\"text/javascript\"></script>\n<!--CTYPE HTML PUBLIC \"-//W3C//DTD HTML 4.0 Transitional//E--></p>\n<p class=\"western\" style=\"margin-bottom: 0cm\" lang=\"pt-BR\"><span style=\"color: #000000;\"><span style=\"font-size: small;\"><em><strong>C10 - Consultation showing registers vertically</strong></em></span><span style=\"color: #000000;\"><span style=\"font-family: Verdana, sans-serif;\"><span style=\"font-size: x-small;\"><em><strong><span class=\"style2\"><span class=\"style3\"><strong> </strong></span></span></strong></em></span></span></span></span></p>\n<p class=\"western\" style=\"margin-bottom: 0cm\" lang=\"pt-BR\"><span lang=\"pt-BR\"><span style=\"font-size: x-small;\"><span style=\"font-family: Verdana,sans-serif;\"><span style=\"color: #000000;\"><strong>Application Name:</strong> cons_b_vertical<br /><strong>Base Table:</strong> orders<br /><strong>Description:</strong> Customers Consultation showing register vertically<br /></span></span></span></span><span class=\"style4\"><span class=\"style6\"><span class=\"style8\"><span class=\"style6\"><strong><span class=\"style1\"><span class=\"style2\"><span class=\"style4\"><span class=\"style2\"><strong>Fields that will be displayed</strong></span></span></span></span></strong></span></span></span></span><span lang=\"pt-BR\"><span style=\"font-size: x-small;\"><span style=\"font-family: Verdana,sans-serif;\"><span style=\"color: #000000;\"><strong>:</strong> OrderID, CustomerID, EmployeeID, OrderDate, RequiredDate e ShippedDate.<br /></span></span></span></span><span style=\"font-size: x-small;\"><span style=\"font-size: x-small;\"><span style=\"font-family: Verdana, Arial, Helvetica, sans-serif;\"><strong>Orientation</strong></span></span><span style=\"font-family: Verdana,sans-serif;\"><strong>:</strong> Vertical<br /><strong>Pagination:</strong> Partial<br /><strong>Lines </strong></span><span style=\"font-size: x-small;\"><span style=\"font-size: x-small;\"><span style=\"font-family: Verdana, Arial, Helvetica, sans-serif;\"><strong>per</strong></span></span></span><span style=\"font-family: Verdana,sans-serif;\"><strong> page:</strong> 5<br /><span style=\"color: #000000;\"><strong>Columns </strong></span><span style=\"font-size: x-small;\"><span style=\"font-size: x-small;\"><font face=\"Verdana, Arial, Helvetica, sans-serif\"><strong>per</strong></font></span></span><span style=\"color: #000000;\"><strong> page:</strong> 3<br /><span lang=\"pt-BR\"><strong>Table width:</strong> 60<br /><strong>Table width </strong></span></span><span style=\"font-size: x-small;\"><span style=\"font-family: Verdana, sans-serif;\"><font color=\"#000000\"><span lang=\"pt-BR\"><strong>unit</strong></span></font></span></span><span style=\"color: #000000;\"><span lang=\"pt-BR\"><strong>:</strong> Percent<br /><strong>Header-&gt;Consultation Title:</strong> Orders Consultation in the Vertical line.</span></span></span></span></p>','','S','S','','','en_us','grid10','2008-09-10'),(110,'grid05','Group by - customers x states','','http://www.scriptcase.net/siteen/samples/tutoriais/grid/grid05.php','consultas/c5_en_us.php',22,'http://www.scriptcase.net/sistemas4/exemplos_en_us/grid05/grid05.php','creating grid group by groupby','','4','<p><!--p session_start();--><!--CTYPE HTML PUBLIC \"-//W3C//DTD HTML 4.01 Transitional//EN\" \"http://www.w3.org/TR/html4/loose.dt-->\n<script type=\"text/javascript\"></script>\n<!--CTYPE HTML PUBLIC \"-//W3C//DTD HTML 4.0 Transitional//E--></p>\n<p class=\"western\" style=\"margin-bottom: 0cm\" lang=\"pt-BR\"><span style=\"color: #000000;\"><span style=\"font-size: small;\"><em><strong>C5 - Simple Consultation using GroupBy</strong></em></span></span><span class=\"style2\"><span class=\"style3\"><strong> </strong></span></span></p>\n<p class=\"western\" style=\"margin-bottom: 0cm\" lang=\"pt-BR\"><span lang=\"pt-BR\"><span style=\"font-size: x-small;\"><span style=\"font-family: Verdana,sans-serif;\"><span style=\"color: #000000;\"><strong>Application Name:</strong> cons_b_groupby<br /><strong>Base Table:</strong> customers<br /><strong>Description:</strong> Customers Consultation with GroupBy per Region<br /><strong><span lang=\"pt-BR\" xml:lang=\"pt-BR\"><span style=\"font-size: x-small;\"><span style=\"font-family: Verdana,sans-serif;\"><span style=\"color: #000000;\"><strong>Field that will be displayed:</strong></span></span></span></span></strong> CustomerID,CompanyName,Address and City.<br /></span><span style=\"font-size: x-small;\"><span style=\"font-family: Verdana,sans-serif;\"><span lang=\"pt-BR\"><span style=\"font-size: x-small;\"><span style=\"font-family: Verdana,sans-serif;\"><span lang=\"pt-BR\"><span style=\"font-size: x-small;\"><span style=\"font-size: x-small;\"><font size=\"2\"><font face=\"Verdana, Arial, Helvetica, sans-serif\"><strong>Orientation</strong></font></font><font face=\"Verdana, sans-serif\"><strong>:</strong> Horizontal<br /><strong>Pagination:</strong> Partial<br /></font><font size=\"2\"><font face=\"Verdana, Arial, Helvetica, sans-serif\"><strong>Lines per Page</strong>: 10</font></font></span><span style=\"font-family: Verdana, sans-serif;\"><br /><span lang=\"pt-BR\"><font color=\"#000000\"><strong>Table width:</strong> 60<br /><font size=\"2\"><font face=\"Verdana, sans-serif\"><span lang=\"pt-BR\"><font color=\"#000000\"><strong>Table width unit:</strong> Percent</font></span></font></font></font></span></span></span></span></span></span></span></span></span><span style=\"color: #000000;\"><br /></span><span style=\"font-size: x-small;\"><span style=\"font-family: Verdana,sans-serif;\"><span lang=\"pt-BR\"><span style=\"font-size: x-small;\"><span style=\"font-family: Verdana,sans-serif;\"><span lang=\"pt-BR\"><span style=\"font-size: x-small;\"><span style=\"font-family: Verdana, sans-serif;\"><font color=\"#000000\"><span lang=\"pt-BR\" xml:lang=\"pt-BR\"><font size=\"2\"><font face=\"Verdana, sans-serif\"><font color=\"#000000\"><strong>Header-&gt; Consultation Title</strong></font></font></font></span></font></span></span><span style=\"color: #000000;\"><strong>:</strong></span></span></span></span></span></span></span><span style=\"color: #000000;\"> Customers Consultation with GroupBy per Region</span></span></span></span></p>','S','S','S','','S','en_us','grid05','2008-09-10'),(111,'grid06','Using GroupBy with more than one field','','','consultas/c6_en_us.php',22,'http://www.scriptcase.net/sistemas4/exemplos_en_us/grid06/grid06.php','group by more than one field','','4','<p><!-- @page { margin: 2cm } P { margin-bottom: 0.21cm } .style2 {font-size: 12px} .style3 {font-family: Verdana, Arial, Helvetica, sans-serif} -->\n<script type=\"text/javascript\"></script>\n</p>\n<p class=\"western\" style=\"margin-bottom: 0cm\" lang=\"pt-BR\"><span style=\"color: #000000;\"><span style=\"font-size: small;\"><em><strong>C6 - </strong></em><span style=\"color: #000000;\"><em><strong>Simple Consultation using GroupBy</strong></em></span><em><strong> with more than one field<span class=\"style2\"><span class=\"style3\"><strong> </strong></span></span></strong></em></span></span></p>\n<p class=\"western\" style=\"margin-bottom: 0cm\" lang=\"pt-BR\"><span lang=\"pt-BR\"><span style=\"font-size: x-small;\"><span style=\"font-family: Verdana,sans-serif;\"><span style=\"color: #000000;\"><strong>Application Name :</strong> cons_b_groupby2<br /><strong>Base Table:</strong> customers<br /><strong>Description:</strong> Customers Consultation with GroupBy per Region and City<br /><strong><span lang=\"pt-BR\" xml:lang=\"pt-BR\"><span style=\"font-size: x-small;\"><span style=\"font-family: Verdana, sans-serif;\"><font color=\"#000000\"><strong>Field that will be displayed:</strong></font></span></span></span></strong> CustomerID,CompanyName,Address and City.<br /></span><span style=\"font-size: x-small;\"><span style=\"font-family: Verdana, sans-serif;\"><span lang=\"pt-BR\"><span style=\"font-size: x-small;\"><font face=\"Verdana, sans-serif\"><span lang=\"pt-BR\"><font size=\"2\"><font size=\"2\"><font size=\"2\"><font face=\"Verdana, Arial, Helvetica, sans-serif\"><strong>Orientation</strong></font></font><font face=\"Verdana, sans-serif\"><strong>:</strong> Horizontal<br /><strong>Pagination:</strong> Partial<br /></font><font size=\"2\"><font face=\"Verdana, Arial, Helvetica, sans-serif\"><strong>Lines per Page</strong>: 10</font></font></font><font face=\"Verdana, sans-serif\"><br /><span lang=\"pt-BR\"><font color=\"#000000\"><strong>Table width:</strong> 60<br /><font size=\"2\"><font face=\"Verdana, sans-serif\"><span lang=\"pt-BR\"><font color=\"#000000\"><strong>Table width unit</strong>: Percent</font></span></font></font></font></span></font></font></span></font></span></span></span></span><span style=\"color: #000000;\"><br /></span><span style=\"font-size: x-small;\"><span style=\"font-family: Verdana, sans-serif;\"><span lang=\"pt-BR\"><span style=\"font-size: x-small;\"><font face=\"Verdana, sans-serif\"><span lang=\"pt-BR\"><font size=\"2\"><font face=\"Verdana, sans-serif\"><font color=\"#000000\"><span lang=\"pt-BR\" xml:lang=\"pt-BR\"><font size=\"2\"><font face=\"Verdana, sans-serif\"><font color=\"#000000\"><strong>Header-&gt; Consultation Title</strong></font></font></font></span></font></font></font><font color=\"#000000\"><strong>:</strong></font></span></font></span></span></span></span><span style=\"color: #000000;\"> Customers Consultation with GroupBy per Region and City.</span></span></span></span></p>','S','S','S','','S','en_us','grid06','2008-09-10'),(112,'grid22','Using group by and totals','','http://www.scriptcase.net/siteen/samples/tutoriais/grid/grid22.php','consultas/c22_en_us.php',22,'http://www.scriptcase.net/sistemas4/exemplos_en_us/grid22/grid22.php','totallinzation grid group by sum','','4','<p><!--p session_start();--><!--CTYPE HTML PUBLIC \"-//W3C//DTD HTML 4.01 Transitional//EN\" \"http://www.w3.org/TR/html4/loose.dt-->\n<script type=\"text/javascript\"></script>\n<!--CTYPE HTML PUBLIC \"-//W3C//DTD HTML 4.0 Transitional//E--></p>\n<p class=\"western\" style=\"margin-bottom: 0cm\" lang=\"pt-BR\"><span style=\"color: #000000;\"><span style=\"font-size: small;\"><em><strong>C22 - Simple Consultation using GroupBy and Sum <a href=\"http://www.scriptcase.info/site/support/examples/videos/\" target=\"_fora\"></a><span class=\"style2\"><span class=\"style3\"><strong></strong></span></span></strong></em></span></span></p>\n<p class=\"western\" style=\"margin-bottom: 0cm\" lang=\"pt-BR\"><span lang=\"pt-BR\"><span style=\"font-size: x-small;\"><span style=\"font-family: Verdana,sans-serif;\"><span style=\"color: #000000;\"><strong><span lang=\"pt-BR\" xml:lang=\"pt-BR\"><span style=\"color: #000000;\"><strong>Application Name</strong></span></span></strong><strong>:</strong> cons_b_sum<br /><strong>Base Table:</strong> customers<br /><strong>Description:</strong> Customers Consultation with GroupBy per Region and Sum per CreditLimit.<br /><span style=\"font-size: xx-small;\"><strong><span lang=\"pt-BR\" xml:lang=\"pt-BR\"><span style=\"font-family: Verdana, sans-serif;\"><span style=\"color: #000000;\"><strong>Field that will be displayed:</strong></span></span></span></strong> </span>CustomerID,CompanyName,Address,City and CreditLimit.<br /><strong>GroupBy Fields</strong>: Region<br /><strong>Message in the Summary Line</strong>: Region Total {Region}<br /><strong>Summary Fields:</strong> CreditLimit<br /></span></span></span></span><span style=\"font-size: x-small;\"><span style=\"font-size: x-small;\"><span style=\"font-size: xx-small;\"><span style=\"font-family: Verdana,Arial,Helvetica,sans-serif;\"><strong>Orientation</strong></span></span><span style=\"font-family: Verdana,sans-serif;\"><strong>:</strong> Horizontal<br /><span style=\"font-size: xx-small;\"><strong>Pagination:</strong> </span>Partial<br /></span><span style=\"font-size: x-small;\"><span style=\"font-family: Verdana,Arial,Helvetica,sans-serif;\"><span style=\"font-size: xx-small;\"><strong>Lines per Page</strong>:</span> 10</span></span></span><span style=\"font-family: Verdana,sans-serif;\"><br /><span lang=\"pt-BR\"><span style=\"color: #000000;\"><strong>Table width:</strong> 60<br /><span lang=\"pt-BR\"><span style=\"font-size: x-small;\"><span style=\"font-family: Verdana, sans-serif;\"><span style=\"color: #000000;\"><font size=\"1\"><strong>Table width </strong></font><font size=\"1\"><font face=\"Verdana, sans-serif\"><span lang=\"pt-BR\"><font face=\"Verdana, sans-serif\"><span lang=\"pt-BR\"><font face=\"Verdana, sans-serif\"><span lang=\"pt-BR\"><font color=\"#000000\"><font face=\"Verdana, sans-serif\"><span lang=\"pt-BR\"><strong>unit</strong></span></font></font></span></font></span></font></span></font>:</font> Percent</span></span></span></span><br /><span style=\"font-size: xx-small;\"><span lang=\"pt-BR\" xml:lang=\"pt-BR\"><span style=\"font-family: Verdana, sans-serif;\"><span style=\"color: #000000;\"><strong>Header-&gt; Consultation Title</strong>:</span></span></span></span> Customers Consultation with GroupBy per Region and Sum per CreditLimit.</span></span></span></span></p>','S','S','S','','S','en_us','grid22','2008-09-10'),(113,'grid29','Pivot table summary','','http://www.scriptcase.net/siteen/samples/tutoriais/grid/grid29.php','consultas/s10_en_us.php',22,'http://www.scriptcase.net/sistemas4/exemplos_en_us/grid29/grid29.php','crosstable summary grid report','','4','<p><!--p session_start();--><!--CTYPE HTML PUBLIC \"-//W3C//DTD HTML 4.01 Transitional//EN\" \"http://www.w3.org/TR/html4/loose.dt-->\n<script type=\"text/javascript\"></script>\n<span class=\"style1\"><strong>C29 - Showing a Crosstable Summary</strong> </span></p>','S','S','S','','S','en_us','grid29','2008-09-10'),(114,'grid04','Using search in the Grid','','','consultas/c4_en_us.php',23,'http://www.scriptcase.net/sistemas4/exemplos_en_us/grid04/grid04.php','grid using filter search','','4','<p><!-- @page { margin: 2cm } P { margin-bottom: 0.21cm } .style2 {font-size: 12px} .style3 {font-family: Verdana, Arial, Helvetica, sans-serif} -->\n<script type=\"text/javascript\"></script>\n</p>\n<p class=\"western\" style=\"margin-bottom: 0cm\" lang=\"pt-BR\"><span style=\"color: #000000;\"><span style=\"font-size: small;\"><em><strong>C4 - Simple Consultation using Fiter<span class=\"style2\"><span class=\"style3\"><strong> </strong></span></span></strong></em></span></span></p>\n<p class=\"western\" style=\"margin-bottom: 0cm\"><span lang=\"pt-BR\"><span style=\"font-size: x-small;\"><span style=\"font-family: Verdana,sans-serif;\"><span style=\"color: #000000;\"><strong>Application Name:</strong> cons_b_filter<br /><strong>Base Table:</strong> customers<br /><strong>Description:</strong> Simple Consultation using Fiter<br /></span></span></span></span><span style=\"font-size: x-small;\"><span style=\"font-size: x-small;\"><span style=\"font-size: x-small;\"><span style=\"font-family: Verdana, sans-serif;\"><span lang=\"pt-BR\"><span style=\"font-size: x-small;\"><span style=\"font-family: Verdana, sans-serif;\"><font color=\"#000000\"><strong><span lang=\"pt-BR\" xml:lang=\"pt-BR\"><font size=\"2\"><font face=\"Verdana, sans-serif\"><font color=\"#000000\"><strong>Field that will be displayed</strong></font></font></font></span></strong></font></span></span></span></span></span><span style=\"font-family: Verdana,sans-serif;\"><strong> in Grid:</strong></span></span><span style=\"font-family: Verdana,sans-serif;\"> <span style=\"font-size: x-small;\"><span style=\"font-family: Verdana, sans-serif;\"><span lang=\"pt-BR\"><span style=\"font-size: x-small;\"><span style=\"color: #000000;\">CustomerID,CompanyName,Address,City and CreditLimit</span></span></span></span></span>.<br /><span lang=\"pt-BR\"><span style=\"font-size: x-small;\"><span style=\"font-family: Verdana, sans-serif;\"><span lang=\"pt-BR\"><span style=\"font-size: x-small;\"><span style=\"font-size: x-small;\"><font size=\"2\"><font face=\"Verdana, Arial, Helvetica, sans-serif\"><strong>Orientation</strong></font></font><font face=\"Verdana, sans-serif\"><strong>:</strong> Horizontal<br /><strong>Pagination:</strong> Partial<br /></font><font size=\"2\"><font face=\"Verdana, Arial, Helvetica, sans-serif\"><strong>Lines per Page</strong>: 10</font></font></span><span style=\"font-family: Verdana, sans-serif;\"><br /><span lang=\"pt-BR\"><font color=\"#000000\"><strong>Table width:</strong> 60<br /><font size=\"2\"><font face=\"Verdana, sans-serif\"><span lang=\"pt-BR\"><font color=\"#000000\"><strong>Table width unit</strong>: Percent</font></span></font></font></font></span></span></span></span></span></span><span style=\"color: #000000;\"><br /></span><span style=\"font-size: x-small;\"><span style=\"font-family: Verdana, sans-serif;\"><span lang=\"pt-BR\"><span style=\"font-size: x-small;\"><span style=\"font-family: Verdana, sans-serif;\"><font color=\"#000000\"><span lang=\"pt-BR\" xml:lang=\"pt-BR\"><font size=\"2\"><font face=\"Verdana, sans-serif\"><font color=\"#000000\"><strong>Header-&gt; Consultation Title</strong></font></font></font></span></font></span></span><span style=\"color: #000000;\"><strong>:</strong></span></span></span></span><span style=\"color: #000000;\"> Simple Consultation using Fiter.<br /></span></span></span></span><strong>Fields that will be displayed in Filter: </strong>CustomerID,CompanyName.</p>\n<p class=\"western\" style=\"margin-bottom: 0cm\">&nbsp;</p>\n<p class=\"western\" style=\"margin-bottom: 0cm\"><span style=\"color: #000000;\"><span style=\"font-size: small;\"><em><strong>CustomerID<br /></strong></em></span></span><strong>Data Type</strong>: Select<br /><strong>SQL</strong>: select <span style=\"font-size: x-small;\"><span style=\"font-family: Verdana,sans-serif;\"><span lang=\"pt-BR\"><span style=\"font-size: x-small;\"><span style=\"font-family: Verdana, sans-serif;\"><span style=\"color: #000000;\">CustomerID,CompanyName</span></span></span></span></span></span> from customers<br /><strong>Filter Configuration</strong>: Equal to</p>\n<p class=\"western\" style=\"margin-bottom: 0cm\">&nbsp;</p>\n<p class=\"western\" style=\"margin-bottom: 0cm\" lang=\"pt-BR\"><span style=\"color: #000000;\"><span style=\"font-size: small;\"><em><strong>CompanyName<br /></strong></em></span></span><strong>Data Type</strong>: Text<br /><strong>Filter Configuration</strong>: Contains</p>','S','S','S','','S','en_us','grid04','2008-09-10'),(115,'grid12','Search and grid on same page','','http://www.scriptcase.net/siteen/samples/tutoriais/search/grid12.php','consultas/c12_en_us.php',23,'http://www.scriptcase.net/sistemas4/exemplos_en_us/grid12/grid12.php','search iframe grid same page','','4','<p><!--p session_start();--><!--CTYPE HTML PUBLIC \"-//W3C//DTD HTML 4.01 Transitional//EN\" \"http://www.w3.org/TR/html4/loose.dt-->\n<script type=\"text/javascript\"></script>\n<!--CTYPE HTML PUBLIC \"-//W3C//DTD HTML 4.0 Transitional//E--></p>\n<p class=\"western\" style=\"margin-bottom: 0cm\" lang=\"pt-BR\"><span style=\"color: #000000;\"><span style=\"font-size: small;\"><em><strong>C12 &ndash; Showing Filter in the same page of the Consultation<span class=\"style2\"><span class=\"style3\"><strong> </strong></span></span></strong></em></span></span></p>\n<p class=\"western\" style=\"margin-bottom: 0cm\"><span style=\"font-size: xx-small;\"><span lang=\"pt-BR\"><span style=\"font-size: x-small;\"><span style=\"font-family: Verdana,sans-serif;\"><span style=\"color: #000000;\"><strong>Application Name :</strong> cons_b_iframefilter<br /><strong>Base Table :</strong> adm_customers<br /><strong>Description:</strong> Simple Consultation using filter in the same page.<br /></span></span></span></span><span style=\"font-size: x-small;\"><span style=\"font-family: Verdana,sans-serif;\"><strong>Fields that will be displayed in Grid:</strong> CustomerID,CompanyName,Address,City,Region,CreditLimit.<br /></span><span style=\"font-family: Verdana,Arial,Helvetica,sans-serif;\"><strong>Orientation</strong></span><span style=\"font-family: Verdana,sans-serif;\"><strong>:</strong> Horizontal<br /><strong>Pagination:</strong> Partial<br /><strong>Lines per page</strong><strong>:</strong> 10<br /><span lang=\"pt-BR\"><span style=\"font-family: Verdana, sans-serif;\"><span style=\"color: #000000;\"><span lang=\"pt-BR\"><strong>Table width</strong></span></span></span><span style=\"color: #000000;\"><strong>:</strong> 60<br /><span style=\"font-family: Verdana, sans-serif;\"><span lang=\"pt-BR\"><strong>Table width </strong></span></span><span style=\"font-family: Verdana, sans-serif;\"><span lang=\"pt-BR\"><span style=\"font-family: Verdana, sans-serif;\"><span lang=\"pt-BR\"><font color=\"#000000\"><font face=\"Verdana, Arial, Helvetica, sans-serif\"><span class=\"style1\"><strong>unit</strong></span></font></font></span></span></span></span><span style=\"font-family: Verdana, sans-serif;\"><span lang=\"pt-BR\"><strong>:</strong> Percent</span></span><br /><span style=\"font-family: Verdana, sans-serif;\"><span lang=\"pt-BR\"><strong>Header-&gt;Consultation Title:</strong> </span></span>Simple Consultation using Filter in the same page.<br /></span></span></span></span><strong><span class=\"style4\"><span class=\"style6\"><span class=\"style8\"><span class=\"style6\"><strong><span class=\"style1\"><span class=\"style2\"><span class=\"style4\"><span class=\"style2\"><strong>Fields that will be displayed</strong></span></span></span></span></strong></span></span></span></span> in the Filter</strong>: CustomerID,CompanyName.<br /><strong>To use Iframe</strong>: Yes</span></p>\n<p class=\"western\" style=\"margin-bottom: 0cm\"><span style=\"font-size: xx-small;\"><span style=\"color: #000000;\"><em><strong>CustomerID<br /></strong></em></span><strong>Data Type</strong>: Select<br /><strong>SQL</strong>: select CustomerID,CompanyName from Customers<br /><strong>Filter Configuration</strong>: Equal to</span></p>\n<p class=\"western\" style=\"margin-bottom: 0cm\"><span style=\"font-size: xx-small;\"><span style=\"color: #000000;\"><em><strong>CompanyName<br /></strong></em></span><strong>Data Type</strong>: Text<br /><strong>Filter Configuration</strong>: Contains</span></p>','S','S','S','','S','en_us','grid12','2008-09-10'),(116,'grid13','Display search first and display filter results in another page','','','consultas/c13_en_us.php',23,'http://www.scriptcase.net/sistemas4/exemplos_en_us/grid13/grid13.php','search grid another page','','4','<p><!--\r\n		@page { margin: 2cm }\r\n		P { margin-bottom: 0.21cm }\r\n.style2 {font-size: 12px}\r\n.style3 {font-family: Verdana, Arial, Helvetica, sans-serif}\r\n	-->\n<script type=\"text/javascript\"></script>\n</p>\n<p class=\"western\" style=\"margin-bottom: 0cm\" lang=\"pt-BR\"><span style=\"color: #000000;\"><span style=\"font-size: small;\"><em><strong>C13 - Simple Consultation initiated for the filter <span class=\"style2\"><span class=\"style3\"><strong></strong></span></span><br /></strong></em></span></span><br /><span lang=\"pt-BR\"><span style=\"font-size: x-small;\"><span style=\"font-family: Verdana,sans-serif;\"><span style=\"color: #000000;\"><strong>Application Name:</strong> cons_b_initfilter<br /><strong>Base table :</strong> customers<br /><strong>Description:</strong> Simple Consultation using filter<br /></span></span></span></span><span style=\"font-size: x-small;\"><span style=\"font-size: x-small;\"><span style=\"font-family: Verdana, sans-serif;\"><strong>Fields that will be shown in Grid</strong></span></span><strong><span style=\"font-family: Verdana,sans-serif;\">:</span></strong><span style=\"font-family: Verdana,sans-serif;\"> CustomerID,CompanyName,Address,City,CreditLimit.<br /><span lang=\"pt-BR\"><span style=\"color: #000000;\"><strong>Initiate for the Filter</strong>: Yes<br /></span></span></span><span style=\"font-size: x-small;\"><span style=\"font-family: Verdana, Arial, Helvetica, sans-serif;\"><strong>Orientation</strong></span></span><span style=\"font-family: Verdana,sans-serif;\"><strong>:</strong> Horizontal<br /><strong>Pagination:</strong> Partial<br /><span lang=\"pt-BR\"><span style=\"font-size: x-small;\"><span style=\"font-family: Verdana,sans-serif;\"><span style=\"font-size: x-small;\"><strong>Lines </strong><span style=\"font-size: x-small;\"><span style=\"font-family: Verdana, Arial, Helvetica, sans-serif;\"><strong>per</strong></span></span><strong> page</strong></span><strong>:</strong> 10<br /><span lang=\"pt-BR\"><span style=\"font-size: x-small;\"><span style=\"font-family: Verdana, sans-serif;\"><span style=\"color: #000000;\"><span lang=\"pt-BR\"><strong>Table width</strong></span></span></span></span><span style=\"color: #000000;\"><strong>:</strong> 60<br /><span style=\"font-size: x-small;\"><span style=\"font-family: Verdana, sans-serif;\"><span lang=\"pt-BR\"><strong>Table width </strong></span></span><span style=\"font-size: x-small; font-family: Verdana, Arial, Helvetica, sans-serif;\"><span class=\"style1\"><strong>unit</strong></span></span><span style=\"font-family: Verdana, sans-serif;\"><span lang=\"pt-BR\"><strong>:</strong> Percent</span></span></span></span></span></span></span><span style=\"color: #000000;\"><br /></span><span style=\"font-size: x-small;\"><span style=\"font-family: Verdana,sans-serif;\"><span style=\"font-size: x-small;\"><span style=\"font-family: Verdana, sans-serif;\"><span style=\"color: #000000;\"><span lang=\"pt-BR\"><strong>Header-&gt;Consultation Title:</strong> </span></span></span></span><span style=\"color: #000000;\">Simple Consultation using Filter</span></span></span><span style=\"color: #000000;\"><br /></span></span></span></span><strong><span style=\"font-size: x-small;\"><span style=\"font-family: Verdana,sans-serif;\"><strong>Fields that will be shown displayed in</strong></span></span> Filter</strong>: CustomerID,CompanyName.</p>\n<p class=\"western\" style=\"margin-bottom: 0cm\"><span style=\"color: #000000;\"><span style=\"font-size: small;\"><em><strong>CustomerID<br /></strong></em></span></span><strong>Data Type</strong>: Select<br /><strong>SQL</strong>: select CustomerID,CompanyName from Customers<br /><strong>Filter Configuration</strong>: Equal to</p>\n<p class=\"western\" style=\"margin-bottom: 0cm\"><span style=\"color: #000000;\"><span style=\"font-size: small;\"><em><strong>CompanyName<br /></strong></em></span></span><strong>Data Type</strong>: Text<br /><strong>Filter Configuration</strong>: Contains</p>','','S','S','','','en_us','grid13','2008-09-10'),(117,'grid23','Building a search with initial filter (using Macros)','','','consultas/c23_en_us.php',23,'http://www.scriptcase.net/sistemas4/exemplos_en_us/grid23/grid23.php','filter inicial macros using onInit search','','4','<p>Altera&ccedil;&otilde;es - <!-- @page { margin: 2cm } P { margin-bottom: 0.21cm } -->\n<script type=\"text/javascript\"></script>\n<!-- @page { margin: 2cm } P { margin-bottom: 0.21cm } .style2 {font-size: 12px} .style3 {font-family: Verdana, Arial, Helvetica, sans-serif} -->\n<script type=\"text/javascript\"></script>\n</p>\n<p class=\"western\" style=\"margin-bottom: 0cm\" lang=\"pt-BR\"><span style=\"color: #000000;\"><span style=\"font-size: small;\"><em><strong>C23 - Customers Consultation with a limit more than 500<span class=\"style2\"><span class=\"style3\"><strong> </strong></span></span></strong></em></span></span></p>\n<p class=\"western\" style=\"margin-bottom: 0cm\" align=\"justify\"><span lang=\"pt-BR\"><span style=\"font-size: x-small;\"><span style=\"font-family: Verdana,sans-serif;\"><span style=\"color: #000000;\"><strong><span lang=\"pt-BR\" xml:lang=\"pt-BR\"><span style=\"color: #000000;\"><strong>Application Name</strong></span></span></strong><strong>:</strong> cons_b_select_where<br /><strong>Base Table:</strong> customers<br /><strong>Description:</strong> Simple Consultation using filter<br /></span></span></span></span><span style=\"font-size: x-small;\"><span style=\"font-family: Verdana,sans-serif;\"><span lang=\"pt-BR\"><span style=\"font-size: x-small;\"><span style=\"font-family: Verdana, sans-serif;\"><span style=\"color: #000000;\"><strong><span lang=\"pt-BR\" xml:lang=\"pt-BR\"><font size=\"2\"><font face=\"Verdana, sans-serif\"><font color=\"#000000\"><strong>Field that will be displayed:</strong></font></font></font></span></strong> CustomerID,CompanyName,Address,City and CreditLimit.</span></span></span></span><br /><span lang=\"pt-BR\"><span style=\"font-size: x-small;\"><span style=\"font-size: x-small;\"><span style=\"font-size: x-small;\"><font face=\"Verdana, Arial, Helvetica, sans-serif\"><strong>Orientation</strong></font></span><span style=\"font-family: Verdana, sans-serif;\"><strong>:</strong> Horizontal<br /><strong>Pagination:</strong> Partial<br /></span><span style=\"font-size: x-small;\"><font face=\"Verdana, Arial, Helvetica, sans-serif\"><strong>Lines per Page</strong>: 10</font></span></span><span style=\"font-family: Verdana, sans-serif;\"><br /><span lang=\"pt-BR\"><span style=\"color: #000000;\"><strong>Table width:</strong> 60<br /><font size=\"2\"><font face=\"Verdana, sans-serif\"><span lang=\"pt-BR\"><font color=\"#000000\"><strong>Table width </strong></font><font size=\"2\"><font face=\"Verdana, sans-serif\"><span lang=\"pt-BR\"><font size=\"2\"><font face=\"Verdana, sans-serif\"><span lang=\"pt-BR\"><font size=\"2\"><font face=\"Verdana, sans-serif\"><span lang=\"pt-BR\"><font color=\"#000000\"><font size=\"2\"><font face=\"Verdana, sans-serif\"><span lang=\"pt-BR\"><font color=\"#000000\"><strong>unit</strong></font></span></font></font></font></span></font></font></span></font></font></span></font></font><font color=\"#000000\">: Percent</font></span></font></font></span></span></span></span><span style=\"color: #000000;\"><br /><span style=\"font-size: x-small;\"><span style=\"font-family: Verdana, sans-serif;\"><font color=\"#000000\"><span lang=\"pt-BR\" xml:lang=\"pt-BR\"><font size=\"2\"><font face=\"Verdana, sans-serif\"><strong>Header-&gt; Consultation Title</strong></font></font></span></font></span></span><strong>:</strong> Customers Consultation with a limit more than 500.<br /></span></span></span></span><strong><span style=\"font-size: x-small;\"><span style=\"font-family: Verdana,sans-serif;\"><span lang=\"pt-BR\"><span style=\"font-size: x-small;\"><span style=\"font-family: Verdana, sans-serif;\"><span style=\"color: #000000;\"><strong><span lang=\"pt-BR\" xml:lang=\"pt-BR\"><font size=\"2\"><font face=\"Verdana, sans-serif\"><font color=\"#000000\"><strong>Fields that will be displayed in filter:</strong></font></font></font></span></strong></span></span></span></span></span></span> </strong><span style=\"font-size: x-small;\"><span style=\"font-family: Verdana,sans-serif;\"><span lang=\"pt-BR\"><span style=\"font-size: x-small;\"><span style=\"font-family: Verdana, sans-serif;\"><span style=\"color: #000000;\">CustomerID,CompanyName</span></span></span></span></span></span>.</p>\n<p class=\"western\" style=\"margin-bottom: 0cm\">&nbsp;</p>\n<p class=\"western\" style=\"margin-bottom: 0cm\" lang=\"pt-BR\"><span style=\"color: #000000;\"><span style=\"font-size: small;\"><em><strong>CustomerID<br /></strong></em></span></span><strong>Data Type</strong>: Select<br /><strong>SQL</strong>: select <span style=\"font-size: x-small;\"><span style=\"font-family: Verdana,sans-serif;\"><span lang=\"pt-BR\"><span style=\"font-size: x-small;\"><span style=\"font-family: Verdana, sans-serif;\"><span style=\"color: #000000;\">CustomerID,CompanyName</span></span></span></span></span></span> from customers<br /><strong>Filter Configuration</strong>: Equal to</p>\n<p class=\"western\" style=\"margin-bottom: 0cm\">&nbsp;</p>\n<p class=\"western\" style=\"margin-bottom: 0cm\" lang=\"pt-BR\"><span style=\"color: #000000;\"><span style=\"font-size: small;\"><em><strong>CompanyName<br /></strong></em></span></span><strong>Data Type</strong>: Text<br /><strong>Filter Configuration</strong>: Contains</p>','N','S','S','','','en_us','grid23','2008-09-10'),(118,'grid30','Formatting blocks on filter forms','','http://www.scriptcase.net/siteen/samples/tutoriais/search/grid30.php','consultas/s12_en_us.php',23,'http://www.scriptcase.net/sistemas4/exemplos_en_us/grid30/grid30.php','block fields showing search','','4','<p><!--p session_start();--><!--CTYPE HTML PUBLIC \"-//W3C//DTD HTML 4.01 Transitional//EN\" \"http://www.w3.org/TR/html4/loose.dt--><strong>\n<script type=\"text/javascript\"></script>\n<span class=\"style1\">C30 - Consultation with Filter using Blocks </span></strong></p>','S','S','S','','S','en_us','grid30','2008-09-10'),(119,'grid31','Select field using Ajax to reload select field','','http://www.scriptcase.net/siteen/samples/tutoriais/search/grid31.php','consultas/s13_en_us.php',23,'http://www.scriptcase.net/sistemas4/exemplos_en_us/grid31/grid31.php','grid search ajax àjax filter search','','4','<p><!--\r\n.style1 {	font-family: Verdana, Arial, Helvetica, sans-serif;\r\n	font-size: 12px;\r\n	font-weight: bold;\r\n}\r\n.style2 {font-size: 12px}\r\n.style3 {font-family: Verdana, Arial, Helvetica, sans-serif}\r\n-->\n<script type=\"text/javascript\"></script>\n</p>\n<p><strong><span class=\"style1\">C31 - Consultation with Filter using AJAX</span></strong><span class=\"style2\"><span class=\"style3\"><strong> </strong></span></span></p>\n<p>&nbsp;</p>','S','S','S','N','S','en_us','grid31','2008-09-10'),(120,'grid14','Simple drill down','','http://www.scriptcase.net/siteen/samples/tutoriais/grid/grid14.php','consultas/c14_en_us.php',24,'http://www.scriptcase.net/sistemas4/exemplos_en_us/grid14/grid14.php','master detail report grid link','','4','<p><!--\r\n		@page { margin: 2cm }\r\n		P { margin-bottom: 0.21cm }\r\n.style2 {font-size: 12px}\r\n.style3 {font-family: Verdana, Arial, Helvetica, sans-serif}\r\n	-->\n<script type=\"text/javascript\"></script>\n<span style=\"font-family: Verdana,Arial,Helvetica,sans-serif; font-size: x-small;\"><span class=\"style1\"><strong>C14 - Calling another consultation through a field<span class=\"style2\"><span class=\"style3\"><strong> </strong></span></span><br /><br /><span style=\"font-size: xx-small;\">Application Name: </span></strong><span style=\"font-size: xx-small;\">cons_link_field_order<strong> <br />Table: </strong>Orders<strong>.<br />Description: </strong>Application of Consultation that goes to receive the linking<strong>.<br /></strong></span></span></span><span style=\"font-size: xx-small;\"><span style=\"font-family: Verdana,sans-serif;\"><strong>Fields that will be displayed in Grid</strong></span></span><span style=\"font-family: Verdana,Arial,Helvetica,sans-serif; font-size: xx-small;\"><span class=\"style1\"><strong>:<br /></strong>OrderID, CustomerID, ShippedDate, Freight, ShipName, ShipAddress<strong>. <br /></strong></span></span><span style=\"font-size: xx-small;\"><span style=\"font-family: Verdana,Arial,Helvetica,sans-serif;\"><strong>Orientation</strong></span></span><span style=\"font-family: Verdana,Arial,Helvetica,sans-serif; font-size: xx-small;\"><span class=\"style1\"><strong>: </strong>Horizontal<strong><br />Pagination: </strong>Partial<strong><br />Lines </strong></span></span><span style=\"font-size: xx-small;\"><span style=\"font-family: Verdana,Arial,Helvetica,sans-serif;\"><strong>per</strong></span></span><span style=\"font-family: Verdana,Arial,Helvetica,sans-serif; font-size: xx-small;\"><span class=\"style1\"><strong> Page: </strong>10<strong><br />Alignment: </strong>Left<strong><br />Table width: </strong>900<strong><br />Table width unit: </strong>Pixel<strong>.<br /></strong></span></span><span style=\"font-size: xx-small;\"><span style=\"font-family: Verdana,sans-serif;\"><span lang=\"pt-BR\"><span style=\"font-family: Verdana,sans-serif;\"><span style=\"font-family: Verdana,sans-serif;\"><span style=\"color: #000000;\"><span lang=\"pt-BR\"><strong>Header-&gt;Consultation Title:</strong></span></span></span></span></span></span></span><span style=\"font-family: Verdana,Arial,Helvetica,sans-serif; font-size: x-small;\"><span style=\"font-size: xx-small;\"> </span><span class=\"style1\"><span style=\"font-size: xx-small;\">Orders Consultation</span><strong><br /><br /></strong></span></span></p>\n<table border=\"0\" width=\"254\">\n<tbody>\n<tr>\n<td width=\"248\">\n<table style=\"height: 238px;\" border=\"1\" width=\"251\">\n<tbody>\n<tr>\n<td width=\"241\"><span class=\"style1\"><span style=\"font-family: Verdana,Arial,Helvetica,sans-serif; font-size: x-small;\"><span class=\"style1\"><strong>SQL:</strong></span></span> </span></td>\n</tr>\n<tr>\n<td height=\"228\"><span style=\"font-family: Verdana,Arial,Helvetica,sans-serif; font-size: xx-small;\"><span class=\"style1\"><strong><span style=\"color: #ff0000;\">SELECT<br />OrederID,<br />CustomerId,<br />OrderDate,<br />ShippedDate,<br />Freight,<br />ShipName,<br />ShipAddress,<br />ShipCity,<br />ShipRegion,<br />ShipPostalCode <br />FROM<br />orders <br />where CustomerId = \'[id]\'</span></strong></span> </span></td>\n</tr>\n</tbody>\n</table>\n</td>\n</tr>\n</tbody>\n</table>\n<p><span style=\"font-family: Verdana,Arial,Helvetica,sans-serif; font-size: xx-small;\"><span class=\"style1\"><strong><br /></strong></span></span></p>\n<p>&nbsp;</p>\n<p>&nbsp;</p>\n<p align=\"left\"><span style=\"font-size: xx-small;\"><strong>* - Application Linked - *</strong></span></p>\n<p><span style=\"font-family: Verdana,Arial,Helvetica,sans-serif; font-size: xx-small;\"><span class=\"style1\"><strong>Application Name</strong></span></span><span style=\"font-size: xx-small;\"><strong>: </strong>cons_link_field_custumer<strong><br />Table: </strong>customers.<strong><br />Description: </strong>Consultation Application that will be receiving the linking<strong>.<br /></strong><span style=\"font-family: Verdana,sans-serif;\"><strong>Fields that will be displayed in Grid</strong></span><strong>:<br /></strong>CustomerID, CustumerName, ContactName, ContactTitle<strong>. <br />Orientation: </strong>Horizontal<strong><br />Pagination: </strong>Partial<strong><br />Lines per Page: </strong>10<strong><br />Alignment:</strong> Left<strong><br />Table Width: </strong>800<strong><br />Table width </strong></span><span style=\"font-family: Verdana,Arial,Helvetica,sans-serif; font-size: xx-small;\"><span class=\"style1\"><strong>unit</strong></span></span><span style=\"font-size: xx-small;\"><strong>: </strong>Pixel<strong>.<br /></strong><span style=\"font-family: Verdana,sans-serif;\"><span lang=\"pt-BR\"><span style=\"font-family: Verdana,sans-serif;\"><span style=\"font-family: Verdana, sans-serif;\"><span style=\"color: #000000;\"><span lang=\"pt-BR\"><strong>Header-&gt;Consultation Title:</strong></span></span></span></span></span></span></span><span style=\"font-family: Verdana,Arial,Helvetica,sans-serif; font-size: xx-small;\"> <span class=\"style1\">Orders Consultation</span></span><span style=\"font-size: x-small;\"><span style=\"font-size: xx-small;\"><strong><br />Linked to the Application: </strong>c14_cons_link_field_order</span><br /></span></p>','S','S','S','','S','en_us','grid14','2008-09-10'),(121,'grid15','Calling a Update Form through a field','','','consultas/c15_en_us.php',24,'http://www.scriptcase.net/sistemas4/exemplos_en_us/grid15/grid15.php','update form using grid link','','4','<p><!--\r\n.style1 {\r\n	font-size: 12px;\r\n	font-weight: bold;\r\n	font-family: Verdana, Arial, Helvetica, sans-serif;\r\n}\r\n.style2 {font-size: 12px}\r\n.style3 {font-family: Verdana, Arial, Helvetica, sans-serif}\r\n-->\n<script type=\"text/javascript\"></script>\n<span style=\"font-family: Verdana,Arial,Helvetica,sans-serif; font-size: x-small;\"><span style=\"font-size: x-small;\"><strong><span class=\"style1\">C15 - Calling a update form through a field </span></strong></span><span class=\"style2\"><span class=\"style3\"><strong></strong></span></span><br /><strong><br />Application Name</strong>: c15_cons_link_field_form <br /><strong>Table</strong>: customers.<br /><strong>Description</strong>: Consultation Application that will effect a linking for a Form.<br /></span><span style=\"font-size: x-small;\"><span style=\"font-family: Verdana,sans-serif;\"><strong>Fields that will be displayed in Grid</strong></span></span><span style=\"font-family: Verdana,Arial,Helvetica,sans-serif; font-size: x-small;\"><span class=\"style1\"><strong>:</strong></span><br /></span><span style=\"font-family: Verdana,Arial,Helvetica,sans-serif;\"><span style=\"font-size: x-small;\">CustomerID, CustumerName, ContactName, ContactTitle<strong>. <br />Orientation: </strong>Horizontal<strong><br />Pagination: </strong>Partial<strong><br />Lines </strong><span style=\"font-size: x-small;\"><span style=\"font-family: Verdana, Arial, Helvetica, sans-serif;\"><strong>per</strong></span></span><strong> Page: </strong>10<strong><br />Alignment:</strong> Left<strong><br />Table Width: </strong>600<strong><br />Table width </strong><span style=\"font-family: Verdana,sans-serif;\"><span lang=\"pt-BR\" xml:lang=\"pt-BR\"><span style=\"color: #000000;\"><strong>unit</strong></span></span></span><strong>: </strong>Pixel<strong>.<br /></strong><span style=\"font-family: Verdana,sans-serif;\"><span lang=\"pt-BR\" xml:lang=\"pt-BR\"><span style=\"font-size: x-small;\"><span style=\"font-family: Verdana, sans-serif;\"><font size=\"2\"><font face=\"Verdana, sans-serif\"><font color=\"#000000\"><span lang=\"pt-BR\" xml:lang=\"pt-BR\"><strong>Header-&gt;Consultation Title:</strong></span></font></font></font></span></span></span></span> </span></span><span style=\"font-family: Verdana,Arial,Helvetica,sans-serif; font-size: x-small;\">Orders Consultation<br /></span><span style=\"font-family: Verdana,Arial,Helvetica,sans-serif;\"><span style=\"font-size: x-small;\"><strong>Linked to the Application:</strong></span></span><span style=\"font-family: Verdana,Arial,Helvetica,sans-serif; font-size: x-small;\"> c15_form_link_field</span><span style=\"font-size: x-small;\"> </span></p>\n<p align=\"left\"><span style=\"font-family: Verdana,Arial,Helvetica,sans-serif; font-size: x-small;\"><strong>* - Application Linked - *</strong></span></p>\n<p>&nbsp;</p>\n<p>&nbsp;</p>\n<p>&nbsp;</p>\n<p><span style=\"font-family: Verdana,Arial,Helvetica,sans-serif; font-size: x-small;\"><strong>Application Name</strong></span><span style=\"font-family: Verdana,Arial,Helvetica,sans-serif;\"><strong>:</strong> c15_form_link_field<br /><strong>Table</strong>: orders.<br /><strong>Description</strong>: Form Application that will receive the linking.<br /></span><span style=\"font-size: x-small;\"><span style=\"font-family: Verdana,sans-serif;\"><strong>Fields that will be displayed in Grid</strong></span></span><span style=\"font-family: Verdana,Arial,Helvetica,sans-serif; font-size: x-small;\"><span class=\"style1\"><strong>:</strong></span></span><span style=\"font-family: Verdana,Arial,Helvetica,sans-serif;\"><br />OrderID, CustomerID, ShippedDate, Freight, ShipName, ShipAddress. <br /><strong>Orientation</strong>: Horizontal<br /><strong>Pagination</strong>: Partial<br /><strong>Lines </strong><span style=\"font-size: x-small;\"><span style=\"font-size: x-small;\"><strong>per</strong></span></span><strong> Page</strong>: 10<br /><strong>Alignment</strong>: Left<br /><strong>Table width</strong>: 600<br /><strong>Table width </strong></span><span style=\"font-size: x-small;\"><span style=\"font-family: Verdana,sans-serif;\"><span lang=\"pt-BR\" xml:lang=\"pt-BR\"><span style=\"color: #000000;\"><strong>unit</strong></span></span></span></span><span style=\"font-family: Verdana,Arial,Helvetica,sans-serif;\"><strong>:</strong> Pixel.<br /><strong>Header-&gt; Consultation Title:</strong> Orders Consultation<br /><strong>Where:</strong> CustomerId = @@##[id]@@##<br /></span></p>','','S','S','','','en_us','grid15','2008-09-10'),(122,'grid16','Report link to edit the record','','http://www.scriptcase.net/siteen/samples/tutoriais/grid/grid16.php','consultas/c16_en_us.php',24,'http://www.scriptcase.net/sistemas4/exemplos_en_us/grid16/grid16.php','link grid with form button application','','4','<p><!--\r\n.style1 {\r\n	font-size: 12px;\r\n	font-weight: bold;\r\n	font-family: Verdana, Arial, Helvetica, sans-serif;\r\n}\r\n.style2 {font-size: 12px}\r\n.style3 {font-family: Verdana, Arial, Helvetica, sans-serif}\r\n-->\n<script type=\"text/javascript\"></script>\n<span style=\"font-family: Verdana,Arial,Helvetica,sans-serif; font-size: x-small;\"><span style=\"font-size: x-small;\"><strong><span class=\"style1\">C16 - Calling a form to edit registers through the button edit</span><span class=\"style2\"><span class=\"style3\"> </span></span></strong></span><br /><strong><br /><span style=\"font-size: xx-small;\">Application Name</span></strong><span style=\"font-size: xx-small;\">: c16_cons_link_application<br /></span></span><span style=\"font-size: xx-small;\"><span style=\"font-family: Verdana,Arial,Helvetica,sans-serif;\"><strong>Table</strong>: orders.</span></span><span style=\"font-family: Verdana,Arial,Helvetica,sans-serif; font-size: xx-small;\"><br /><strong>Description</strong>: Consultation Application linking to the form.<br /></span><span style=\"font-size: xx-small;\"><span style=\"font-family: Verdana,sans-serif;\"><strong>Fields that will be displayed in Grid</strong></span><span style=\"font-family: Verdana,Arial,Helvetica,sans-serif;\"><span class=\"style1\"><strong>:</strong></span></span><span style=\"font-family: Verdana,Arial,Helvetica,sans-serif;\"><br />OrderID, CustomerID, ShippedDate, Freight, ShipName, ShipAddress. </span></span><span style=\"font-family: Verdana,Arial,Helvetica,sans-serif; font-size: xx-small;\"><br /></span><span style=\"font-size: xx-small;\"><span style=\"font-family: Verdana,Arial,Helvetica,sans-serif;\"><strong>Orientation</strong>: Horizontal<br /><strong>Pagination</strong>: Partial<br /><strong>Lines </strong></span><span style=\"font-family: Verdana,Arial,Helvetica,sans-serif;\"><strong>per</strong></span><span style=\"font-family: Verdana,Arial,Helvetica,sans-serif;\"><strong> Page</strong>: 10<br /><strong>Alignment</strong>: Left<br /><strong>Table width</strong>: 600<br /><strong>Table width </strong></span><span style=\"font-family: Verdana,Arial,Helvetica,sans-serif;\"><span class=\"style1\"><strong>unit</strong></span></span><span style=\"font-family: Verdana,Arial,Helvetica,sans-serif;\"><strong>:</strong> Pixel.<br /><strong>Header-&gt; Consultation Title:</strong> Orders Consultation</span></span><span style=\"font-family: Verdana,Arial,Helvetica,sans-serif; font-size: xx-small;\"><br /><strong>Linked to the Application:</strong> c16_form_lig_aplicacao </span></p>\n<p align=\"left\"><span style=\"font-family: Verdana,Arial,Helvetica,sans-serif; font-size: xx-small;\"><strong>* - Application Linked - *</strong></span><span style=\"font-family: Verdana,Arial,Helvetica,sans-serif; font-size: xx-small;\"> </span></p>\n<p>&nbsp;</p>\n<p>&nbsp;</p>\n<p>&nbsp;</p>\n<p><span style=\"font-family: Verdana,Arial,Helvetica,sans-serif; font-size: xx-small;\"><strong>Application Name</strong>: c16_form_link_application</span><span style=\"font-size: xx-small;\"><br /></span><span style=\"font-family: Verdana,Arial,Helvetica,sans-serif; font-size: xx-small;\"><strong>Table</strong>: customers.</span><span style=\"font-size: xx-small;\"><br /><span style=\"font-family: Verdana,Arial,Helvetica,sans-serif;\"><strong>Description</strong>: Form Application that will receive the linking.</span><br /><span style=\"font-family: Verdana,sans-serif;\"><strong>Fields that will be displayed in Grid</strong></span></span><span style=\"font-family: Verdana,Arial,Helvetica,sans-serif; font-size: xx-small;\"><span class=\"style1\"><strong>:</strong></span><br /></span><span style=\"font-family: Verdana,Arial,Helvetica,sans-serif; font-size: xx-small;\">CustomerID, CustumerName, ContactName, ContactTitle<strong>. </strong></span><span style=\"font-size: x-small;\"><span style=\"font-size: xx-small;\"><br /><strong>Orientation</strong></span> <span style=\"font-family: Verdana,Arial,Helvetica,sans-serif; font-size: xx-small;\">: Horizontal<br /><strong>Pagination</strong>: Partial<br /><strong>Lines </strong><strong>per</strong><strong> Page</strong>: 10<br /><strong>Alignment</strong>: Left<br /><strong>Table width</strong>: 600<br /><strong>Table width </strong></span><span style=\"font-family: Verdana,Arial,Helvetica,sans-serif; font-size: xx-small;\"><span class=\"style1\"><strong>unit</strong></span></span><span style=\"font-family: Verdana,Arial,Helvetica,sans-serif; font-size: xx-small;\"><strong>:</strong> Pixel.<br /><strong>Header-&gt; Consultation Title:</strong> Orders Consultation</span><br /></span></p>','S','S','S','','S','en_us','grid16','2008-09-10'),(123,'grid25','Nested grids using treeview','','http://www.scriptcase.net/siteen/samples/tutoriais/grid/grid25.php','consultas/s16_en_us.php',24,'http://www.scriptcase.net/sistemas4/exemplos_en_us/grid25/grid25.php','subgrid field link grid nested treeview report','','4','<p><!--\r\n.style1 {	font-family: Verdana, Arial, Helvetica, sans-serif;\r\n	font-size: 12px;\r\n	font-weight: bold;\r\n}\r\n.style2 {font-size: 12px}\r\n.style3 {font-family: Verdana, Arial, Helvetica, sans-serif}\r\n-->\n<script type=\"text/javascript\"></script>\n</p>\n<p><strong><span class=\"style1\">C25 - Linking a subconsultation inside of a consultation</span></strong><span class=\"style2\"><span class=\"style3\"><strong> </strong></span></span></p>\n<p>&nbsp;</p>','N','S','S','N','S','en_us','grid25','2008-09-10'),(125,'grid27','Grid with multiple Links in a field','','http://www.scriptcase.net/siteen/samples/tutoriais/grid/grid27.php','consultas/s19_en_us.php',24,'http://www.scriptcase.net/sistemas4/exemplos_en_us/grid27/grid27.php','Search with various link in a same field','','4','<p><!--\r\n.style1 {	font-family: Verdana, Arial, Helvetica, sans-serif;\r\n	font-size: 12px;\r\n	font-weight: bold;\r\n}\r\n.style2 {font-size: 12px}\r\n.style3 {font-family: Verdana, Arial, Helvetica, sans-serif}\r\n-->\n<script type=\"text/javascript\"></script>\n</p>\n<p><span class=\"style1\"><strong>C27 - Consultation with N Links in a same field</strong> </span></p>\n<p>&nbsp;</p>','','S','S','','S','en_us','grid27','2008-09-10'),(127,'grid08','Image field on a grid','','http://www.scriptcase.net/siteen/samples/tutoriais/grid/grid08.php','consultas/c8_en_us.php',25,'http://www.scriptcase.net/sistemas4/exemplos_en_us/grid08/grid08.php','field image grid ','','4','<p><!--\r\n		@page { margin: 2cm }\r\n		P { margin-bottom: 0.21cm }\r\n.style2 {font-size: 12px}\r\n.style3 {font-family: Verdana, Arial, Helvetica, sans-serif}\r\n	-->\n<script type=\"text/javascript\"></script>\n</p>\n<p class=\"western\" style=\"margin-bottom: 0cm\" lang=\"pt-BR\"><span style=\"color: #000000;\"><span style=\"font-size: small;\"><em><strong>C8 &ndash; Consultation using field Image File Name</strong></em></span></span> <span class=\"style2\"><span class=\"style3\"><strong></strong></span></span></p>\n<p class=\"western\" style=\"margin-bottom: 0cm\"><span style=\"font-size: xx-small;\"><span lang=\"pt-BR\"><span style=\"font-family: Verdana,sans-serif;\"><span style=\"color: #000000;\"><strong>Application Name:</strong> cons_b_picture<br /><strong>Base Table:</strong> categories<br /><strong>Description:</strong> Categories Consultation using field Image File Name.<br /></span></span></span></span><span style=\"font-size: xx-small;\"><span style=\"font-family: Verdana,sans-serif;\"><span lang=\"pt-BR\"><span style=\"font-family: Verdana,sans-serif;\"><span style=\"color: #000000;\"><strong><span lang=\"pt-BR\" xml:lang=\"pt-BR\"><span style=\"font-family: Verdana, sans-serif;\"><span style=\"color: #000000;\"><strong>Field that will be displayed</strong></span></span></span></strong></span></span></span></span><span style=\"font-family: Verdana,sans-serif;\"><strong> in Grid:</strong></span><span style=\"font-family: Verdana,sans-serif;\"> CategoryID,CategoryName and Picture.<br /><span lang=\"pt-BR\"><span style=\"font-family: Verdana,sans-serif;\"><span lang=\"pt-BR\"><span style=\"font-family: Verdana,sans-serif;\"><span lang=\"pt-BR\"><span style=\"font-family: Verdana, Arial, Helvetica, sans-serif;\"><strong>Orientation</strong></span><span style=\"font-family: Verdana, sans-serif;\"><strong>:</strong> Horizontal<br /><strong>Pagination:</strong> Partial<br /></span><span style=\"font-family: Verdana, Arial, Helvetica, sans-serif;\"><strong>Lines per Page</strong>: 10</span><span style=\"font-family: Verdana, sans-serif;\"><br /><span lang=\"pt-BR\"><span style=\"color: #000000;\"><strong>Table width:</strong> 60<br /><font face=\"Verdana, sans-serif\"><span lang=\"pt-BR\"><font color=\"#000000\"><strong>Table width </strong><font face=\"Verdana, sans-serif\"><span lang=\"pt-BR\"><font face=\"Verdana, sans-serif\"><span lang=\"pt-BR\"><font face=\"Verdana, Arial, Helvetica, sans-serif\"><span class=\"style1\"><strong>unit</strong></span></font></span></font></span></font>: Percent</font></span></font></span></span></span></span></span></span></span><span style=\"color: #000000;\"><br /></span><span style=\"font-family: Verdana,sans-serif;\"><span lang=\"pt-BR\"><span style=\"font-family: Verdana,sans-serif;\"><span lang=\"pt-BR\"><span style=\"font-family: Verdana, sans-serif;\"><span style=\"color: #000000;\"><span lang=\"pt-BR\" xml:lang=\"pt-BR\"><font face=\"Verdana, sans-serif\"><font color=\"#000000\"><strong>Header-&gt; Consultation Title</strong></font></font></span></span></span><span style=\"color: #000000;\"><strong>:</strong></span></span></span></span></span><span style=\"color: #000000;\"> Simple Consultation using field Image File Name.</span></span></span></span></p>\n<p class=\"western\" style=\"margin-bottom: 0cm\"><span style=\"font-size: xx-small;\"><br /></span></p>\n<p class=\"western\" style=\"margin-bottom: 0cm\" lang=\"pt-BR\"><span style=\"color: #000000; font-size: xx-small;\"><em><strong>Picture<br /></strong></em></span><span style=\"font-size: xx-small;\"><strong>Data Type</strong>: <span lang=\"pt-BR\"><span style=\"font-family: Verdana,sans-serif;\"><span style=\"color: #000000;\">Image File Name</span></span></span><br /></span><span style=\"color: #000000; font-size: xx-small;\"><strong>Height: </strong>200<strong><br />Width: </strong>200</span></p>','S','S','S','','S','en_us','grid08','2008-09-10'),(128,'grid18','Editing a Value (Double) field','','','consultas/c18_en_us.php',25,'http://www.scriptcase.net/sistemas4/exemplos_en_us/grid18/grid18.php','field value double edit','','4','<p><!-- .style1 { font-size: 12px; font-weight: bold; font-family: Verdana, Arial, Helvetica, sans-serif; } .style2 {font-size: 12px} .style3 {font-family: Verdana, Arial, Helvetica, sans-serif} -->\n<script type=\"text/javascript\"></script>\n</p>\n<p><strong><span class=\"style1\">C18 - Formatting a field of the type Value(Double)</span></strong><span class=\"style2\"><span class=\"style3\"><strong> </strong></span></span></p>\n<p>&nbsp;</p>\n<p>&nbsp;</p>','S','S','S','','S','en_us','grid18','2008-09-10'),(129,'grid21','Showing a Document field','','','consultas/c21_en_us.php',25,'http://www.scriptcase.net/sistemas4/exemplos_en_us/grid21/grid21.php','field grid document upload file','','4','<p><!--\r\n.style1 {\r\n	font-family: Verdana, Arial, Helvetica, sans-serif;\r\n	font-size: 12px;\r\n}\r\n.style2 {font-family: Verdana, Arial, Helvetica, sans-serif; font-size: 12px; font-weight: bold; }\r\n.style3 {font-size: 12px}\r\n.style3 {font-family: Verdana, Arial, Helvetica, sans-serif}\r\n-->\n<script type=\"text/javascript\"></script>\n</p>\n<p class=\"style2\"><strong>C21 - Fields type Document</strong><span class=\"style3\"><strong> </strong></span></p>\n<p class=\"style1\"><strong><span lang=\"pt-BR\" xml:lang=\"pt-BR\"><span style=\"color: #000000;\"><strong>Application Name:</strong></span></span></strong> cons_b_doc.<br /><strong>Table: </strong>categories<strong>.</strong><br /><strong>Description: </strong>Consultation using a field type Document.<br /><strong><span lang=\"pt-BR\" xml:lang=\"pt-BR\"><span style=\"font-size: x-small;\"><span style=\"font-family: Verdana,sans-serif;\"><span style=\"color: #000000;\"><strong>Field that will be displayed:</strong></span></span></span></span></strong><br />CategoryID, CategoryName, Description, Picture. <br /><span style=\"font-size: x-small;\"><span style=\"font-size: x-small;\"><span style=\"font-family: Verdana,Arial,Helvetica,sans-serif;\"><strong>Orientation</strong></span></span><span style=\"font-family: Verdana,sans-serif;\"><strong>:</strong> Horizontal<br /><strong>Pagination:</strong> Partial<br /></span><span style=\"font-size: x-small;\"><span style=\"font-family: Verdana,Arial,Helvetica,sans-serif;\"><strong>Lines per Page</strong>: 10</span></span></span><br /><strong>Table width</strong>: 500<br /><span style=\"color: #000000;\"><span lang=\"pt-BR\" xml:lang=\"pt-BR\"><span style=\"font-size: x-small;\"><span style=\"font-family: Verdana,sans-serif;\"><span style=\"color: #000000;\"><strong>Table width </strong></span><span style=\"font-size: x-small;\"><span style=\"font-family: Verdana, sans-serif;\"><span lang=\"pt-BR\" xml:lang=\"pt-BR\"><font color=\"#000000\"><strong>unit</strong></font></span></span></span><span style=\"color: #000000;\">:</span></span></span></span></span> Pixel<br /><span style=\"color: #000000;\"><span lang=\"pt-BR\" xml:lang=\"pt-BR\"><span style=\"font-size: x-small;\"><span style=\"font-family: Verdana,sans-serif;\"><span style=\"color: #000000;\"><strong>Header-&gt; Consultation Title</strong>:</span></span></span> </span></span>Consultation using a field type Document</p>\n<p class=\"style1\"><strong>CategoryID:</strong><br /><strong>Data Type</strong>: Number</p>\n<p class=\"style1\"><strong>CategoryName:</strong><br /><strong>Data Type</strong>: Text</p>\n<p class=\"style1\"><strong>Description</strong>:<br /><strong>Data Type</strong>: Text</p>\n<p class=\"style1\"><strong>Picture:<br /></strong><span class=\"style1\"><strong>Data Type</strong>: Document File name</span></p>','','S','S','','','en_us','grid21','2008-09-10'),(130,'grid24','How to create a calculated columns inside a filter','','','consultas/c24_en_us.php',25,'http://www.scriptcase.net/sistemas4/exemplos_en_us/grid24/grid24.php','grid creating new field calculated','','4','<p>Altera&ccedil;&otilde;es - <!-- @page { margin: 2cm } P { margin-bottom: 0.21cm } .style2 {font-size: 12px} .style3 {font-family: Verdana, Arial, Helvetica, sans-serif} -->\n<script type=\"text/javascript\"></script>\n</p>\n<p class=\"western\" style=\"margin-bottom: 0cm\" lang=\"pt-BR\"><span style=\"color: #000000;\"><span style=\"font-size: small;\"><em><strong><span style=\"font-size: x-small;\">C24 &ndash; Creating a consultation with calculated field&nbsp;</span><span class=\"style2\"><span class=\"style3\"><strong> </strong></span></span></strong></em></span></span></p>\n<p class=\"western\" style=\"margin-bottom: 0cm\"><span lang=\"pt-BR\"><span style=\"font-size: x-small;\"><span style=\"font-family: Verdana,sans-serif;\"><span style=\"color: #000000;\"><strong><span lang=\"pt-BR\" xml:lang=\"pt-BR\"><span style=\"color: #000000;\"><strong>Application Name</strong></span></span></strong><strong>:</strong> cons_b_calcfield<br /><strong>Base Table:</strong> customers<br /><strong>Description:</strong> Customers Consultation with calculated field showing minimum purchase value(10% of CreditLimit).<br /></span></span></span></span><span style=\"font-size: x-small;\"><span style=\"font-size: x-small;\"><span style=\"font-family: Verdana, sans-serif;\"><span lang=\"pt-BR\"><span style=\"font-size: x-small;\"><font face=\"Verdana, sans-serif\"><font color=\"#000000\"><strong><span lang=\"pt-BR\" xml:lang=\"pt-BR\"><font size=\"2\"><font face=\"Verdana, sans-serif\"><font color=\"#000000\"><strong>Field that will be displayed</strong></font></font></font></span></strong></font></font></span></span></span></span><span style=\"font-family: Verdana,sans-serif;\"><strong> in Grid:</strong> <span style=\"font-size: x-small;\"><span style=\"font-family: Verdana, sans-serif;\"><span lang=\"pt-BR\"><font size=\"2\"><font color=\"#000000\">CustomerID, CompanyName</font></font></span></span></span>, CreditLimit and MinimumPurchase(Calculated Field).<br /></span></span><span lang=\"pt-BR\"><span style=\"font-size: x-small;\"><span style=\"font-family: Verdana,sans-serif;\"><span style=\"font-size: x-small;\"><span style=\"font-family: Verdana, sans-serif;\"><span lang=\"pt-BR\"><font size=\"2\"><font size=\"2\"><font size=\"2\"><font face=\"Verdana, Arial, Helvetica, sans-serif\"><strong>Guidance</strong></font></font><font face=\"Verdana, sans-serif\"><strong>:</strong> Horizontal<br /><strong>Paging:</strong> Partial<br /></font><font size=\"2\"><font face=\"Verdana, Arial, Helvetica, sans-serif\"><strong>Lines per Page</strong>: 10</font></font></font><font face=\"Verdana, sans-serif\"><br /><span lang=\"pt-BR\"><font color=\"#000000\"><strong>Table width:</strong> 60<br /><font size=\"2\"><font face=\"Verdana, sans-serif\"><span lang=\"pt-BR\"><font color=\"#000000\"><strong>Table unit width</strong>: Percent</font></span></font></font></font></span></font></font></span></span></span><span style=\"color: #000000;\"><br /></span></span></span></span><span lang=\"pt-BR\"><span style=\"font-size: x-small;\"><span style=\"font-family: Verdana,sans-serif;\"><span style=\"font-size: x-small;\"><span style=\"font-family: Verdana, sans-serif;\"><span lang=\"pt-BR\"><font size=\"2\"><font face=\"Verdana, sans-serif\"><font color=\"#000000\"><span lang=\"pt-BR\" xml:lang=\"pt-BR\"><font size=\"2\"><font face=\"Verdana, sans-serif\"><font color=\"#000000\"><strong>Header-&gt; Consultation Title</strong></font></font></font></span></font></font></font><font color=\"#000000\"><strong>:</strong></font></span></span></span><span style=\"color: #000000;\"> Customers Consultation with Calculated Field.</span></span></span></span></p>\n<p class=\"western\" style=\"margin-bottom: 0cm\">&nbsp;</p>\n<p class=\"western\" style=\"margin-bottom: 0cm\" lang=\"pt-BR\"><span style=\"color: #000000;\"><span style=\"font-size: small;\"><em><strong>New Field: </strong></em></span><span style=\"font-size: x-small;\"><span style=\"font-family: Verdana, sans-serif;\">MinimumPurchase</span></span><span style=\"font-size: small;\"><em><strong><br /></strong></em></span></span><strong>Data Type</strong>: Value<br /><strong>Decimal Houses</strong>: 2<br /><span lang=\"pt-BR\"><span style=\"font-size: small;\"><span style=\"color: #000000;\"><strong><br />onRecord Event: </strong><span style=\"font-weight: medium\">{</span></span><span style=\"font-size: x-small;\"><span style=\"font-family: Verdana, sans-serif;\">MinimumPurchase</span></span><span style=\"color: #000000;\"><span style=\"font-weight: medium\">} = {</span></span><span style=\"font-size: x-small;\"><span style=\"font-family: Verdana, sans-serif;\">CreditLimit</span></span><span style=\"color: #000000;\"><span style=\"font-weight: medium\">} * 0.1;</span></span></span></span></p>','S','S','S','','S','en_us','grid24','2008-09-10'),(131,'grid19','Customers report','','http://www.scriptcase.net/siteen/samples/tutoriais/grid/grid19.php','consultas/c19_en_us.php',26,'http://www.scriptcase.net/sistemas4/exemplos_en_us/grid19/grid19.php','report grid customers','','4','<p><!--\r\n.style1 {\r\n	font-family: Verdana, Arial, Helvetica, sans-serif;\r\n	font-size: 12px;\r\n}\r\n.style2 {font-family: Verdana, Arial, Helvetica, sans-serif; font-size: 12px; font-weight: bold; }\r\n.style3 {font-size: 12px}\r\n.style3 {font-family: Verdana, Arial, Helvetica, sans-serif}\r\n-->\n<script type=\"text/javascript\"></script>\n</p>\n<p class=\"style2\"><strong><span style=\"font-size: x-small;\">C19 &ndash; Customers Report</span></strong> <span class=\"style3\"><strong></strong></span></p>\n<p class=\"style1\"><span style=\"font-size: xx-small;\"><strong>Application Name:</strong> cons_a_report<br /><strong>Table: </strong>customers<strong>.</strong><br /><strong>Description: </strong>Customers Report. <br /></span><span style=\"font-size: xx-small;\"><span style=\"font-family: Verdana,Arial,Helvetica,sans-serif;\"><strong>Orientation</strong>: Horizontal<br /><strong>Pagination</strong>: Total<br /><strong>Lines </strong></span><span style=\"font-family: Verdana,Arial,Helvetica,sans-serif;\"><strong>per</strong></span><span style=\"font-family: Verdana,Arial,Helvetica,sans-serif;\"><strong> Page</strong>: 10</span><br /><strong>Alignment</strong>: Defined for the field<br /><strong>Table width</strong>: 100<br /><strong>Table width <span style=\"font-family: Verdana,sans-serif;\"><span lang=\"pt-BR\"><span style=\"color: #000000;\"><strong>unit</strong></span></span></span></strong>: Percent<br /><strong>Header-&gt; Consultation Title</strong>: Customers Report</span></p>\n<p class=\"style1\"><span style=\"font-size: xx-small;\"><span style=\"font-family: Verdana,sans-serif;\"><strong>Fields that will be displayed in Grid</strong></span><span style=\"font-family: Verdana,Arial,Helvetica,sans-serif;\"><span class=\"style1\"><strong>:</strong></span></span> CustomerName, Region, City, Address, CreditLimit, CardNumber.<br /><strong>Field created</strong>: decide.</span></p>\n<p class=\"style1\"><span style=\"font-size: xx-small;\"><strong>CustomerName -&gt;Data Type</strong>: Text.<br /><strong>Region -&gt; Data Type</strong>: Text. -&gt; Lookup Automatic (</span></p>\n<p class=\"style1\"><span style=\"font-size: xx-small;\">SELECT<br />RegionID,<br />RegionDescription<br />FROM<br />region).<br /><br /><strong>City -&gt; Data Type:</strong> Text<br /><strong>CreditLimit -&gt; </strong><strong>Data Type</strong>: Value<br /><strong>Decide -&gt;Data Type</strong>: Text<br /><span class=\"style1\"><strong>CardNumber -&gt;Data Type</strong>: Card</span></span></p>','S','S','S','','S','en_us','grid19','2008-09-10'),(132,'grid20','Customers x orders report','','http://www.scriptcase.net/siteen/samples/tutoriais/grid/grid20.php','consultas/c20_en_us.php',26,'http://www.scriptcase.net/sistemas4/exemplos_en_us/grid20/grid20.php','subgrid grid link','','4','<p><!--\r\n		@page { margin: 2cm }\r\n		TD P { margin-bottom: 0cm }\r\n		TH P { margin-bottom: 0cm }\r\n		TH P.western { font-style: italic }\r\n		TH P.cjk { font-style: italic }\r\n		TH P.ctl { font-style: italic }\r\n		P { margin-bottom: 0.21cm }\r\n.style1 {\r\n	font-family: Verdana, Arial, Helvetica, sans-serif;\r\n	font-size: 12px;\r\n}\r\n.style2 {font-size: 12px}\r\n.style3 {font-family: Verdana, Arial, Helvetica, sans-serif}\r\n	-->\n<script type=\"text/javascript\"></script>\n</p>\n<p class=\"western style1\" style=\"margin-bottom: 0cm\" lang=\"pt-BR\"><span style=\"color: #000000;\"><em><strong>C20 &ndash; Emitting a Customers/Orders Report</strong></em></span><span class=\"style2\"><span class=\"style3\"><strong> </strong></span></span></p>\n<p class=\"western style1\" style=\"margin-bottom: 0cm\" align=\"justify\"><span style=\"font-size: xx-small;\"><span lang=\"pt-BR\"><span style=\"color: #000000;\"><strong>Application Name:</strong> cons_b_report2<br /><span style=\"font-family: Verdana,sans-serif;\"><strong>Base Table:</strong> customers</span><br /><strong>Description:</strong> Customers Consultation in Slide mode with Subconsultation linking for the Orders table.<br /></span></span><strong><span lang=\"pt-BR\"><span style=\"font-family: Verdana,sans-serif;\"><span style=\"color: #000000;\"><strong>Field that will be displayed:</strong></span></span></span></strong><span style=\"font-weight: medium\"> All <br /></span><strong><span style=\"font-family: Verdana,Arial,Helvetica,sans-serif;\"><strong>Orientation</strong></span>:</strong> Slide<br /><strong>Pagination:</strong> Partial<br /><strong>Lines per page:</strong> 1<br /></span><span style=\"color: #000000; font-size: xx-small;\"><strong>Columns </strong></span><span style=\"font-size: xx-small;\"><span style=\"font-family: Verdana,Arial,Helvetica,sans-serif;\"><strong>per</strong></span></span><span style=\"color: #000000; font-size: xx-small;\"><strong> page</strong>: 1<br /><span lang=\"pt-BR\"><strong>Table width:</strong> 60<br /><span style=\"font-family: Verdana,sans-serif;\"><span style=\"color: #000000;\"><strong>Table width </strong></span><span style=\"font-family: Verdana,sans-serif;\"><span lang=\"pt-BR\"><span style=\"font-family: Verdana,sans-serif;\"><span lang=\"pt-BR\"><span style=\"font-family: Verdana, sans-serif;\"><span lang=\"pt-BR\"><span style=\"color: #000000;\"><font face=\"Verdana, sans-serif\"><span lang=\"pt-BR\"><font color=\"#000000\"><strong>unit</strong></font></span></font></span></span></span></span></span></span></span><span style=\"color: #000000;\">: Percent</span></span><br /><span style=\"font-family: Verdana,sans-serif;\"><span style=\"color: #000000;\"><strong>Header-&gt; Consultation Title</strong>:</span></span> Customers/Orders Report.</span></span></p>\n<p class=\"western style1\" style=\"margin-bottom: 0cm\" lang=\"pt-BR\"><span style=\"color: #000000; font-size: xx-small;\"><em><strong>New field:</strong></em><strong> </strong><em>subcons_Pedidos</em><em><strong><br /></strong></em></span><span style=\"font-size: xx-small;\"><strong>Data Type</strong>: Subconsultation<br /><strong>Application</strong>: subcons_a_orders<br /><strong>v_customer</strong>: CustomerID</span></p>\n<p class=\"western style1\" style=\"margin-bottom: 0cm\" lang=\"pt-BR\"><span style=\"color: #000000; font-size: xx-small;\"><strong>Visualization-&gt; Blocks:</strong></span></p>\n<table border=\"1\" cellspacing=\"0\" cellpadding=\"4\" width=\"567\" bordercolor=\"#000000\">\n<thead>\n<tr valign=\"top\">\n<th class=\"style1\" width=\"116\">\n<p class=\"western\" lang=\"pt-BR\"><span style=\"color: #000000; font-size: xx-small;\"><strong>Personal Datas </strong></span></p>\n</th><th class=\"style1\" width=\"433\">\n<p class=\"western\"><span style=\"font-size: xx-small;\">CustomerID, CompanyName, ContactName, ContactTitle, BirthDate, Phone, Fax, Region, City, Address, PostalCode, Country</span></p>\n</th>\n</tr>\n</thead>\n<tbody>\n<tr valign=\"top\">\n<td class=\"style1\" width=\"116\">\n<p class=\"western\" lang=\"pt-BR\"><span style=\"color: #000000; font-size: xx-small;\"><strong>Complements</strong></span></p>\n</td>\n<td class=\"style1\" width=\"433\">\n<p class=\"western\"><span style=\"font-size: xx-small;\">CreditLimit, CardType, CardNumber, Notes </span></p>\n</td>\n</tr>\n<tr valign=\"top\">\n<td class=\"style1\" width=\"116\">\n<p class=\"western\" lang=\"pt-BR\"><span style=\"color: #000000; font-size: xx-small;\"><strong>Orders</strong></span></p>\n</td>\n<td class=\"style1\" width=\"433\">\n<p class=\"western\"><span style=\"font-size: xx-small;\">subcons_Orders</span></p>\n</td>\n</tr>\n</tbody>\n</table>\n<p class=\"western style1\" style=\"margin-bottom: 0cm\">&nbsp;</p>','S','S','S','','S','en_us','grid20','2008-09-10'),(133,'grid32','HTML print Filter','','','consultas/s11_en_us.php',26,'http://www.scriptcase.net/sistemas4/exemplos_en_us/grid32/grid32.php','html print grid report','','4','<p><!-- .style1 { font-family: Verdana, Arial, Helvetica, sans-serif; font-size: 12px; font-weight: bold; } .style2 {font-size: 12px} .style3 {font-family: Verdana, Arial, Helvetica, sans-serif} -->\n<script type=\"text/javascript\"></script>\n<span class=\"style1\"><strong>C32 - Consultation HTML print</strong> </span></p>','S','S','S','','S','en_us','grid32','2008-09-10'),(134,'ctr02','Passing value of a field for another applications (Link)','','','controle/g2_en_us.php',32,'http://www.scriptcase.net/sistemas4/exemplos_en_us/ctr02/ctr02.php','Passing value of a field for another applications (Link)','','4','<p><!-- .style7 { font-family: Verdana, Arial, Helvetica, sans-serif; font-size: 12px; } .style9 {font-family: Verdana, Arial, Helvetica, sans-serif} .style2 {font-size: 12px} -->\n<script type=\"text/javascript\"></script>\n</p>\n<p class=\"style5\"><span class=\"style7\"><strong>G2 &ndash; Passing value of a field</strong><span class=\"style2\"><span class=\"style9\"><strong> </strong></span></span><br /><br /><strong>Application Name: </strong>ctrl_passingvalue<br /><strong>Description: </strong>Control Application passing value to a consultation. <br /><strong>Fields that will be displayed in the Control: </strong>Region<br /><strong>Table width: </strong>0 <br /><strong>Table width unit: </strong>Automatic<br /><strong>Header-&gt;<span class=\"style7\"><strong>Consultation Title</strong></span>: </strong>Control passing value to a consultation. </span>\n<table border=\"1\" cellspacing=\"0\" bordercolor=\"#666666\">\n<tbody>\n<tr>\n<td class=\"style7\"><span class=\"style4\"><strong>onValidate Event:</strong></span></td>\n</tr>\n<tr>\n<td class=\"style5 style7 style9\"><em>sc_redir(cons_receive_value,var_region={Region}); </em></td>\n</tr>\n</tbody>\n</table>\n</p>\n<p class=\"style5 style7 style9\"><br /><strong>Application Name: </strong>cons_receive_value<br /><strong>Table of Database: </strong>customers<br /><strong>Description: </strong>Consultation Application receiving value of a control. <br /><strong>Orientation: </strong>Horizontal <br /><strong><span class=\"style7\"><strong>Fields that will be displayed in Control</strong></span>: </strong><br />CustomerId, CompanyName, BirthDate, Region<br /><strong>Clause WHERE =&gt; SQL: </strong>WHERE Estate=@@##[var_region]@@## <br /><strong><span class=\"style7\"><strong>Header-&gt;Consultation Title</strong></span>: </strong>Customers Consultation<br /><strong>Obs.:</strong>Using global variable in the header to show the parameter value of another application.</p>','S','S','S','','S','en_us','ctr02','2008-09-10'),(135,'ctr03','Login to enter in the system','','','controle/g3_en_us.php',32,'http://www.scriptcase.net/sistemas4/exemplos_en_us/ctr03/ctr03.php','Login to enter in the system','','4','<p><!--\r\n.style1 {\r\n	font-family: Verdana, Arial, Helvetica, sans-serif;\r\n	font-size: 12px;\r\n}\r\n.style2 {font-size: 12px}\r\n.style3 {font-family: Verdana, Arial, Helvetica, sans-serif}\r\n-->\n<script type=\"text/javascript\"></script>\n</p>\n<p class=\"style1\"><strong>G3 - Login to enter in the system</strong><span class=\"style2\"><span class=\"style3\"><strong> </strong></span></span></p>\n<p class=\"style1\"><strong>Application Name:</strong> ctrl_login<br /><strong>Description:</strong> System Login<br /><strong><span class=\"style7\"><strong>Fields that will be displayed in the Control:</strong></span></strong><br />login, password</p>\n<p class=\"style1\"><strong>Create a New Link: </strong></p>\n<table border=\"1\" cellspacing=\"0\" width=\"80%\" bordercolor=\"#666666\">\n<tbody>\n<tr>\n<td class=\"style1\"><strong>Link Type:</strong></td>\n<td class=\"style1\">Application</td>\n</tr>\n<tr>\n<td class=\"style1\" width=\"182\"><strong>Application call:</strong></td>\n<td class=\"style1\" width=\"203\">system_menu</td>\n</tr>\n<tr>\n<td class=\"style1\"><strong>Parameters:</strong></td>\n<td class=\"style1\">var_logged = Field - login</td>\n</tr>\n</tbody>\n</table>\n<p class=\"style1\"><strong>Application Name:</strong> system_menu<br /><strong>Description:</strong> System Menu<br /><strong>Orientation:</strong> Horizontal <br /><strong>Applications called through the menu: </strong><br />cons_seek_category, form_a_assign, form_a_blocks, form_a_express<br /><strong>Header LIN2_COL3 =&gt; Value:</strong> User: [var_logged]</p>','','S','S','','','en_us','ctr03','2008-09-10'),(136,'ctr04','User and Password Validation','','','controle/g4_en_us.php',33,'http://www.scriptcase.net/sistemas4/exemplos_en_us/ctr04/ctr04.php','User and Password Validation','','4','<p><!--\r\n.style1 {font-family: Verdana, Arial, Helvetica, sans-serif}\r\n.style3 {font-family: Verdana, Arial, Helvetica, sans-serif; font-size: 12; }\r\n.style4 {font-size: 12px}\r\n.style5 {font-family: Verdana, Arial, Helvetica, sans-serif; font-size: 12px; }\r\n.style6 {font-family: Verdana, Arial, Helvetica, sans-serif; font-size: 12px; font-weight: bold; }\r\n-->\n<script type=\"text/javascript\"></script>\n</p>\n<p><strong>G4 - User and Password Validation</strong><span class=\"style4\"><span class=\"style1\"><strong> </strong></span></span><br /><br /><span class=\"style1\"><span class=\"style4\"><strong>Application Name:</strong> ctrl_validatelogin <br /><strong>Description:</strong> System Login with user validation<br /><strong><span class=\"style7\"><strong>Fields that will be displayed in the Control</strong></span>: </strong><br />login, password<br /><strong>Table width:</strong> 0 <br /><strong>Table unit width:</strong> Automatic</span></span></p>\n<table border=\"1\" cellspacing=\"0\" width=\"80%\" bordercolor=\"#666666\">\n<tbody>\n<tr>\n<td class=\"style5\" width=\"485\"><strong>onValidate Event:</strong></td>\n</tr>\n<tr>\n<td class=\"style5\"><em>sc_lookup(ds,\"Select count(*) from seg_users where login=@@##{login}@@## and password=@@##{password}@@##\");<br />if({ds[0][0]}&lt;=0)<br />{<br />sc_error_message(\"Invalid Login or Password.\");<br />}</em></td>\n</tr>\n</tbody>\n</table>\n<p class=\"style6\">Create new link:</p>\n<table border=\"1\" cellspacing=\"0\" bordercolor=\"#666666\">\n<tbody>\n<tr>\n<td class=\"style5\"><strong>Link Type:</strong></td>\n<td class=\"style5\">Application</td>\n</tr>\n<tr>\n<td class=\"style5\" width=\"182\"><strong>Application Call:</strong></td>\n<td class=\"style5\" width=\"203\">system_menu</td>\n</tr>\n<tr>\n<td class=\"style5\"><strong>Parameters:</strong></td>\n<td class=\"style5\">var_logged = Field - login</td>\n</tr>\n</tbody>\n</table>\n<p class=\"style5\">&nbsp;</p>\n<p class=\"style5\"><strong>Application Name:</strong> system_menu<br /><strong>Description:</strong> System Menu<br /><strong>Orientation:</strong> Horizontal <br /><strong>Applications called through the menu: </strong><br />cons_seek_category, form_a_assign, form_a_blocks, form_a_express<br /><strong>Header LIN2_COL3 =&gt; Value:</strong> User: [var_logged]</p>','','S','S','','','en_us','ctr04','2008-09-10'),(137,'ctr01','Reading and processing a TXT File','','','controle/g1_en_us.php',33,'http://www.scriptcase.net/sistemas4/exemplos_en_us/ctr01/ctr01.php','Reading and processing a TXT File','','4','<p><!--\r\n.style1 {\r\n	font-family: Verdana, Arial, Helvetica, sans-serif;\r\n	font-size: 12px;\r\n	font-weight: bold;\r\n}\r\n.style5 {font-size: 12px; font-family: Verdana, Arial, Helvetica, sans-serif; }\r\n.style9 {color: #FFFFFF}\r\n.style13 {color: #FFFFFF; font-weight: bold; }\r\n.style2 {font-size: 12px}\r\n.style3 {font-family: Verdana, Arial, Helvetica, sans-serif}\r\n--><span class=\"style1\">G1 - Reading and processing a TXT File</span><span class=\"style2\"><span class=\"style3\"><strong> </strong></span></span></p>\n<p><span class=\"style1\">New Field</span>:</p>\n<table border=\"1\" cellspacing=\"0\" cellpadding=\"0\" width=\"80%\" bordercolor=\"#333333\">\n<tbody>\n<tr>\n<td><span class=\"style1\">Name:</span></td>\n<td><span class=\"style5\">Out</span></td>\n</tr>\n<tr>\n<td><span class=\"style5\"><strong>Type:</strong></span></td>\n<td><span class=\"style5\">Label</span></td>\n</tr>\n<tr bgcolor=\"#cccccc\">\n<td><span class=\"style5\"><strong>Name:</strong></span></td>\n<td><span class=\"style5\">File</span></td>\n</tr>\n<tr bgcolor=\"#cccccc\">\n<td><span class=\"style5\"><strong>Type:</strong></span></td>\n<td><span class=\"style5\">Document File Name</span></td>\n</tr>\n</tbody>\n</table>\n<p><span class=\"style1\">OnValidate Event</span>:</p>\n<table border=\"1\" cellspacing=\"0\" cellpadding=\"0\" width=\"80%\" bordercolor=\"#000000\">\n<tbody>\n<tr bgcolor=\"#666666\">\n<td bgcolor=\"#000066\"><span class=\"style13\">Line</span></td>\n<td bgcolor=\"#000066\"><span class=\"style13\">Code</span></td>\n</tr>\n<tr>\n<td bgcolor=\"#0033ff\">\n<div><span class=\"style9\">1</span></div>\n</td>\n<td rowspan=\"20\">{Out} = @@##@@##; <br />// Clean the field Out<br />$arr_file = array(); <br />// Init array of File<br />$path = $this-&gt;Ini-&gt;path_doc; <br />// Upload directory address of the Application<br />$file = $path.@@##/@@##.{File}; <br />// File absolute path\n<p>if(is_file($file)){<br />$arr_file = file($file); <br />foreach($arr_file as $row){ <br />{Out} .= $row.@@##<br />@@##;<br />// sc_exec_sql($row);<br /><br />/* <br />* This case, we can execute all instructions SQL contained in file TXT<br />* For this, only need uncomment the line // sc_exec_sql($row);<br />*/<br />}<br />}</p>\n</td>\n</tr>\n<tr>\n<td bgcolor=\"#0033ff\">\n<div><span class=\"style9\">2</span></div>\n</td>\n</tr>\n<tr>\n<td bgcolor=\"#0033ff\">\n<div><span class=\"style9\">3</span></div>\n</td>\n</tr>\n<tr>\n<td bgcolor=\"#0033ff\">\n<div><span class=\"style9\">4</span></div>\n</td>\n</tr>\n<tr>\n<td bgcolor=\"#0033ff\">\n<div><span class=\"style9\">5</span></div>\n</td>\n</tr>\n<tr>\n<td bgcolor=\"#0033ff\">\n<div><span class=\"style9\">6</span></div>\n</td>\n</tr>\n<tr>\n<td bgcolor=\"#0033ff\">\n<div><span class=\"style9\">7</span></div>\n</td>\n</tr>\n<tr>\n<td bgcolor=\"#0033ff\">\n<div><span class=\"style9\">8</span></div>\n</td>\n</tr>\n<tr>\n<td bgcolor=\"#0033ff\">\n<div><span class=\"style9\">9</span></div>\n</td>\n</tr>\n<tr>\n<td bgcolor=\"#0033ff\">\n<div><span class=\"style9\">10</span></div>\n</td>\n</tr>\n<tr>\n<td bgcolor=\"#0033ff\">\n<div><span class=\"style9\">11</span></div>\n</td>\n</tr>\n<tr>\n<td bgcolor=\"#0033ff\">\n<div><span class=\"style9\">12</span></div>\n</td>\n</tr>\n<tr>\n<td bgcolor=\"#0033ff\">\n<div><span class=\"style9\">13</span></div>\n</td>\n</tr>\n<tr>\n<td bgcolor=\"#0033ff\">\n<div><span class=\"style9\">14</span></div>\n</td>\n</tr>\n<tr>\n<td bgcolor=\"#0033ff\">\n<div><span class=\"style9\">15</span></div>\n</td>\n</tr>\n<tr>\n<td bgcolor=\"#0033ff\">\n<div><span class=\"style9\">16</span></div>\n</td>\n</tr>\n<tr>\n<td bgcolor=\"#0033ff\">\n<div><span class=\"style9\">17</span></div>\n</td>\n</tr>\n<tr>\n<td bgcolor=\"#0033ff\">\n<div><span class=\"style9\">18</span></div>\n</td>\n</tr>\n<tr>\n<td bgcolor=\"#0033ff\">\n<div><span class=\"style9\">19</span></div>\n</td>\n</tr>\n<tr>\n<td bgcolor=\"#0033ff\">\n<div><span class=\"style9\">20</span></div>\n</td>\n</tr>\n</tbody>\n</table>\n<p class=\"style1\">OnLoad Event:</p>\n<table border=\"1\" cellspacing=\"0\" cellpadding=\"0\" width=\"80%\" bordercolor=\"#000000\">\n<tbody>\n<tr bgcolor=\"#666666\">\n<td width=\"8%\" bgcolor=\"#000066\"><span class=\"style13\">Line</span></td>\n<td width=\"92%\" bgcolor=\"#000066\"><span class=\"style13\">Code</span></td>\n</tr>\n<tr>\n<td bgcolor=\"#0033ff\">\n<div><span class=\"style9\">1</span></div>\n</td>\n<td rowspan=\"20\" valign=\"top\">\n<p>if({Out}==@@##@@##){<br />sc_field_display({Out},@@##off@@##);<br />}<br />else{<br />sc_field_display({Out},@@##on@@##);<br />}</p>\n</td>\n</tr>\n<tr>\n<td bgcolor=\"#0033ff\">\n<div><span class=\"style9\">2</span></div>\n</td>\n</tr>\n<tr>\n<td bgcolor=\"#0033ff\">\n<div><span class=\"style9\">3</span></div>\n</td>\n</tr>\n<tr>\n<td bgcolor=\"#0033ff\">\n<div><span class=\"style9\">4</span></div>\n</td>\n</tr>\n<tr>\n<td bgcolor=\"#0033ff\">\n<div><span class=\"style9\">5</span></div>\n</td>\n</tr>\n<tr>\n<td bgcolor=\"#0033ff\">\n<div><span class=\"style9\">6</span></div>\n</td>\n</tr>\n<tr>\n<td bgcolor=\"#0033ff\">\n<div><span class=\"style9\">7</span></div>\n</td>\n</tr>\n</tbody>\n</table>\n<p>&nbsp;</p>','','S','S','','','en_us','ctr01','2008-09-10'),(138,'menu01','Horizontal menu','','http://www.scriptcase.net/siteen/samples/tutoriais/menu/menu01.php','menu/m1_en_us.php',35,'http://www.scriptcase.net/sistemas4/exemplos_en_us/menu01/menu01.php','menu horizontal','','4','<p><!--\r\n.style1 {\r\n	font-family: Verdana, Arial, Helvetica, sans-serif;\r\n	font-size: 12px;\r\n}\r\n.style2 {font-size: 12px}\r\n.style3 {font-family: Verdana, Arial, Helvetica, sans-serif}\r\n-->\n<script type=\"text/javascript\"></script>\n<span class=\"style1\"><strong>M1 - Menu Application calling other applications</strong><span class=\"style2\"><span class=\"style3\"><strong> </strong></span></span><br /><span style=\"font-size: xx-small;\"><br /><strong>Application Name:</strong> menu_n_calling<br /><strong>Description:</strong> Menu Application calling other applications <br /><strong><span style=\"font-family: Verdana,Arial,Helvetica,sans-serif;\"><strong>Orientation</strong></span>:</strong> Horizontal <br /><strong>Applications called through the menu:</strong><br />customers_cons, suppliers_cons, products_cons, customers_cad_frm, suppliers_cad_frm, products_cad_frm. <br /><strong>Header -&gt; Application Title:</strong> Menu Application calling other applications</span> </span></p>','S','S','S','','S','en_us','menu01','2008-09-10'),(139,'menu02','Tree menu','','http://www.scriptcase.net/siteen/samples/tutoriais/menu/menu02.php','menu/m2_en_us.php',35,'http://www.scriptcase.net/sistemas4/exemplos_en_us/menu02/menu02.php','menu tree vertical','','4','<p><!--\r\n.style1 {\r\n	font-family: Verdana, Arial, Helvetica, sans-serif;\r\n	font-size: 12px;\r\n}\r\n.style2 {font-size: 12px}\r\n.style3 {font-family: Verdana, Arial, Helvetica, sans-serif}\r\n-->\n<script type=\"text/javascript\"></script>\n</p>\n<p class=\"style1\"><strong>M2 - Converting a traditional menu for a tree menu.<span class=\"style2\"><span class=\"style3\"><strong> </strong></span></span><br /></strong><br /><span style=\"font-size: xx-small;\"><strong>Application Name:</strong> menu_n_calling<br /><strong>Description:</strong> Converting a traditional menu for a tree menu<br /><strong><span style=\"font-family: Verdana,Arial,Helvetica,sans-serif;\"><strong>Orientation</strong></span>:</strong> Tree<br /><strong>Applications called through the menu:</strong><br />customers_cons, suppliers_cons, products_cons, customers_cad_frm, suppliers_cad_frm, products_cad_frm.<br /><strong>Header-&gt; <span class=\"style1\"><strong>Application Title</strong></span>:</strong> Application of menu calling other applications<br /><strong>Obs.:</strong> Using option <em>\'Convert Menu Type\'</em> .</span></p>\n<p>&nbsp;</p>','S','S','S','','S','en_us','menu02','2008-09-10'),(142,'search01','Making a capture linking with a filter','','','Filtro/filt1_en_us.php',36,'http://www.scriptcase.net/sistemas4/exemplos_en_us/search01/search01.php','filter link capture','','4','<p><strong>FILT1 - Making a capture linking with a filter </strong></p>\n<p>&nbsp;</p>','S','S','S','','S','en_us','search01','2008-09-10'),(143,'','First Steps to Publish','','','publicacao/p1_en_us.php',37,'','','','3','<p><!--\n.style1 {\n	font-size: 12px;\n	font-weight: bold;\n	font-family: Verdana, Arial, Helvetica, sans-serif;\n}\n.style2 {font-size: 12px}\n.style3 {font-family: Verdana, Arial, Helvetica, sans-serif}\n-->\n<script type=\"text/javascript\"></script>\n<strong><span class=\"style1\">P1 - Publish Schema</span></strong></p>\n<p>Steps do publish your project deveplopped in ScriptCase</p>','','S','N','N','N','en_us','publicacao/p1','2008-09-10'),(144,'','Publication Schema','','','publicacao/p2_en_us.php',37,'','','','3','<p><!--\n.style1 {\n	font-size: 12px;\n	font-weight: bold;\n	font-family: Verdana, Arial, Helvetica, sans-serif;\n}\n.style2 {font-size: 12px}\n.style3 {font-family: Verdana, Arial, Helvetica, sans-serif}\n--> <strong>\n<script type=\"text/javascript\"></script>\n<span class=\"style1\">P2 - Learning to Publish </span><span class=\"style2\"><span class=\"style3\"> </span></span></strong></p>','','S','N','N','N','en_us','publicacao/p2','2008-09-10'),(145,'sec01','Create security example - Autentication (login)','','','Seguranca/seg1_en_us.php',38,'http://www.scriptcase.net/sistemas4/exemplos_en_us/sec01/sec01.php','schema security implementation autentication login control','','4','<p><strong>SEG1 - Create security example - Autentication (login) </strong></p>\n<p>&nbsp;</p>\n<p>&nbsp;</p>','S','S','S','N','N','en_us','sec01','2008-09-10'),(147,'mcr01','How to create a simple method','','','macro/mcr1_en_us.php',39,'http://www.scriptcase.net/sistemas4/exemplos_en_us/mcr01/mcr01.php','create simple method','','4','<p>Untitled Document <!--\r\n.style1 {font-family: Verdana, Arial, Helvetica, sans-serif}\r\n.style2 {font-size: 12px}\r\n.style3 {font-family: Verdana, Arial, Helvetica, sans-serif; font-size: 12px; }\r\n.style4 {font-size: 12}\r\n-->\n<script type=\"text/javascript\"></script>\n</p>\n<p><span class=\"style1\"><span class=\"style2\"><span class=\"style4\"><span class=\"style2\"><strong>MCR1: How to create a simple method</strong><strong> </strong><br /><br /><strong>Application Name: </strong>login_</span><span class=\"style1\"><span class=\"style2\"><span class=\"style4\"><span class=\"style2\">simple_</span></span></span></span><span class=\"style2\">method<br /><strong>Description: </strong>Control Application effecting login in the system with a simple method of user validation.<br /><strong>Fields that will be shown in the control: </strong><br />login, password<br /><strong>Table width:</strong> 0<br /></span><span class=\"style7\"><strong>Table width unit: </strong>Automatic</span><span class=\"style2\"><br /><strong>Header -&gt; Application Title: </strong>Using simple method</span></span></span></span></p>\n<table style=\"height: 164px;\" border=\"1\" cellspacing=\"0\" width=\"455\" bordercolor=\"#666666\">\n<tbody>\n<tr>\n<td class=\"style3\" width=\"188\"><strong>New Method:</strong></td>\n<td class=\"style3\" width=\"380\">userValidate</td>\n</tr>\n<tr>\n<td class=\"style3\">\n<p><strong>Code:</strong></p>\n</td>\n<td class=\"style3\"><em>sc_lookup(ds,\"Select count(*) from seg_users where login=\'{login}\' and password=\'{password}\'\");<br /><br />if({ds[0][0]}&lt;=0)<br />{<br />sc_error_message(\"Invalid User or Password!\");<br />}</em></td>\n</tr>\n</tbody>\n</table>','','S','S','','','en_us','mcr01','2008-09-10'),(148,'mcr02','How to create a method returning a value','','','macro/mcr2_en_us.php',39,'http://www.scriptcase.net/sistemas4/exemplos_en_us/mcr02/mcr02.php','How to create a method returning a value','','4','<p>Untitled Document <!--\r\n.style3 {font-family: Verdana, Arial, Helvetica, sans-serif; font-size: 12px; }\r\n.style4 {\r\n	font-size: 12px;\r\n	font-family: Verdana, Arial, Helvetica, sans-serif;\r\n}\r\n.style2 {font-size: 12px}\r\n.style5 {font-family: Verdana, Arial, Helvetica, sans-serif}\r\n-->\n<script type=\"text/javascript\"></script>\n</p>\n<p class=\"style4\" lang=\"pt-BR\" xml:lang=\"pt-BR\"><strong>MCR2: How to create a mcr2_en_us.php method returning a value.</strong> <span class=\"style2\"><span class=\"style5\"><strong></strong></span></span></p>\n<p class=\"style4\" lang=\"pt-BR\" xml:lang=\"pt-BR\"><br /><strong>Application Name: </strong>returning_login<br /><strong>Description:</strong> Control Application effecting login in the system with validation method returning values<br /><strong><span class=\"style1\"><span class=\"style2\"><span class=\"style4\"><span class=\"style2\"><strong>Fields that will be shown in the control</strong></span></span></span></span>: </strong><br />login, password<br /><span class=\"style1\"><span class=\"style2\"><span class=\"style4\"><span class=\"style2\"><strong>Table width:</strong> 0<br /></span><span class=\"style7\"><strong>Table width unit: </strong>Automatic</span><span class=\"style2\"><br /><strong>Header -&gt; Application Title: </strong></span></span></span></span><span lang=\"pt-BR\" xml:lang=\"pt-BR\">Method Returning value</span></p>\n<table style=\"height: 262px;\" border=\"1\" cellspacing=\"0\" width=\"456\" bordercolor=\"#333333\">\n<tbody>\n<tr>\n<td class=\"style4\" width=\"188\"><strong>New Method:</strong></td>\n<td class=\"style4\" width=\"412\">userValidate</td>\n</tr>\n<tr>\n<td class=\"style4\">\n<p><strong>Code:</strong></p>\n</td>\n<td class=\"style4\">\n<p>sc_lookup(ds,\"Select count(*) from seg_users where login=\'{login}\'\");</p>\n<p>if(empty({ds}))<br />{<br />return @@##Inexistent User!@@##;<br />}<br />else<br />{<br />if({ds[0][1]}!={password})<br />{<br />return \'Invalid Password!\';<br />}<br />}<br />return \'ok\';</p>\n</td>\n</tr>\n</tbody>\n</table>','','S','S','','','en_us','mcr02','2008-09-10'),(149,'mcr03','How to create a method receiving parameter','','','macro/mcr3_en_us.php',39,'http://www.scriptcase.net/sistemas4/exemplos_en_us/mcr03/mcr03.php','How to create a method receiving parameter','','4','<p>Untitled Document <!--\r\n.style1 {\r\n	font-family: Verdana, Arial, Helvetica, sans-serif;\r\n	font-size: 12px;\r\n}\r\n.style3 {font-family: Verdana, Arial, Helvetica, sans-serif; font-size: 12px; }\r\n.style2 {font-size: 12px}\r\n.style4 {font-family: Verdana, Arial, Helvetica, sans-serif}\r\n-->\n<script type=\"text/javascript\"></script>\n</p>\n<p class=\"style1\"><strong>MCR3 - How to create a method receiving parameter<span class=\"style2\"><span class=\"style4\"><strong> </strong></span></span><br /></strong><br /><strong>Application Name:</strong> parameter_login<br /><strong>Description:</strong>Control Application effecting login in the system with validation method receiving parameter and return values<br /><strong><span class=\"style1\"><span class=\"style2\"><span class=\"style4\"><span class=\"style2\"><strong>Fields that will be shown in the control</strong></span></span></span></span>:</strong><br />login, password<br /><span class=\"style1\"><span class=\"style2\"><span class=\"style4\"><span class=\"style2\"><strong>Table width:</strong> 0<br /></span><span class=\"style7\"><strong>Table width unit: </strong>Automatic</span><span class=\"style2\"><br /><strong>Header -&gt; Application Title:</strong></span></span></span></span> Method receiving parameter and returning value Name of the method used: userValidate</p>\n<table style=\"height: 234px;\" border=\"1\" cellspacing=\"0\" width=\"458\" bordercolor=\"#666666\">\n<tbody>\n<tr>\n<td class=\"style1\" width=\"188\"><strong>New Method:</strong></td>\n<td class=\"style1\" width=\"434\">userValidate</td>\n</tr>\n<tr>\n<td class=\"style1\">\n<p><strong>Code:</strong></p>\n</td>\n<td class=\"style1\"><em>sc_lookup(ds,\"Select login, password from seg_users where login=\'$log\'\");<br />if(empty({ds}))<br />{<br />return \'Inexistent User!\';<br />}<br />else<br />{<br />if({ds[0][1]}!=$sen){<br />return \'Invalid Password!\';<br />}<br />}<br />return \'ok\';</em></td>\n</tr>\n</tbody>\n</table>\n<p class=\"style3\">&nbsp;</p>\n<p class=\"style3\">&nbsp;</p>','','S','S','','','en_us','mcr03','2008-09-10'),(150,'mcr05','How to create a access log','','','macro/mcr5_en_us.php',39,'http://www.scriptcase.net/sistemas4/exemplos_en_us/mcr05/mcr05.php','How to create a access log','','3','<p>Untitled Document <!--\r\n.style3 {font-family: Verdana, Arial, Helvetica, sans-serif; font-size: 12; }\r\n.style4 {font-family: Verdana, Arial, Helvetica, sans-serif}\r\n.style6 {font-size: 12px}\r\n.style7 {font-family: Verdana, Arial, Helvetica, sans-serif; font-size: 12px; }\r\n.style8 {font-size: 12pt}\r\n-->\n<script type=\"text/javascript\"></script>\n</p>\n<p class=\"style3\"><span class=\"style4\"><span class=\"style6\"><span class=\"style8\"><span class=\"style6\"><strong>MCR5 -How to create a access log<strong> </strong><br /></strong><br /><strong>Application Name:</strong> login_acess_log<br /><strong>Description:</strong> Login Application with user validate method and generate of a access log. <br /><strong><span class=\"style1\"><span class=\"style2\"><span class=\"style4\"><span class=\"style2\"><strong>Fields that will be displayed in the control</strong></span></span></span></span>:</strong> <br />login, password, date_hour<br /><strong>Table width:</strong> 0 <br /><strong>Table width unit:</strong> Automatic<br /><strong>Header -&gt; Application Title:</strong> using log de acesso</span></span></span></span></p>\n<table border=\"0\">\n<tbody>\n<tr>\n<td class=\"style7\" width=\"194\"><strong>onValidate Event:</strong></td>\n</tr>\n<tr>\n<td class=\"style7\">$valid = userValidate();<br />if($valid!=@@##ok@@##){<br />sc_error_message($valid);<br />}<br /></td>\n</tr>\n</tbody>\n</table>\n<p><span class=\"style7\"><br /></span></p>\n<table border=\"1\" cellspacing=\"0\" width=\"638\" bordercolor=\"#666666\">\n<tbody>\n<tr>\n<td class=\"style7\" width=\"188\" height=\"23\"><strong class=\"style1\">New Method:</strong></td>\n<td class=\"style7\" width=\"434\">userValidate</td>\n</tr>\n<tr>\n<td class=\"style7\">\n<p><strong><br />Code:</strong></p>\n</td>\n<td class=\"style7\">sc_lookup(ds,\"Select count(*) from seg_users where login=@@##{login}@@## and password=@@##{password}@@##\");<br />if({ds[0][0]}&lt;=0){<br />sc_error_message(\"Invalid User or Password!\");<br />}<br />else<br />{<br />sc_lookup(ds2,\"Select max(log_id) 1 from seg_logs\");<br />$id={ds2[0][0]};<br />sc_exec_sql(\"Insert into seg_logs values($id,@@##log_acesso@@##,@@##{date_hour}@@##,@@##{login}@@##,null)\");<br />echo \"\n<script type=\"text/javascript\"><!--\r\nalert(@@##Login successful!@@##)\r\n// --></script>\n\";<br />}<br /></td>\n</tr>\n</tbody>\n</table>\n<p class=\"style7\"><strong>Application Name:</strong> menu_exit_logs <br /><strong>Description:</strong> Menu Application calling another applications<br /><strong>Orientation:</strong> Horizontal <br /><strong>Applications called through menu:</strong> <br />customers_cons, suppliers_cons, products_cons, customers_cad_frm, suppliers_cad_frm, products_cad_frm, cons_logs. <br /><strong><span class=\"style4\"><span class=\"style6\"><span class=\"style8\"><span class=\"style6\"><strong>Header -&gt; Application Title</strong></span></span></span></span>:</strong> Menu Application calling another applications</p>','','S','S','','','en_us','mcr05','2008-09-10'),(151,'mcr06','How to send an E-mail using the macro sc_mail_send','','','macro/mcr6_en_us.php',39,'http://www.scriptcase.net/sistemas4/exemplos_en_us/mcr06/mcr06.php','How to send an E-mail using the macro sc_mail_send','','4','<p>Untitled Document <!--\r\n.style1 {font-family: Verdana, Arial, Helvetica, sans-serif}\r\n.style2 {font-size: 12px}\r\n.style3 {font-family: Verdana, Arial, Helvetica, sans-serif; font-size: 12px; }\r\n.style4 {font-size: 12}\r\n-->\n<script type=\"text/javascript\"></script>\n</p>\n<p><span class=\"style1\"><span class=\"style2\"><span class=\"style4\"><span class=\"style2\"><strong>MCR6: mcr6_en_us.php How to send an E-mail using the macro sc_mail_send</strong><strong> </strong><br /><br /><strong>Application Name: </strong>mcr6_mail_send<br /><strong>Description: </strong>Control Form using macro to send email.<br /></span><span class=\"style4\"><span class=\"style6\"><span class=\"style8\"><span class=\"style6\"><strong><span class=\"style1\"><span class=\"style2\"><span class=\"style4\"><span class=\"style2\"><strong>Fields that will be shown in the control</strong></span></span></span></span>:</strong> </span></span></span></span><span class=\"style2\"><br />name, user, password, email_origin, email_destination, subject, message</span></span></span></span></p>\n<table border=\"1\" cellspacing=\"0\" width=\"80%\" bordercolor=\"#666666\">\n<tbody>\n<tr>\n<td class=\"style3\" width=\"188\"><strong>Event:</strong></td>\n<td class=\"style3\" width=\"380\">onValidate</td>\n</tr>\n<tr>\n<td class=\"style3\">\n<p><strong>Code:</strong></p>\n</td>\n<td class=\"style3\">\n<p>$smtp = \"smtp.gmail.com\";</p>\n<p>$name={name};</p>\n<p>$subject={subject};</p>\n<p>$description={message};</p>\n<p>$body = \"<strong>Name:</strong> \".$name.\"<br />\".\"<strong>Subject:</strong> \".$subject.\"<br /><br />\".$description;</p>\n<p>sc_mail_send($smtp,{user},{password},{email_origin},{email_destination},$subject,$body,\"H\",,,\"465\",\"S\",);</p>\n<p>if ({sc_mail_ok}){<br />sc_alert(\"Email successful sended!\");</p>\n<p>}else{<br />sc_error_message({sc_mail_erro});<br />}</p>\n</td>\n</tr>\n</tbody>\n</table>','','S','S','','','en_us','mcr06','2008-09-10'),(152,'mcr13_mail_attach','How to Send an e-mail with attachment','','','macro/mcr13_en_us.php',39,'http://www.scriptcase.net/sistemas4/exemplos_en_us/mcr13_ctr_send_email_attach/mcr13_ctr_send_email_attach.php','','','3','<p>Untitled Document\n<!--\n.style1 {font-family: Verdana, Arial, Helvetica, sans-serif}\n.style2 {font-size: 12px}\n.style3 {font-family: Verdana, Arial, Helvetica, sans-serif; font-size: 12px; }\n.style4 {font-size: 12}\n-->\n<script type=\"text/javascript\"></script>\n</p>\n<p><span class=\"style1\"><span class=\"style2\"><span class=\"style4\"><span class=\"style2\"><strong>MCR13: </strong></span><span class=\"style1\"><span class=\"style2\"><span class=\"style4\"><span class=\"style2\"><strong>How \n  to send an E-mail with attach using the macro sc_mail_send</strong></span></span></span></span><span class=\"style2\"><strong> </strong></span></span></span></span></p>\n<p><span class=\"style1\"><span class=\"style2\"><span class=\"style4\"><span class=\"style1\"><span class=\"style2\"><span class=\"style4\"><span class=\"style2\"><strong>Application \n  Name:</strong></span></span></span></span><strong> </strong><span class=\"style2\">mcr13_mail_attach<br /> <strong>Description: </strong></span><span class=\"style1\"><span class=\"style2\"><span class=\"style4\"><span class=\"style2\">Control \n  Form using macro to send email.</span></span></span></span><span class=\"style2\"><br /> <strong><span class=\"style1\"><span class=\"style2\"><span class=\"style4\"><span class=\"style2\"><strong><span style=\"color: #000000;\">Fields \n  that will be displayed</span></strong></span></span></span></span> in Control: </strong> <br /> </span><span class=\"style1\"><span class=\"style2\"><span class=\"style4\"><span class=\"style2\">name, \n  user, password, email_origin, email_destination, subject, message</span></span></span></span><span class=\"style2\">, \narchive. </span></span></span></span></p>\n<table border=\"1\" cellspacing=\"0\" width=\"80%\" bordercolor=\"#666666\">\n<tbody>\n<tr>\n<td class=\"style3\" width=\"188\"><strong>Event:</strong></td>\n<td class=\"style3\" width=\"380\">onValidate</td>\n</tr>\n<tr>\n<td class=\"style3\">\n<p><strong>Code:</strong></p>\n</td>\n<td class=\"style3\">\n<p>$smtp = \"smtp.gmail.com\";</p>\n<p>$name=\"{name}\";</p>\n<p>$subject={subject};</p>\n<p>$description={message};</p>\n<p>$annex=$this-&gt;Ini-&gt;path_doc.\'/\'.{file};</p>\n<p>$body = \"<strong>Name:</strong> \".$name.\"<br />\".\"<strong>Subject:</strong> \".$subject.\"<br /><br />\".$description;</p>\n<p>sc_mail_send($smtp,{user},{password},{email_origin},{email_destination},$subject,$body,\"H\",,,\"465\",\"S\",$annex);</p>\n<p>if ({sc_mail_ok}){<br /> sc_alert(\"Email successful sended!\");</p>\n<p>}else{<br /> sc_error_message({sc_mail_erro});<br /> }</p>\n</td>\n</tr>\n</tbody>\n</table>','','S','S','','','en_us','macro/mcr13','2008-09-10'),(154,'mcr08','Events in the Form Application','','','macro/mcr8_en_us.php',39,'http://www.scriptcase.net/sistemas4/exemplos_en_us/mcr08/mcr08.php','Events in the Form Application','','4','<p>Untitled Document <!--\r\n.style1 {\r\n	font-family: Verdana, Arial, Helvetica, sans-serif;\r\n	font-size: 12px;\r\n}\r\n.style3 {font-family: Verdana, Arial, Helvetica, sans-serif; font-size: 12px; font-weight: bold; }\r\n.style5 {\r\n	color: #FF0000;\r\n	font-family: Verdana, Arial, Helvetica, sans-serif;\r\n}\r\n.style7 {font-weight: bold; font-size: 12px;}\r\n.style2 {font-size: 12px}\r\n.style8 {font-family: Verdana, Arial, Helvetica, sans-serif}\r\n-->\n<script type=\"text/javascript\"></script>\n</p>\n<p class=\"style1\"><strong>MCR8: Events in the application of Form<span class=\"style2\"><span class=\"style8\"><strong> </strong></span></span></strong></p>\n<p class=\"style1\"><strong>Application Name:</strong> evt_formulario.<br /><strong>Table: </strong>m_Products<strong>.</strong><br /><strong>Description: </strong>Form application using events. <br /><strong>Orientation</strong>: Single Record.<br /><strong>Pagination</strong>: Partial<br /><strong>lines per page</strong>: 10<br /><strong>Inclusion Records</strong>: 10<br /><strong>Table width </strong>: 600<br /><span class=\"style1\"><span class=\"style2\"><span class=\"style4\"><span class=\"style7\"><strong>Table width unit</strong></span></span></span></span>: Pixel.<br /><strong>Global variable</strong>: [var_estoque] - <strong>Type Exit</strong></p>\n<p class=\"style1\"><strong>Fields that will be Displayed:</strong><br />ProductID, ProductName, UnitPrice, UnitInStock, TotalValue.</p>\n<p class=\"style1\"><span class=\"style1\"><span class=\"style2\"><span class=\"style4\"><span class=\"style2\"><strong>Header -&gt; Application Title</strong></span></span></span></span>: Form using Events.</p>\n<table border=\"1\" cellspacing=\"0\" width=\"353\" bordercolor=\"#666666\">\n<tbody>\n<tr>\n<td class=\"style3\" width=\"125\" height=\"23\">*Onload event:</td>\n<td class=\"style5 style7\" width=\"259\">\n<div><strong>Code</strong></div>\n</td>\n</tr>\n<tr>\n<td class=\"style1\" colspan=\"2\" height=\"146\">\n<p>if(sc_btn_new)<br />{<br />sc_field_display({TotalValue}, off);<br />}</p>\n<p class=\"style1\">sc_lookup(set, \"select count(UnitInStock) from Products\");<br />[var_estoque] = {set[0][0]};</p>\n</td>\n</tr>\n</tbody>\n</table>\n<p>&nbsp;</p>\n<table border=\"1\" cellspacing=\"0\" width=\"361\" bordercolor=\"#666666\">\n<tbody>\n<tr>\n<td class=\"style3\" width=\"177\" height=\"23\">*<strong>OnBeforeInsert</strong> event:</td>\n<td class=\"style5 style7\" width=\"174\">\n<div><strong>Code</strong></div>\n</td>\n</tr>\n<tr>\n<td class=\"style1\" colspan=\"2\" height=\"33\">\n<p class=\"style1\">{TotalValue} = {UnitInStock} * {UnitPrice};</p>\n</td>\n</tr>\n</tbody>\n</table>\n<p class=\"style1\">&nbsp;</p>','','S','S','','','en_us','mcr08','2008-09-10'),(155,'mcr09','Events in the Grid Application','','','macro/mcr9_en_us.php',39,'http://www.scriptcase.net/sistemas4/exemplos_en_us/mcr09/mcr09.php','Events in the Grid Application','','4','<p class=\"style1\"><strong>MCR9: Events in the Grid Application <span class=\"style2\"><span class=\"style3\"><strong></strong></span></span></strong></p>\n<p class=\"style1\"><strong>Application Name:</strong> evt_consultation.<br /><strong>Table: </strong>adm_pedido_itens<strong>.</strong><br /><strong>Description: </strong>Application of using consultation events.<br /><strong>Orientation</strong>: Single Record.<br /><strong>Pagination</strong>: Partial<br /><strong>Lines <span style=\"font-size: x-small;\"><span style=\"font-size: x-small;\"><span style=\"font-family: Verdana,Arial,Helvetica,sans-serif;\"><strong>per</strong></span></span></span> page</strong>: 10<br /><strong>Table width</strong>: 600<br /><span class=\"style1\"><span class=\"style2\"><span class=\"style4\"><span class=\"style7\"><strong>Table width unit</strong></span></span></span></span>: Pixel.</p>\n<p class=\"style1\"><strong>Fields that will be Displayed:</strong> PEDIDOID, PRODUTOID, PRECOUNIT, Quantidade, Desconto, Total.<br /><strong>Field using in GroupBy:</strong> PEDIDOID</p>\n<p class=\"style1\"><span class=\"style1\"><span class=\"style2\"><span class=\"style4\"><span class=\"style2\"><strong>Header -&gt; Application Title</strong></span></span></span></span>: Consultation using events.</p>\n<table border=\"1\" cellspacing=\"0\" width=\"361\" bordercolor=\"#666666\">\n<tbody>\n<tr>\n<td class=\"style8\" width=\"177\" height=\"23\">*<strong>Onrecord</strong> <strong>Event</strong>:</td>\n<td class=\"style5 style7\" width=\"174\">\n<div><strong>Code</strong></div>\n</td>\n</tr>\n<tr>\n<td class=\"style1\" colspan=\"2\" height=\"33\">\n<p>{valor_total} = {Total} * 0.01;</p>\n</td>\n</tr>\n</tbody>\n</table>\n<p>&nbsp;</p>\n<table border=\"1\" cellspacing=\"0\" width=\"366\" bordercolor=\"#666666\">\n<tbody>\n<tr>\n<td class=\"style8\" width=\"177\" height=\"23\">*<strong>Event OngroupBY</strong>:</td>\n<td class=\"style5 style7\" width=\"179\">\n<div><strong>Code</strong></div>\n</td>\n</tr>\n<tr>\n<td class=\"style1\" colspan=\"2\" height=\"33\">\n<p>sc_label_quebra(\'PedidoID\') = \"Order Requested\";</p>\n</td>\n</tr>\n</tbody>\n</table>\n<p class=\"style1\">&nbsp;</p>','S','S','S','N','N','en_us','mcr09','2008-09-10'),(156,'mcr10','Events in the Filter Application','','','macro/mcr10_en_us.php',39,'http://www.scriptcase.net/sistemas4/exemplos_en_us/mcr10/mcr10.php','Events in the Filter Application','','3','<p>Untitled Document <!--\r\n.style1 {\r\n	font-family: Verdana, Arial, Helvetica, sans-serif;\r\n	font-size: 12px;\r\n}\r\n.style2 {font-family: Verdana, Arial, Helvetica, sans-serif; font-size: 12px; font-weight: bold; }\r\n.style5 {color: #FF0000;\r\n	font-family: Verdana, Arial, Helvetica, sans-serif;\r\n}\r\n.style7 {font-weight: bold; font-size: 12px;}\r\n.style8 {font-size: 12px}\r\n.style3 {font-family: Verdana, Arial, Helvetica, sans-serif}\r\n-->\n<script type=\"text/javascript\"></script>\n<strong>MCR10: Creating events in the application of Filter</strong><span class=\"style8\"><span class=\"style3\"><strong> </strong></span></span></p>\n<p class=\"style1\"><strong>Application Name:</strong> evt_filter.<br /><strong>Table: </strong>customers<strong>.</strong><br /><strong>Description: </strong>Application of Filter using events. <br /><strong>Orientation</strong>: Horizontal.<br /><strong>Pagination</strong>: Partial<br /><strong>Lines per page</strong>: 10<br /><strong>Table width</strong>: 600<br /><span class=\"style1\"><span class=\"style2\"><span class=\"style4\"><span class=\"style7\"><strong>Table width unit</strong></span></span></span></span>: Pixel.<br /><strong>Booting the consultation through the filter</strong>: Yes</p>\n<p class=\"style1\"><strong>Fields that will be Displayed:</strong><br />CustomerID, CompanyName, ContactName, Address.</p>\n<p class=\"style2\">* FILTER *</p>\n<p class=\"style1\"><strong>Fields that will be Displayed the Filtro:</strong> ClienteID, NomeCliente<br /><span class=\"style1\"><span class=\"style2\"><span class=\"style4\"><span class=\"style2\"><strong>Header -&gt; Application Title</strong></span></span></span></span>: Using events in the Filter.</p>\n<table border=\"1\" cellspacing=\"0\" width=\"450\" bordercolor=\"#666666\">\n<tbody>\n<tr>\n<td class=\"style2\" width=\"193\" height=\"23\">*<strong>Onvalidate</strong> <strong>Event</strong>:</td>\n<td class=\"style5 style7\" width=\"230\">\n<div><strong>Code</strong></div>\n</td>\n</tr>\n<tr>\n<td class=\"style1\" colspan=\"2\" height=\"33\">\n<p>if(({CustomerID} == \"\") &amp;&amp; ({CustomerName} == \"\"))<br />{<br />sc_error_message(\"It informs at least a search criterion\");<br />}</p>\n</td>\n</tr>\n</tbody>\n</table>\n<p class=\"style1\">&nbsp;</p>\n<p class=\"style1\">&nbsp;</p>','','S','S','','','en_us','mcr10','2008-09-10'),(157,'mcr11','Events in the Control Application','','','macro/mcr11_en_us.php',39,'http://www.scriptcase.net/sistemas4/exemplos_en_us/mcr11/mcr11.php','Events in the Control Application','','4','<p>Untitled Document <!--\r\n.style1 {\r\n	font-family: Verdana, Arial, Helvetica, sans-serif;\r\n	font-size: 12px;\r\n}\r\n.style2 {\r\n	color: #FF0000;\r\n	font-weight: bold;\r\n}\r\n.style8 {font-family: Verdana, Arial, Helvetica, sans-serif; font-size: 12px; font-weight: bold; }\r\n.style5 {color: #FF0000;\r\n	font-family: Verdana, Arial, Helvetica, sans-serif;\r\n}\r\n.style7 {font-weight: bold; font-size: 12px;}\r\n.style9 {font-size: 12px}\r\n.style3 {font-family: Verdana, Arial, Helvetica, sans-serif}\r\n-->\n<script type=\"text/javascript\"></script>\n<strong>MCR11: Events in the application of Control</strong><span class=\"style9\"><span class=\"style3\"><strong> </strong></span></span></p>\n<p class=\"style1\"><strong>Application Name:</strong> evt_control.<br /><strong>Description: </strong>Application of Control using events. <br /><strong>Table width</strong>: 400<br /><strong>Table width unit:</strong> Pixel.<br /><strong>To use Ajax</strong>: Yes</p>\n<p class=\"style1\"><strong><span class=\"style1\"><span class=\"style2\"><span class=\"style4\"><span class=\"style2\"><strong><span style=\"color: #000000;\">Fields that will be displayed in the </span></strong></span></span></span></span>Application:</strong> Login, Password.</p>\n<p class=\"style1\"><span class=\"style1\"><span class=\"style2\"><span class=\"style4\"><span class=\"style2\"><strong><span style=\"color: #000000;\">Header -&gt; Application Title:</span></strong></span></span></span></span> Application of Control using events.</p>\n<table border=\"1\" cellspacing=\"0\" width=\"334\" bordercolor=\"#666666\">\n<tbody>\n<tr>\n<td class=\"style8\" width=\"193\" height=\"23\">*Onvalidate event:</td>\n<td class=\"style5 style7\" width=\"230\">\n<div><strong>Code</strong></div>\n</td>\n</tr>\n<tr>\n<td class=\"style1\" colspan=\"2\" height=\"146\">\n<p class=\"style1\">if({login} == \"\")<br />{<br />sc_error_message(\"Login informs its\");<br />}</p>\n<p class=\"style1\">if({password} == \"\")<br />{<br />sc_error_message(\"It informs its Password\");<br />}</p>\n</td>\n</tr>\n</tbody>\n</table>\n<p class=\"style1\">&nbsp;</p>','','S','S','','','en_us','mcr11','2008-09-10'),(158,'mcr12','Events in the Menu Application','','','macro/mcr12_en_us.php',39,'http://www.scriptcase.net/sistemas4/exemplos_en_us/mcr12/mcr12.php','Events in the Menu Application','','4','<p>Untitled Document <!--\r\n.style1 {\r\n	font-family: Verdana, Arial, Helvetica, sans-serif;\r\n	font-size: 12px;\r\n}\r\n.style2 {\r\n	color: #FF0000;\r\n	font-weight: bold;\r\n}\r\n.style5 {color: #FF0000;\r\n	font-family: Verdana, Arial, Helvetica, sans-serif;\r\n}\r\n.style7 {font-weight: bold; font-size: 12px;}\r\n.style8 {font-family: Verdana, Arial, Helvetica, sans-serif; font-size: 12px; font-weight: bold; }\r\n.style9 {font-size: 12px}\r\n.style3 {font-family: Verdana, Arial, Helvetica, sans-serif}\r\n-->\n<script type=\"text/javascript\"></script>\n<strong>MCR12: Events in the application of Menu</strong><span class=\"style9\"><span class=\"style3\"><strong> </strong></span></span></p>\n<p class=\"style1\"><strong>Application Name:</strong> evt_menu.<br /><strong>Description: </strong>Menu Application using events. <br /><strong>Menu Width</strong>: 20%<br /><strong>Width and Height of Inframe</strong>: 100%.</p>\n<p class=\"style1\"><strong>Items Menu (Item_1):</strong> Registration Documents.<br /><strong>Items Menu (Item_2):</strong> Form Documents (form_b_doc).<br /><strong>Items Menu (Item_3):</strong> Consultation Documents.<br /><strong>Items Menu (Item_4):</strong> Consultation Documents (cons_b_doc).</p>\n<table border=\"1\" cellspacing=\"0\" width=\"361\" bordercolor=\"#666666\">\n<tbody>\n<tr>\n<td class=\"style8\" width=\"177\" height=\"23\">*<strong>Onexecute</strong> <strong>Event</strong>:</td>\n<td class=\"style5 style7\" width=\"174\">\n<div><strong>Code</strong></div>\n</td>\n</tr>\n<tr>\n<td class=\"style1\" colspan=\"2\" height=\"60\">\n<p>if({sc_menu_item} == \"item_2\")<br />{<br />sc_apl_conf(\"form_b_doc\", \"start\", \"new\");<br />}</p>\n</td>\n</tr>\n</tbody>\n</table>\n<p>&nbsp;</p>\n<table border=\"1\" cellspacing=\"0\" width=\"361\" bordercolor=\"#666666\">\n<tbody>\n<tr>\n<td class=\"style8\" width=\"177\" height=\"23\">*<strong>Onload</strong> <strong>Event </strong>:</td>\n<td class=\"style5 style7\" width=\"174\">\n<div><strong>Code</strong></div>\n</td>\n</tr>\n<tr>\n<td class=\"style1\" colspan=\"2\" height=\"33\">\n<p>sc_menu_disable(item_4);</p>\n</td>\n</tr>\n</tbody>\n</table>\n<p class=\"style1\">&nbsp;</p>','','S','S','','','en_us','mcr12','2008-09-10'),(159,'form01','Register Navigation, insertions, alterations, exclusion options','','','formulario/f1_en_us.php',27,'http://www.scriptcase.net/sistemas4/exemplos_en_us/form01/form01.php','Register Navigation, insertions, alterations, exclusion options','','4','<p><!--\r\n.style1 {\r\n	font-family: Verdana, Arial, Helvetica, sans-serif;\r\n	font-size: 12px;\r\n}\r\n.style2 {font-family: Verdana, Arial, Helvetica, sans-serif; font-size: 12px; font-weight: bold; }\r\n.style3 {font-size: 12px}\r\n.style3 {font-family: Verdana, Arial, Helvetica, sans-serif}\r\n--><strong>\n<script type=\"text/javascript\"></script>\n</strong></p>\n<p class=\"style2\"><strong>F1 - Records Navigation, insertions, alterations, exclusion Options</strong><span class=\"style3\"><strong> </strong></span></p>\n<p class=\"style1\"><strong>Application Name</strong>: form_b_simple<br /><strong>Base table</strong> : customers<br /><strong>Description</strong>: Form with Navigation, insertions, alterations, exclusion buttons.<br /><strong>Fields that will be displayed</strong>: <br />CompanyName, Region, City, Address, Phone, CreditLimit, CardType, CardNumber.<br /><strong>Guidance</strong> : Only Register<br /><strong>Paging</strong>: Partial<br /><strong>Table width</strong>: 600<br /><strong>Table unit width</strong>: Pixel<br /><strong>Header-&gt;Form Title</strong>: Navigating, inserting, updating and deleting records.</p>','','S','S','','','en_us','form01','2008-09-10'),(160,'form02','Only register navigations and alterations options','','','formulario/f2_en_us.php',27,'http://www.scriptcase.net/sistemas4/exemplos_en_us/form02/form02.php','Only register navigations and alterations options','','4','<p><!--\r\n		@page { margin: 2cm }\r\n		P { margin-bottom: 0.21cm }\r\n.style2 {\r\n	font-family: Verdana, Arial, Helvetica, sans-serif;\r\n	font-weight: bold;\r\n	font-style: italic;\r\n	font-size: 12px;\r\n}\r\n.style3 {\r\n	font-family: Verdana, Arial, Helvetica, sans-serif;\r\n	font-size: 12px;\r\n}\r\n.style4 {font-size: 12px}\r\n.style5 {font-family: Verdana, Arial, Helvetica, sans-serif}\r\n	-->\n<script type=\"text/javascript\"></script>\n<strong><span class=\"style2\">F2 - Form with Navegation and Update options</span><span class=\"style4\"><span class=\"style5\"> </span></span></strong></p>\n<p class=\"style3\"><strong>Application Name</strong>: form_b_update<br /><strong>Table:</strong> customers.<br /><strong>Description:</strong> Form only for Update.<br /><strong>Fields that will be displayed in Grid</strong>:<br />CustomerID, CompanyName, Address, City, Region.<br /><strong>Guidance</strong>: Only Register<br /><strong>Paging</strong>: Partial<br /><strong>Lines per Page</strong>: 10<br /><strong>Lines for Inclusion</strong>: 10<br /><strong>Table width</strong>: 600<br /><strong>Table unit width</strong>: Pixel<br /><strong>Header-&gt; Form Title</strong>: Only update option</p>\n<p class=\"style3\"><strong>CustomerID: Data type</strong>: Text.<br /><strong>CompanyName: Data type</strong>: Text<br /><strong>Address: </strong><strong>Data type</strong>: Text<br /><strong>City: Data type</strong>: Text<br /><strong>Region: </strong><strong>Data type</strong>: Text</p>\n<p class=\"style3\"><strong>Read-Only Fields:</strong> CustomerID, City, Region.</p>','','S','S','','','en_us','form02','2008-09-10'),(161,'form03','Modifying only some fields. Leaving other fields read-only','','','formulario/f3_en_us.php',27,'http://www.scriptcase.net/sistemas4/exemplos_en_us/form03/form03.php','Modifying only some fields. Leaving other fields read-only','','4','<p><!--\r\n.style1 {\r\n	font-family: Verdana, Arial, Helvetica, sans-serif;\r\n	font-size: 12px;\r\n}\r\n.style2 {font-family: Verdana, Arial, Helvetica, sans-serif; font-size: 12px; font-weight: bold; }\r\n.style3 {font-size: 12px}\r\n.style3 {font-family: Verdana, Arial, Helvetica, sans-serif}\r\n-->\n<script type=\"text/javascript\"></script>\n</p>\n<p class=\"style2\"><strong>F3 - Updating only some fields and others fields leaving read-only</strong><span class=\"style3\"><strong> </strong></span></p>\n<p class=\"style1\"><strong>Application Name</strong>: form_b_update_some<br /><strong>Base table</strong> : customers<br /><strong>Description</strong>: Form for update some fields.<br /><strong>Fields that will be displayed in Grid</strong>:<br />CustomerID, CompanyName, Address, City, Region, PostalCode.<br /><strong>Guidance</strong> : Only Register<br /><strong>Paging</strong>: Partial<br /><strong>Table width</strong>: 600<br /><strong>Table unit width</strong>: Pixel<br /><strong>Header-&gt;Form Title</strong>: Update option only some Fields!</p>','','S','S','','','en_us','form03','2008-09-10'),(162,'form21','Defining mandatory fields','','','formulario/f21_en_us.php',27,'http://www.scriptcase.net/sistemas4/exemplos_en_us/form21/form21.php','Defining mandatory fields','','4','<p><!-- .style1 { font-family: Verdana, Arial, Helvetica, sans-serif; font-size: 12px; } .style2 {font-family: Verdana, Arial, Helvetica, sans-serif; font-size: 12px; font-weight: bold; } .style3 {font-size: 12px} .style3 {font-family: Verdana, Arial, Helvetica, sans-serif} --><strong>\n<script type=\"text/javascript\"></script>\n</strong></p>\n<p class=\"style2\"><strong>F21 - Defining fields of Obligator Fulfilling</strong><span class=\"style3\"><strong> </strong></span></p>\n<p class=\"style1\"><strong>Application Name</strong>: form_b_obligator<strong><br /></strong><strong>Table:</strong> customers.<strong></strong><strong></strong><strong></strong><br /><strong>Description</strong>: Form with Fields of Obligator Fulfilling<br /><strong>Fields that will be displayed</strong>:<br />CompanyName, Address, City, Region, Phone, CreditLimit, CardType and CardNumber.<br /><strong>Guidance</strong>: Only Register<br /><strong>Paging</strong>: Partial<br /><strong>Table width</strong>: 600<br /><strong>Table unit width</strong>: Pixel<br /><strong>Header-&gt;Form Title</strong>: Form with Fields of Obligator Fulfilling.</p>','S','S','S','N','N','en_us','form21','2008-09-10'),(163,'form04','Showing message after register alteration or inclusion','','','formulario/f4_en_us.php',27,'http://www.scriptcase.net/sistemas4/exemplos_en_us/form04/form04.php','Showing message after register alteration or inclusion','','4','<p><!--\r\n.style1 {\r\n	font-family: Verdana, Arial, Helvetica, sans-serif;\r\n	font-size: 12px;\r\n}\r\n.style2 {font-family: Verdana, Arial, Helvetica, sans-serif; font-size: 12px; font-weight: bold; }\r\n.style3 {font-size: 12px}\r\n.style3 {font-family: Verdana, Arial, Helvetica, sans-serif}\r\n-->\n<script type=\"text/javascript\"></script>\n</p>\n<p class=\"style2\"><strong>F4 - Show message later registers update or insert</strong><span class=\"style3\"><strong> </strong></span></p>\n<p class=\"style1\"><strong>Application Name</strong>: form_b_message<br /><strong>Base table</strong> : customers<br /><strong>Description</strong>: Form with message later insertion or alteration<br /><strong>Fields that will be displayed in Grid</strong>:<br />CompanyName, Address.<br /><strong>Guidance</strong> : Only Register<br /><strong>Paging</strong>: Partial<br /><strong>Table width</strong>: 70<br /><strong>Table unit width</strong>: Percent<br /><strong>Header-&gt;Form Title</strong>: Form with message later insertion or alteration.</p>','','S','S','','','en_us','form04','2008-09-10'),(164,'form12','Dividing the form in blocks','','','formulario/f12_en_us.php',27,'http://www.scriptcase.net/sistemas4/exemplos_en_us/form12/form12.php','Dividing the form in blocks','','4','<p><!--\r\n.style1 {\r\n	font-family: Verdana, Arial, Helvetica, sans-serif;\r\n	font-size: 12px;\r\n}\r\n.style2 {font-family: Verdana, Arial, Helvetica, sans-serif; font-size: 12px; font-weight: bold; }\r\n.style3 {font-size: 12px}\r\n.style3 {font-family: Verdana, Arial, Helvetica, sans-serif}\r\n--><strong>\n<script type=\"text/javascript\"></script>\n</strong></p>\n<p class=\"style2\"><strong>F12 - Dividing the form in blocks</strong><span class=\"style3\"><strong> </strong></span></p>\n<p class=\"style1\"><strong>Application Name</strong>: form_a_blocks<br /><strong>Table:</strong> customers.<strong></strong><strong></strong><strong></strong><br /><strong>Description</strong>: Form divided into blocks.<br /><strong>Fields that will be displayed in Grid</strong>:<br />All.<br /><strong>Guidance</strong>: Only Register<br /><strong>Paging</strong>: Partial<br /><strong>Table width</strong>: 700<br /><strong>Table unit width</strong>: Pixel<br /><strong>Header-&gt;Form Title</strong>: Form divided into blocks.</p>','','S','S','','','en_us','form12','2008-09-10'),(165,'form17','Form divided into several pages','','','formulario/f17_en_us.php',27,'http://www.scriptcase.net/sistemas4/exemplos_en_us/form17/form17.php','Form divided into several pages','','4','<p><!--\r\n.style1 {\r\n	font-family: Verdana, Arial, Helvetica, sans-serif;\r\n	font-size: 12px;\r\n}\r\n.style2 {font-family: Verdana, Arial, Helvetica, sans-serif; font-size: 12px; font-weight: bold; }\r\n.style3 {font-size: 12px}\r\n.style3 {font-family: Verdana, Arial, Helvetica, sans-serif}\r\n-->\n<script type=\"text/javascript\"></script>\n</p>\n<p class=\"style2\"><strong>F17 - Form divided into several pages</strong><a href=\"../videos\" target=\"_fora\"><span class=\"style3\"><strong> </strong></span></a></p>\n<p class=\"style1\"><strong>Application Name</strong>: form_a_pages<br /><strong>Table:</strong> customers.<br /><strong>Description</strong>: Form with several pages.<br /><strong>Fields that will be displayed</strong>: <br />All.<br /><strong>Guidance</strong>: Only Register<br /><strong>Paging</strong>: Partial<br /><strong>Table width</strong>: 700<br /><strong>Table unit width</strong>: Pixel<br /><strong>Header-&gt;Form Title</strong>: Form with several pages<br /><strong>Obs.</strong>: <em>Using images on the page icon.</em></p>','','S','S','','','en_us','form17','2008-09-10'),(166,'form18','Using schedule models and templates','','','formulario/f18_en_us.php',27,'http://www.scriptcase.net/sistemas4/exemplos_en_us/form18/form18.php','Using schedule models and templates','','4','<p><strong>F18 - Using scheme models and templates</strong><span class=\"style3\"><strong> </strong></span></p>\n<p class=\"style1\"><strong>Application Name</strong>: form_a_template1<br /><strong>Table:</strong> customers.<strong></strong><strong></strong><strong></strong><br /><strong>Description</strong>: Form using Escheme<br /><strong>Fields that will be displayed</strong>: <br />CompanyName, ContactName, ContactTitle, BirthDate.<br /><strong>Guidance</strong>: Only Register<br /><strong>Paging</strong>: Partial<br /><strong>Header-&gt;Form Title</strong>: Using Escheme</p>','','S','S','','','en_us','form18','2008-09-10'),(167,'form19','Using another schedule model and templates','','','formulario/f19_en_us.php',27,'http://www.scriptcase.net/sistemas4/exemplos_en_us/form19/form19.php','Using another schedule model and templates','','4','<p><!--\r\n.style1 {\r\n	font-family: Verdana, Arial, Helvetica, sans-serif;\r\n	font-size: 12px;\r\n}\r\n.style2 {font-family: Verdana, Arial, Helvetica, sans-serif; font-size: 12px; font-weight: bold; }\r\n.style3 {font-size: 12px}\r\n.style3 {font-family: Verdana, Arial, Helvetica, sans-serif}\r\n-->\n<script type=\"text/javascript\"></script>\n</p>\n<p class=\"style2\"><strong>F19 - Using other scheme models and templates</strong><span class=\"style3\"><strong> </strong></span></p>\n<p class=\"style1\"><strong>Application Name</strong>: form_a_template2<br /><strong>Table:</strong> customers.<strong></strong><strong></strong><strong></strong><br /><strong>Description</strong>: Form using Escheme<br /><strong>Fields that will be displayed</strong>: <br />CompanyName, ContactName, ContactTitle, BirthDate.<br /><strong>Guidance</strong>: Only Register<br /><strong>Paging</strong>: Partial<br /><strong>Header-&gt;Form Title</strong>: Using Escheme</p>','','S','S','','','en_us','form19','2008-09-10'),(168,'form24','Update related table','','http://www.scriptcase.net/siteen/samples/tutoriais/form/form24.php','formulario/f24_en_us.php',27,'http://www.scriptcase.net/sistemas4/exemplos_en_us/form24/form24.php','form update table link relationship','','4','<p><!--\r\n.style1 {\r\n	font-family: Verdana, Arial, Helvetica, sans-serif;\r\n	font-size: 12px;\r\n}\r\n.style3 {font-family: Verdana, Arial, Helvetica, sans-serif; font-size: 12px; font-weight: bold; }\r\n.style2 {font-size: 12px}\r\n.style4 {font-family: Verdana, Arial, Helvetica, sans-serif}\r\n-->\n<script type=\"text/javascript\"></script>\n<span class=\"style3\"><strong>F24 - Update Link table - (Simple, Without attributes in linking)</strong> </span><span class=\"style2\"><span class=\"style4\"><strong></strong></span></span></p>\n<p class=\"style1\"><span style=\"font-size: xx-small;\"><strong>Application Name</strong>: form_a_atutblig<strong><br />Table</strong>: seg_users<br /><strong>Description</strong>: Form using \'Update Link table\'<strong><br /></strong><strong>Fields that will be displayed</strong>:<br />Login, Password, Name.<br /><strong>Guidance</strong>: Only Register<br /><strong>Paging</strong>: Partial<br /><strong>Header-&gt;Form Title</strong>: Update Link table.<br /><span class=\"style3\">Update Link table</span>: New Link</span></p>\n<table class=\"style1\" border=\"1\" cellspacing=\"0\" width=\"80%\" bordercolor=\"#666666\">\n<tbody>\n<tr>\n<td><span style=\"font-size: xx-small;\"><strong>Field:</strong></span></td>\n<td><span style=\"font-size: xx-small;\">perfil</span></td>\n</tr>\n<tr>\n<td><span style=\"font-size: xx-small;\"><strong>SQL command:</strong></span></td>\n<td><span style=\"font-size: xx-small;\">select name,description from seg_interfaces order by description</span></td>\n</tr>\n<tr>\n<td><span style=\"font-size: xx-small;\"><strong>Exibi&ccedil;&atilde;o do Lookup</strong></span></td>\n<td><span style=\"font-size: xx-small;\">Double Select - Heigth 7 </span></td>\n</tr>\n<tr>\n<td><span style=\"font-size: xx-small;\"><strong>Link Table</strong></span></td>\n<td><span style=\"font-size: xx-small;\">seg_users_interface</span></td>\n</tr>\n<tr>\n<td><span style=\"font-size: xx-small;\"><strong>Link Key</strong></span></td>\n<td><span style=\"font-size: xx-small;\">fk_user_login =&gt; login </span></td>\n</tr>\n<tr>\n<td><span style=\"font-size: xx-small;\"><strong>Lookup Field</strong></span></td>\n<td><span style=\"font-size: xx-small;\">fk_interface_name</span></td>\n</tr>\n</tbody>\n</table>\n<p class=\"style1\">&nbsp;</p>','S','S','S','','S','en_us','form24','2008-09-10'),(175,'form37','Form using Stored Procedure','','','formulario/f37_en_us.php',27,'http://www.scriptcase.net/sistemas4/exemplos_en_us/form37/form37.php','Form using Stored Procedure','','4','<p>Altera&ccedil;&otilde;es - <!--\r\n		@page { margin: 2cm }\r\n		TD P { margin-bottom: 0cm }\r\n		TH P { margin-bottom: 0cm }\r\n		TH P.western { font-style: italic }\r\n		TH P.cjk { font-style: italic }\r\n		TH P.ctl { font-style: italic }\r\n		P { margin-bottom: 0.21cm }\r\n.style2 {font-size: 12px}\r\n.style3 {font-family: Verdana, Arial, Helvetica, sans-serif}\r\n	-->\n<script type=\"text/javascript\"></script>\n</p>\n<p class=\"western\" style=\"margin-bottom: 0cm\" lang=\"pt-BR\"><span style=\"color: #000000;\"><span style=\"font-family: Times New Roman, serif;\"><span style=\"font-size: small;\"><strong>F37&ndash; Form using Stored Procedure</strong></span></span></span><span class=\"style2\"><span class=\"style3\"><strong> </strong></span></span></p>\n<p class=\"western\" style=\"margin-bottom: 0cm\"><br /><span style=\"font-family: Verdana,sans-serif;\"><span lang=\"pt-BR\"><span style=\"font-size: x-small;\"><span style=\"color: #000000;\"><strong><strong>Application Name</strong>:</strong> form_a_procedure<br /><strong>Table used:</strong> categories<br /><strong><strong>Description</strong>:</strong> Form de Categories using Stored Procedure for Insert, Update and Delete.<br /></span></span></span><span style=\"font-size: x-small;\"><strong><strong><span class=\"style1\"><span class=\"style2\"><span class=\"style4\"><span class=\"style2\"><strong><span style=\"color: #000000;\">Fields that will be displayed in the </span></strong></span></span></span></span>Application</strong>: </strong><span style=\"font-weight: medium\">All<br /></span></span></span><span style=\"font-family: Verdana,sans-serif;\"><span lang=\"pt-BR\"><span style=\"font-size: x-small;\"><span style=\"color: #000000;\"><strong>Header -&gt; Application Title</strong> Form using Stored Procedure.<br /></span></span></span></span><span style=\"font-family: Verdana,sans-serif;\"><span style=\"font-size: x-small;\"><strong>Procedures:</strong></span></span></p>\n<p class=\"western\" style=\"margin-bottom: 0cm\"><span style=\"color: #000000;\"><span style=\"font-family: Verdana, sans-serif;\"><span style=\"font-size: x-small;\"><strong>Procedure to Insert:</strong></span></span></span></p>\n<table border=\"1\" cellspacing=\"0\" cellpadding=\"4\" width=\"80%\" bordercolor=\"#000000\">\n<thead>\n<tr valign=\"top\">\n<th width=\"116\">\n<p class=\"western\" style=\"font-style: normal\" lang=\"pt-BR\" align=\"left\"><span style=\"color: #000000;\"><span style=\"font-family: Verdana, sans-serif;\"><span style=\"font-size: x-small;\"><strong>Name</strong></span></span></span></p>\n</th><th width=\"433\">\n<p class=\"western\" style=\"font-style: normal; font-weight: medium\" lang=\"pt-BR\" align=\"left\"><span style=\"color: #000000;\"><span style=\"font-family: Verdana, sans-serif;\"><span style=\"font-size: x-small;\">sp_ins_categories</span></span></span></p>\n</th>\n</tr>\n</thead>\n<tbody>\n<tr valign=\"top\">\n<td width=\"116\">\n<p class=\"western\" lang=\"pt-BR\"><span style=\"color: #000000;\"><span style=\"font-family: Verdana, sans-serif;\"><span style=\"font-size: x-small;\"><strong>Qtd Parameters</strong></span></span></span></p>\n</td>\n<td width=\"433\">\n<p class=\"western\" lang=\"pt-BR\"><span style=\"color: #000000;\"><span style=\"font-family: Verdana, sans-serif;\"><span style=\"font-size: x-small;\">3</span></span></span></p>\n</td>\n</tr>\n<tr valign=\"top\">\n<td width=\"116\">\n<p class=\"western\" lang=\"pt-BR\"><span style=\"color: #000000;\"><span style=\"font-family: Verdana, sans-serif;\"><span style=\"font-size: x-small;\"><strong>Param1</strong></span></span></span></p>\n</td>\n<td width=\"433\">\n<p class=\"western\" lang=\"pt-BR\"><span style=\"color: #000000;\"><span style=\"font-family: Verdana, sans-serif;\"><span style=\"font-size: x-small;\">Field-&gt;CategoryName</span></span></span></p>\n</td>\n</tr>\n<tr valign=\"top\">\n<td width=\"116\">\n<p class=\"western\" lang=\"pt-BR\"><span style=\"color: #000000;\"><span style=\"font-family: Verdana, sans-serif;\"><span style=\"font-size: x-small;\"><strong>Param2</strong></span></span></span></p>\n</td>\n<td width=\"433\">\n<p class=\"western\" lang=\"pt-BR\"><span style=\"color: #000000;\"><span style=\"font-family: Verdana, sans-serif;\"><span style=\"font-size: x-small;\">Field-&gt;Description</span></span></span></p>\n</td>\n</tr>\n<tr valign=\"top\">\n<td width=\"116\">\n<p class=\"western\" lang=\"pt-BR\"><span style=\"color: #000000;\"><span style=\"font-family: Verdana, sans-serif;\"><span style=\"font-size: x-small;\"><strong>Param3</strong></span></span></span></p>\n</td>\n<td width=\"433\">\n<p class=\"western\" lang=\"pt-BR\"><span style=\"color: #000000;\"><span style=\"font-family: Verdana, sans-serif;\"><span style=\"font-size: x-small;\">Field-&gt;Picture</span></span></span></p>\n</td>\n</tr>\n</tbody>\n</table>\n<p class=\"western\" style=\"margin-bottom: 0cm\">&nbsp;</p>\n<p class=\"western\" style=\"margin-bottom: 0cm\" lang=\"pt-BR\"><span style=\"color: #000000;\"><span style=\"font-family: Verdana, sans-serif;\"><span style=\"font-size: x-small;\"><strong>Procedure to Update:</strong></span></span></span></p>\n<table border=\"1\" cellspacing=\"0\" cellpadding=\"4\" width=\"80%\" bordercolor=\"#000000\">\n<thead>\n<tr valign=\"top\">\n<th width=\"116\">\n<p class=\"western\" style=\"font-style: normal\" lang=\"pt-BR\" align=\"left\"><span style=\"color: #000000;\"><span style=\"font-family: Verdana, sans-serif;\"><span style=\"font-size: x-small;\"><strong>Name</strong></span></span></span></p>\n</th><th width=\"433\">\n<p class=\"western\" style=\"font-style: normal; font-weight: medium\" lang=\"pt-BR\" align=\"left\"><span style=\"color: #000000;\"><span style=\"font-family: Verdana, sans-serif;\"><span style=\"font-size: x-small;\">sp_upd_categories</span></span></span></p>\n</th>\n</tr>\n</thead>\n<tbody>\n<tr valign=\"top\">\n<td width=\"116\">\n<p class=\"western\" lang=\"pt-BR\"><span style=\"color: #000000;\"><span style=\"font-family: Verdana, sans-serif;\"><span style=\"font-size: x-small;\"><strong>Qtd Parameters</strong></span></span></span></p>\n</td>\n<td width=\"433\">\n<p class=\"western\" lang=\"pt-BR\"><span style=\"color: #000000;\"><span style=\"font-family: Verdana, sans-serif;\"><span style=\"font-size: x-small;\">4</span></span></span></p>\n</td>\n</tr>\n<tr valign=\"top\">\n<td width=\"116\">\n<p class=\"western\" lang=\"pt-BR\"><span style=\"color: #000000;\"><span style=\"font-family: Verdana, sans-serif;\"><span style=\"font-size: x-small;\"><strong>Param1</strong></span></span></span></p>\n</td>\n<td width=\"433\">\n<p class=\"western\" lang=\"pt-BR\"><span style=\"color: #000000;\"><span style=\"font-family: Verdana, sans-serif;\"><span style=\"font-size: x-small;\">Field-&gt;CategoryID</span></span></span></p>\n</td>\n</tr>\n<tr valign=\"top\">\n<td width=\"116\">\n<p class=\"western\" lang=\"pt-BR\"><span style=\"color: #000000;\"><span style=\"font-family: Verdana, sans-serif;\"><span style=\"font-size: x-small;\"><strong>Param2</strong></span></span></span></p>\n</td>\n<td width=\"433\">\n<p class=\"western\" lang=\"pt-BR\"><span style=\"color: #000000;\"><span style=\"color: #000000;\"><span style=\"font-family: Verdana, sans-serif;\"><font style=\"font-size: 9pt\" size=\"2\">Field-&gt;CategoryName</font></span></span></span></p>\n</td>\n</tr>\n<tr valign=\"top\">\n<td width=\"116\">\n<p class=\"western\" lang=\"pt-BR\"><span style=\"color: #000000;\"><span style=\"font-family: Verdana, sans-serif;\"><span style=\"font-size: x-small;\"><strong>Param3</strong></span></span></span></p>\n</td>\n<td width=\"433\">\n<p class=\"western\" lang=\"pt-BR\"><span style=\"color: #000000;\"><span style=\"color: #000000;\"><span style=\"font-family: Verdana, sans-serif;\"><font style=\"font-size: 9pt\" size=\"2\">Field-&gt;Description</font></span></span></span></p>\n</td>\n</tr>\n<tr valign=\"top\">\n<td width=\"116\">\n<p class=\"western\" lang=\"pt-BR\"><span style=\"color: #000000;\"><span style=\"font-family: Verdana, sans-serif;\"><span style=\"font-size: x-small;\"><strong>Param4</strong></span></span></span></p>\n</td>\n<td width=\"433\">\n<p class=\"western\" lang=\"pt-BR\"><span style=\"color: #000000;\"><span style=\"color: #000000;\"><span style=\"font-family: Verdana, sans-serif;\"><font style=\"font-size: 9pt\" size=\"2\">Field-&gt;Picture</font></span></span></span></p>\n</td>\n</tr>\n</tbody>\n</table>\n<p class=\"western\" style=\"margin-bottom: 0cm\">&nbsp;</p>\n<p class=\"western\" style=\"margin-bottom: 0cm\" lang=\"pt-BR\"><span style=\"color: #000000;\"><span style=\"font-family: Verdana, sans-serif;\"><span style=\"font-size: x-small;\"><strong>Procedure to Delete:</strong></span></span></span></p>\n<table border=\"1\" cellspacing=\"0\" cellpadding=\"4\" width=\"80%\" bordercolor=\"#000000\">\n<thead>\n<tr valign=\"top\">\n<th width=\"22%\">\n<p class=\"western\" style=\"font-style: normal\" lang=\"pt-BR\" align=\"left\"><span style=\"color: #000000;\"><span style=\"font-family: Verdana, sans-serif;\"><span style=\"font-size: x-small;\"><strong>Name</strong></span></span></span></p>\n</th><th width=\"78%\">\n<p class=\"western\" style=\"font-style: normal; font-weight: medium\" lang=\"pt-BR\" align=\"left\"><span style=\"color: #000000;\"><span style=\"font-family: Verdana, sans-serif;\"><span style=\"font-size: x-small;\">sp_del_categorias</span></span></span></p>\n</th>\n</tr>\n</thead>\n<tbody>\n<tr valign=\"top\">\n<td width=\"22%\">\n<p class=\"western\" lang=\"pt-BR\"><span style=\"color: #000000;\"><span style=\"font-family: Verdana, sans-serif;\"><span style=\"font-size: x-small;\"><strong>Qtd Parameters</strong></span></span></span></p>\n</td>\n<td width=\"78%\">\n<p class=\"western\" lang=\"pt-BR\"><span style=\"color: #000000;\"><span style=\"font-family: Verdana, sans-serif;\"><span style=\"font-size: x-small;\">1</span></span></span></p>\n</td>\n</tr>\n<tr valign=\"top\">\n<td width=\"22%\">\n<p class=\"western\" lang=\"pt-BR\"><span style=\"color: #000000;\"><span style=\"font-family: Verdana, sans-serif;\"><span style=\"font-size: x-small;\"><strong>Param1</strong></span></span></span></p>\n</td>\n<td width=\"78%\">\n<p class=\"western\" lang=\"pt-BR\"><span style=\"color: #000000;\"><span style=\"font-family: Verdana, sans-serif;\"><span style=\"font-size: x-small;\">Field-&gt;CategoryID</span></span></span></p>\n</td>\n</tr>\n</tbody>\n</table>\n<p class=\"western\" style=\"margin-bottom: 0cm\">&nbsp;</p>','','S','S','','','en_us','form37','2008-09-10'),(178,'form26','Using Multiple Registers Form','','','formulario/f26_en_us.php',27,'http://www.scriptcase.net/sistemas4/exemplos_en_us/form26/form26.php','Using Multiple Registers Form','','4','<p><!--\r\n.style1 {\r\n	font-family: Verdana, Arial, Helvetica, sans-serif;\r\n	font-size: 12px;\r\n}\r\n.style3 {font-family: Verdana, Arial, Helvetica, sans-serif; font-size: 12px; font-weight: bold; }\r\n.style2 {font-size: 12px}\r\n.style4 {font-family: Verdana, Arial, Helvetica, sans-serif}\r\n-->\n<script type=\"text/javascript\"></script>\n<strong><span class=\"style3\">F26 - Using Multiple Registers Form.</span></strong><span class=\"style2\"><span class=\"style4\"><strong> </strong></span></span></p>\n<p class=\"style1\"><strong>Application Name</strong>: form_a_multreg<br /><strong>Table:</strong> categories<strong><br />Description</strong>: Multiple Registers Form<br /><strong>Fields that will be displayed</strong>:<br />CategoryID, CategoryName, Description, Picture<strong><br />Guidance</strong>: Multiple Registers<br /><strong>Paging</strong>: Partial<br /><strong>Lines per page</strong>: 10<strong><br /></strong><strong>Table width</strong>: 0<br /><strong>Table unit width</strong>: Automatic<br /><strong>Header-&gt;Form Title</strong>: Multiple Registers Form.</p>','','S','S','','','en_us','form26','2008-09-10'),(179,'form05','Form with combobox (SELECT)','','','formulario/f5_en_us.php',28,'http://www.scriptcase.net/sistemas4/exemplos_en_us/form05/form05.php','Form select combobox field','','4','<p>Untitled Document <!--\r\n.style1 {\r\n	font-family: Verdana, Arial, Helvetica, sans-serif;\r\n	font-size: 12px;\r\n}\r\n.style3 {font-family: Verdana, Arial, Helvetica, sans-serif; font-size: 12px; font-weight: bold; }\r\n.style2 {font-size: 12px}\r\n.style4 {font-family: Verdana, Arial, Helvetica, sans-serif}\r\n-->\n<script type=\"text/javascript\"></script>\n<span class=\"style3\">F5 - Form with combobox</span><span class=\"style2\"><span class=\"style4\"><strong> </strong></span></span></p>\n<p class=\"style1\"><strong>Application Name</strong>: Form_b_Region_select<br /><strong>Table:</strong> customers.<br /><strong>Description</strong>: Using Select field.<br /><strong>Fields that will be displayed in Grid</strong>:<br />CustomerID, CompanyName, Region.<strong><br /></strong><strong>Guidance</strong>: Only Register<br /><strong>Paging</strong>: Partial<br /><strong>Lines per Page</strong>: 10<br /><strong>Lines for Inclusion</strong>: 10<br /><strong>Table width</strong>: 600<br /><strong>Table unit width</strong>: Pixel<br /><strong>Header-&gt;Form Title</strong>: Using Select Command</p>\n<p class=\"style3\"><strong>CustomerID: Data type</strong>: Text.<br /><strong>CompanyName: Data type</strong>: Text<br /><strong>Region: </strong><strong>Data type</strong>: Select</p>\n<p class=\"style1\">&nbsp;</p>','','S','S','','','en_us','form05','2008-09-10'),(180,'form07','Form with validation in the fields','','','formulario/f7_en_us.php',28,'http://www.scriptcase.net/sistemas4/exemplos_en_us/form07/form07.php','Form with validation in the fields','','4','<p>Untitled Document <!--\r\n.style1 {\r\n	font-family: Verdana, Arial, Helvetica, sans-serif;\r\n	font-size: 12px;\r\n}\r\n.style3 {font-family: Verdana, Arial, Helvetica, sans-serif; font-size: 12px; font-weight: bold; }\r\n.style2 {font-size: 12px}\r\n.style4 {font-family: Verdana, Arial, Helvetica, sans-serif}\r\n-->\n<script type=\"text/javascript\"></script>\n<span class=\"style3\">F7 - Form with validation in the fields</span>&nbsp;<span class=\"style2\"><span class=\"style4\"><strong> </strong></span></span></p>\n<p class=\"style1\"><strong>Application Name</strong>: Form_b_criticism<br /><strong>Table:</strong> customers.<strong><br /></strong><strong>Description</strong>: Using Select field.<br /><strong>Fields that will be displayed in Grid</strong>:<br />All , save(Country, Fax, CreditLimit, Notes)<strong><br /></strong><strong>Guidance</strong>: Only Register<br /><strong>Paging</strong>: Partial<br /><strong>Lines per Page</strong>: 10<br /><strong>Lines for Inclusion</strong>: 10<br /><strong>Table width</strong>: 600<br /><strong>Table unit width</strong>: Pixel<br /><strong>Header-&gt;Form Title</strong>: Form Inclusion</p>','','S','S','','','en_us','form07','2008-09-10'),(181,'form08','Form using ComboBox for Date field','','','formulario/f8_en_us.php',28,'http://www.scriptcase.net/sistemas4/exemplos_en_us/form08/form08.php','Form using ComboBox for Date field','','4','<p>Untitled Document <!--\r\n.style1 {\r\n	font-family: Verdana, Arial, Helvetica, sans-serif;\r\n	font-size: 12px;\r\n}\r\n.style3 {font-family: Verdana, Arial, Helvetica, sans-serif; font-size: 12px; font-weight: bold; }\r\n.style2 {font-size: 12px}\r\n.style4 {font-family: Verdana, Arial, Helvetica, sans-serif}\r\n-->\n<script type=\"text/javascript\"></script>\n<span class=\"style3\">F8 - Form using ComboBox for Date field</span><span class=\"style2\"><span class=\"style4\"><strong> </strong></span></span></p>\n<p class=\"style1\"><strong>Application Name</strong>: Form_b_date_combo<br /><strong>Table:</strong> customers.<strong></strong><strong><br />Description</strong>: Using Combobox for Date field.<br /><strong>Fields that will be displayed in Grid</strong>:<br />CustomerID, CompanyName, BirthName.<br /><strong></strong><strong>Guidance</strong>: Only Register<br /><strong>Paging</strong>: Partial<br /><strong>Lines per Page</strong>: 10<br /><strong>Lines for Inclusion</strong>: 10<br /><strong>Table width</strong>: 600<br /><strong>Table unit width</strong>: Pixel<br /><strong>Use Ajax</strong>: No<br /><strong>Header-&gt;Form Title</strong>: Form Inclusion</p>','','S','S','','','en_us','form08','2008-09-10'),(183,'form10','Form using images upload','','','formulario/f10_en_us.php',28,'http://www.scriptcase.net/sistemas4/exemplos_en_us/form10/form10.php','Form using images upload','','4','<p>Untitled Document <!--\r\n.style1 {\r\n	font-family: Verdana, Arial, Helvetica, sans-serif;\r\n	font-size: 12px;\r\n}\r\n.style3 {font-family: Verdana, Arial, Helvetica, sans-serif; font-size: 12px; font-weight: bold; }\r\n.style2 {font-size: 12px}\r\n.style4 {font-family: Verdana, Arial, Helvetica, sans-serif}\r\n-->\n<script type=\"text/javascript\"></script>\n<span class=\"style3\">F10 - Form using images upload.</span><span class=\"style2\"><span class=\"style4\"><strong> </strong></span></span></p>\n<p class=\"style1\"><strong>Application Name</strong>: form_b_picture<br /><strong>Table</strong>: categories.<br /><strong>Description</strong>: Form using iamges upload.<br /><strong>Fields that will be displayed in Grid</strong>:<br />CategoryID, CategoryName, Description, Picture.<strong><br /></strong><strong>Guidance</strong>: Only Register<br /><strong>Paging</strong>: Partial<br /><strong>Lines per Page</strong>: 10<br /><strong>Lines for Inclusion</strong>: 10<br /><strong>Table width</strong>: 600<br /><strong>Table unit width</strong>: Pixel<br /><strong>Header-&gt;Form Title</strong>: Form using images upload.</p>\n<p class=\"style1\"><strong>CategoryID :</strong><strong>Data type</strong>: Text.<strong><br />NomeCategoria :</strong><strong>Data type</strong>: Text.<br /><strong>Description :</strong><strong>Data type</strong>: Text.<br /><strong>Picture :</strong><strong>Data type</strong>: Image(File Name)</p>','','S','S','','','en_us','form10','2008-09-10'),(185,'form11','Form with mask in Phone Field','','','formulario/f11_en_us.php',28,'http://www.scriptcase.net/sistemas4/exemplos_en_us/form11/form11.php','form validation mask field phone','','4','<p><!--\r\n.style1 {\r\n	font-family: Verdana, Arial, Helvetica, sans-serif;\r\n	font-size: 12px;\r\n}\r\n.style3 {font-family: Verdana, Arial, Helvetica, sans-serif; font-size: 12px; font-weight: bold; }\r\n.style2 {font-size: 12px}\r\n.style4 {font-family: Verdana, Arial, Helvetica, sans-serif}\r\n-->\n<script type=\"text/javascript\"></script>\n<strong><span class=\"style3\">F11 - Form with mask in Phone Field.</span></strong><span class=\"style2\"><span class=\"style4\"><strong> </strong></span></span></p>\n<p class=\"style1\"><strong>Application Name</strong>: form_b_maskphone<br /><strong>Table:</strong> customers.<strong></strong><strong></strong><strong><br />Description</strong>: Form with mask in Phone Field.<strong><br /></strong><strong>Fields that will be displayed in Grid</strong>:<br />CustomerID, CompanyName, Phone.<br /><strong>Guidance</strong>: Only Register<br /><strong>Paging</strong>: Partial<br /><strong>Lines per Page</strong>: 10<br /><strong>Lines for Inclusion</strong>: 10<br /><strong>Table width</strong>: 600<br /><strong>Table unit width</strong>: Pixel<br /><strong>Header-&gt;Form Title</strong>: Form with mask in Phone Field.</p>','','S','S','','','en_us','form11','2008-09-10'),(186,'form16','Stopping fields in accordance with selected Radio Button','','','formulario/f16_en_us.php',31,'http://www.scriptcase.net/sistemas4/exemplos_en_us/form16/form16.php','radio form disable buttons ','','4','<p><strong><span class=\"style5\">F16 &ndash; Stopping fields in accordance with selected Radio Button</span></strong><span class=\"style6\"><span class=\"style7\"><strong> </strong></span></span></p>\n<p class=\"style1\"><strong>Application Name</strong>: form_a_disabbuttons<br /><strong>Table:</strong> customers.<strong></strong><strong></strong><strong></strong><br /><strong>Description</strong>: Stopping fields in accordance with selected Radio Button.<br /><strong>Fields that will be displayed in Grid</strong>:<br />Address, City and Region.<br /><strong>Guidance</strong>: Only Register<br /><strong>Paging</strong>: Partial<br /><strong>Lines per Page</strong>: 10<br /><strong>Lines for Inclusion</strong>: 10<br /><strong>Table width</strong>: 100<br /><strong>Table unit width</strong>: Percent<br /><strong>Header-&gt;Form Title</strong>: Form Insertion and Alteration</p>\n<p class=\"style1\"><strong>Create New Field: <br />Residence : Data Type</strong>: Radio</p>\n<p class=\"style1\">JavaScript Code used:</p>\n<p class=\"style2\">if(document.F1.notes[0].checked)<br />{<br />document.F1.address.value=@@##@@##;<br />document.F1.city.value=@@##@@##;<br />document.F1.region.value=@@##@@##;<br />document.F1.address.disabled=true;<br />document.F1.city.disabled=true;<br />document.F1.region.disabled=true;<br />}<br />else<br />{<br />document.F1.address.disabled=false;<br />document.F1.city.disabled=false;<br />document.F1.region.disabled=false;</p>\n<p class=\"style1\"><span class=\"style3\">}</span></p>','','S','S','','','en_us','form16','2008-09-10'),(188,'form29','Autoincrement - examples (manual)','','','formulario/f29_en_us.php',28,'http://www.scriptcase.net/sistemas4/exemplos_en_us/form29/form29.php','form auto increment field ','','4','<p>Untitled Document <!--\r\n.style1 {\r\n	font-family: Verdana, Arial, Helvetica, sans-serif;\r\n	font-size: 12px;\r\n}\r\n.style3 {font-family: Verdana, Arial, Helvetica, sans-serif; font-size: 12px; font-weight: bold; }\r\n.style2 {font-size: 12px}\r\n.style4 {font-family: Verdana, Arial, Helvetica, sans-serif}\r\n-->\n<script type=\"text/javascript\"></script>\n<span class=\"style3\">F29 - Autoincrement - examples (manual)</span><span class=\"style2\"><span class=\"style4\"><strong> </strong></span></span></p>\n<p class=\"style1\"><strong>Application Name</strong>: form_a_incre_manu<br /><strong>Table:</strong> categories<strong></strong><br /><strong>Description</strong>: Form using Manual Autoincrement<br /><strong>Fields that will be displayed</strong>:<br />CategoryID, CategoryName, Description.<br /><strong>Guidance</strong>: Only Register<br /><strong>Paging</strong>: Partial<br /><strong>Lines per Page</strong>: 10<br /><strong>Liness for Inclusion</strong>: 10<br /><strong>Table width</strong>: 600<br /><strong>Table unit width</strong>: Pixel<br /><strong>Header-&gt;Form Title</strong>: Form using Manual Autoincrement.</p>','','S','S','','','en_us','form29','2008-09-10'),(189,'form34','Autoincrement - examples (automatic)','','','formulario/f34_en_us.php',28,'http://www.scriptcase.net/sistemas4/exemplos_en_us/form34/form34.php','form auto increment field','','4','<p>Untitled Document <!--\r\n.style1 {\r\n	font-family: Verdana, Arial, Helvetica, sans-serif;\r\n	font-size: 12px;\r\n}\r\n.style3 {font-family: Verdana, Arial, Helvetica, sans-serif; font-size: 12px; font-weight: bold; }\r\n.style2 {font-size: 12px}\r\n.style4 {font-family: Verdana, Arial, Helvetica, sans-serif}\r\n-->\n<script type=\"text/javascript\"></script>\n<span class=\"style3\">F34 - Autoincrement - examples (automatic)</span><span class=\"style2\"><span class=\"style4\"><strong> </strong></span></span></p>\n<p class=\"style1\"><strong>Application Name</strong>: form_a_incre_auto<br /><strong>Table</strong>:<strong> </strong>categories.<br /><strong>Description</strong>: Form using automatic auto increment<strong><br /></strong><strong>Fields that will be displayed</strong>: <br />Category, CategoryName, Description.<br /><strong>Guidance</strong>: Only Register<br /><strong>Paging</strong>: Partial<br /><strong>Lines per Page</strong>: 10<br /><strong>Liness for Inclusion</strong>: 10<br /><strong>Table width</strong>: 600<br /><strong>Table unit width</strong>: Pixel<br /><strong>Header-&gt;Form Title</strong>: Using automatic auto increment<strong></strong>.</p>\n<p class=\"style1\"><strong>CategoryID : Database Value</strong>: Automatic auto increment<strong></strong></p>','','S','S','','','en_us','form34','2008-09-10'),(190,'form30','Automatic Lookup (checkbox, Select, Radio e Double-Select)','','','formulario/f30_en_us.php',28,'http://www.scriptcase.net/sistemas4/exemplos_en_us/form30/form30.php','Automatic Lookup (checkbox, Select, Radio e Double-Select)','','4','<p>Untitled Document <!--\r\n.style1 {\r\n	font-family: Verdana, Arial, Helvetica, sans-serif;\r\n	font-size: 12px;\r\n}\r\n.style3 {font-family: Verdana, Arial, Helvetica, sans-serif; font-size: 12px; font-weight: bold; }\r\n.style2 {font-size: 12px}\r\n.style4 {font-family: Verdana, Arial, Helvetica, sans-serif}\r\n-->\n<script type=\"text/javascript\"></script>\n<span class=\"style3\">F30 - Automatic Lookup (checkbox, Select, Radio e Double-Select)</span> <span class=\"style2\"><span class=\"style4\"><strong></strong></span></span></p>\n<p class=\"style1\"><strong>Application Name</strong>: form_a_lookop_auto<br /><strong>Table</strong>: departments.<br /><strong>Description</strong>: Form using automatic lookup<br /><strong>Fields that will be displayed</strong>: DeptName<br /><strong>Guidance</strong>: Only Register<br /><strong>Paging</strong>: Partial<br /><strong>Lines per Page</strong>: 10<br /><strong>Liness for Inclusion</strong>: 10<br /><strong>Table width</strong>: 600<br /><strong>Table unit width</strong>: Pixel<br /><strong>Header-&gt;Form Title</strong>: Form using automatic lookup.</p>','','S','S','','','en_us','form30','2008-09-10'),(191,'form35','Manual Lookup (checkbox, Select, Radio e Double-Select)','','','formulario/f35_en_us.php',28,'http://www.scriptcase.net/sistemas4/exemplos_en_us/form35/form35.php','Manual Lookup (checkbox, Select, Radio e Double-Select)','','4','<p>Untitled Document <!--\r\n.style1 {\r\n	font-family: Verdana, Arial, Helvetica, sans-serif;\r\n	font-size: 12px;\r\n}\r\n.style3 {font-family: Verdana, Arial, Helvetica, sans-serif; font-size: 12px; font-weight: bold; }\r\n.style2 {font-size: 12px}\r\n.style4 {font-family: Verdana, Arial, Helvetica, sans-serif}\r\n-->\n<script type=\"text/javascript\"></script>\n<span class=\"style3\">F35 - Manual Lookup (checkbox, Select, Radio e Double-Select)</span> <span class=\"style2\"><span class=\"style4\"><strong></strong></span></span></p>\n<p class=\"style1\"><strong>Application Name</strong>: form_a_lookop_manu<br /><strong>Table</strong>: departments.<br /><strong>Description</strong>: Form using manual lookup<br /><strong>Fields that will be displayed</strong>: <br />DeptName.<br /><strong>Guidance</strong>: Only Register<br /><strong>Paging</strong>: Partial<br /><strong>Lines per Page</strong>: 10<br /><strong>Liness for Inclusion</strong>: 10<br /><strong>Table width</strong>: 600<br /><strong>Table unit width</strong>: Pixel<br /><strong>Header-&gt;Form Title</strong>: Form using manual lookup.</p>','','S','S','','','en_us','form35','2008-09-10'),(192,'form13','Capture information from a grid','','http://www.scriptcase.net/siteen/samples/tutoriais/form/form13.php','formulario/f13_en_us.php',29,'http://www.scriptcase.net/sistemas4/exemplos_en_us/form13/form13.php','Bringing information from other applications (capture)','','4','<p><!-- .style1 { font-family: Verdana, Arial, Helvetica, sans-serif; font-size: 12px; } .style3 {font-family: Verdana, Arial, Helvetica, sans-serif; font-size: 12px; font-weight: bold; } .style2 {font-size: 12px} .style4 {font-family: Verdana, Arial, Helvetica, sans-serif} -->\n<script type=\"text/javascript\"></script>\n<strong><span class=\"style3\">F13 - Bringing information from other applications(capture)</span><span class=\"style2\"><span class=\"style4\"> </span></span></strong></p>\n<p class=\"style1\"><strong>Application Name:</strong> form_a_search<br /><strong>Table</strong>: products<br /><strong>Description</strong>: Form getting informations from other application.<strong><br /></strong><strong>Fields that will be displayed</strong>:<br />ProductID, ProductName, SupplierID, CategoryID, QuantityPerUnit, UnitPrice, TotalValue, UnitsInStock.<br /><strong>Guidance</strong>: Only Register<br /><strong>Paging</strong>: Partial<strong><br /></strong><strong>Table width</strong>: 0<br /><strong>Table unit width</strong>: Automatic</p>\n<p class=\"style1\"><strong>Application Name</strong>: cons_busca_categorias<br /><strong>Table</strong>: categories<br /><strong>Description</strong>: Consultation for seek categories in capture linking of the products form.<br /><strong>Fields that will be displayed</strong>:<br />CategoryID, CategoryName, Description, Picture.<br /><strong>Guidance</strong>: Horizontal<br /><strong>Paging</strong>: Partial<br /><strong>Lines per Page</strong>: 10<strong><br /></strong><strong>Table width</strong>: 0<br /><strong>Table unit width</strong>: Automatic</p>','S','S','S','N','S','en_us','form13','2008-09-10'),(193,'form27','Making a link between a father and son Form','','','formulario/f27_en_us.php',29,'http://www.scriptcase.net/sistemas4/exemplos_en_us/form27/form27.php','Making a link between a father and son Form','','4','<p><!--\r\n.style1 {\r\n	font-family: Verdana, Arial, Helvetica, sans-serif;\r\n	font-size: 12px;\r\n}\r\n.style4 {font-family: Verdana, Arial, Helvetica, sans-serif; font-size: 12px; font-weight: bold; }\r\n.style2 {font-size: 12px}\r\n.style3 {font-family: Verdana, Arial, Helvetica, sans-serif}\r\n-->\n<script type=\"text/javascript\"></script>\n</p>\n<p class=\"style1\"><strong>F27 - Making a link between a father and son Form</strong>.<span class=\"style2\"><span class=\"style3\"><strong> </strong></span></span></p>\n<p class=\"style1\"><strong>Application Name</strong>: form_pedidos<br /><strong>Table</strong>: orders<br /><strong>Description</strong>: Formul&aacute;rio de Pedidos <br /><strong>Fields that will be displayed</strong>:<br />OrderID, CustomerId, OrderDate<br /><strong>Guidance</strong>: Only Register<br /><strong>Paging</strong>: Partial<br /><strong>Table width</strong>: 0<br /><strong>Table unit width</strong>: Automatic<br /><strong>Header-&gt;Form Title</strong>: Order<span class=\"style4\"><br />Create a New Link</span></p>\n<table class=\"style1\" border=\"1\" cellspacing=\"0\" width=\"80%\" bordercolor=\"#666666\">\n<tbody>\n<tr>\n<td bordercolor=\"#666666\"><strong>Link</strong></td>\n<td>Application</td>\n</tr>\n<tr>\n<td><strong>Application called</strong></td>\n<td>form_pedidos_itens</td>\n</tr>\n<tr>\n<td><strong>Parameter: OrderID </strong></td>\n<td>Field:OrderID</td>\n</tr>\n<tr>\n<td><strong>Parameter: ProductID</strong></td>\n<td>Empty:(Pass no value)</td>\n</tr>\n<tr>\n<td><strong>Parameter: var_order</strong></td>\n<td>Field:OrderID</td>\n</tr>\n</tbody>\n</table>\n<p class=\"style1\">&nbsp;</p>\n<p class=\"style1\"><strong>Application Name</strong>: form_orders_items<br /><strong>Table</strong>: orders_items<br /><strong>Description</strong>:Orders Items Form<br /><strong>Fields that will be displayed</strong>:<br />Order ID, ProductID, UnitPrice, Quantity, Discount, Total.<br /><strong>Guidance</strong>: Multiple Registers<br /><strong>Paging</strong>: Partial<br /><strong>Lines per page</strong>: 5<br /><strong>Table width</strong>: 0<br /><strong>Table unit width</strong>: Automatic<br /><strong>Header-&gt;Form Title: </strong>Order Items</p>','','S','S','','','en_us','form27','2008-09-10'),(194,'form28','Create new button for call another application (Link).','','','formulario/f28_en_us.php',29,'http://www.scriptcase.net/sistemas4/exemplos_en_us/form28/form28.php','Create new button for call another application (Link).','','4','<p><!--\r\n.style1 {\r\n	font-family: Verdana, Arial, Helvetica, sans-serif;\r\n	font-size: 12px;\r\n}\r\n.style3 {font-family: Verdana, Arial, Helvetica, sans-serif; font-size: 12px; font-weight: bold; }\r\n.style2 {font-size: 12px}\r\n.style4 {font-family: Verdana, Arial, Helvetica, sans-serif}\r\n-->\n<script type=\"text/javascript\"></script>\n</p>\n<p class=\"style1\"><strong>F28 - Create new button for call another application (Link)<span class=\"style2\"><span class=\"style4\"><strong> </strong></span></span><br /><br />Application Name</strong>: form_a_btnlig<br /><strong>Table:</strong> products<strong></strong><br /><strong>Description</strong>: Form with Link button<br /><strong>Fields that will be displayed</strong>:<br />ProductID, ProductName, SupplierID, CategoryID, QuantityPerUnit, UnitPrice, TotalValue, UnitInStock.<br /><strong>Guidance</strong>: Only Register<br /><strong>Paging</strong>: Partial<br /><strong>Table width</strong>: 0<br /><strong>Table unit width</strong>: Automatic<br /><strong>Header-&gt;Form Title: </strong>Using Link Button</p>\n<p><span class=\"style3\">Create New Button</span></p>\n<table class=\"style1\" border=\"1\" cellspacing=\"0\" cellpadding=\"0\" width=\"80%\" bordercolor=\"#666666\">\n<tbody>\n<tr>\n<td><strong>Name</strong></td>\n<td>Suppliers</td>\n</tr>\n<tr>\n<td><strong>Type</strong></td>\n<td>Link</td>\n</tr>\n<tr>\n<td><strong>Label</strong></td>\n<td>Suppliers</td>\n</tr>\n<tr>\n<td><strong>Show in Inclusion</strong></td>\n<td>Yes</td>\n</tr>\n</tbody>\n</table>\n<p class=\"style1\">&nbsp;</p>\n<p><span class=\"style3\">Create New Link</span></p>\n<table class=\"style1\" border=\"1\" cellspacing=\"0\" cellpadding=\"0\" width=\"80%\" bordercolor=\"#666666\">\n<tbody>\n<tr>\n<td><strong>Type</strong></td>\n<td>Button: suppliers</td>\n</tr>\n<tr>\n<td><strong>Application Call: </strong></td>\n<td>form_a_suppliers</td>\n</tr>\n<tr>\n<td><strong>Parameter: SupplierID</strong></td>\n<td>Empty(Pass no value)</td>\n</tr>\n</tbody>\n</table>\n<p class=\"style1\">&nbsp;</p>\n<p class=\"style1\"><strong>Application Name</strong>: form_a_suppliers<br /><strong>Table</strong>: suppliers<br /><strong>Description</strong>: <br /><strong></strong><strong>Fields that will be displayed</strong>:<br />SupplierID, SupplierName, ContactName, ContactTitle.<br /><strong>Guidance</strong>: Only Register<br /><strong>Paging</strong>: Partial<strong><br /></strong><strong>Table width</strong>: 0<br /><strong>Table unit width</strong>: Automatic<br /><strong>Header-&gt;Form Title</strong>: Suppliers Form</p>','','S','S','','','en_us','form28','2008-09-10'),(195,'form31','Create new button to make a processing','','','formulario/f31_en_us.php',30,'http://www.scriptcase.net/sistemas4/exemplos_en_us/form31/form31.php','form bussiness rules create new button','','4','<p>Untitled Document <!--\r\n.style1 {\r\n	font-family: Verdana, Arial, Helvetica, sans-serif;\r\n	font-size: 12px;\r\n}\r\n.style3 {font-family: Verdana, Arial, Helvetica, sans-serif; font-size: 12px; font-weight: bold; }\r\n.style2 {font-size: 12px}\r\n.style4 {font-family: Verdana, Arial, Helvetica, sans-serif}\r\n-->\n<script type=\"text/javascript\"></script>\n<span class=\"style3\">F31 - Create new button to make a processing</span><span class=\"style2\"><span class=\"style4\"><strong> </strong></span></span></p>\n<p class=\"style1\"><strong>Application Name</strong>: form_a_btnprocessing<br /><strong>Table</strong>: customer<br /><strong>Description</strong>: Form with button to make a processing.<br /><strong>Fields that will be displayed</strong>: <br />CustomerId, CustomerName, BirthDate.<br /><strong>Guidance</strong>: Only Register<br /><strong>Paging</strong>: Partial<br /><strong>Table width</strong>: 0<br /><strong>Table unit width</strong>: Automatic<br /><strong>Header-&gt;Form Title</strong>: Button with a processing</p>\n<p><span class=\"style1\"><strong>New Button</strong>:</span></p>\n<table class=\"style1\" border=\"1\" cellspacing=\"0\" cellpadding=\"0\" width=\"80%\" bordercolor=\"#666666\">\n<tbody>\n<tr>\n<td><strong>Name</strong></td>\n<td>Orders</td>\n</tr>\n<tr>\n<td><strong>Type</strong></td>\n<td>PHP</td>\n</tr>\n<tr>\n<td><strong>Label</strong></td>\n<td>Download Orders</td>\n</tr>\n<tr>\n<td><strong>Target</strong></td>\n<td>Another window</td>\n</tr>\n<tr>\n<td align=\"left\" valign=\"top\"><strong>PHP Code</strong></td>\n<td>\n<p>sc_lookup(ds,\"select count(*) from orders where CustomerID = @@##{CustomerID}@@## \");</p>\n<p>if({ds}[0][0] &lt;=0) {</p>\n<p>echo \"\n<script type=\"text/javascript\"><!--\r\nalert(@@##Do not exist orders for this customer@@##)\r\n// --></script>\n\";</p>\n<p>}else{</p>\n<p>sc_redir(cons_a_btnprocessamento,var_customer={CustomerID});</p>\n<p>}</p>\n<p>&nbsp;</p>\n</td>\n</tr>\n</tbody>\n</table>\n<p class=\"style1\">&nbsp;</p>\n<p class=\"style1\"><strong>Application Name</strong>:<strong> </strong>cons_a_btnprocessing<br /><strong>Table</strong>: orders<br /><strong>Descri&ccedil;&atilde;o</strong>: Consultation called through a button in the form<br /><strong>Fields that will be displayed</strong>: <br />OrderID, CustomerID, Freight, PriceOrder<br /><strong>Guidance</strong>: Horizontal<br /><strong>Paging</strong>: Partial<strong><br /></strong><strong>Table width</strong>: 10<br /><strong>Table unit width</strong>: Automatic<br /><strong>SQL Command: </strong>Add to Command=&gt;WHERE CustomerID = @@##[var_customer]@@## <br /><strong>Header-&gt;Consultation Title</strong>: Orders Consultation</p>','','S','S','','','en_us','form31','2008-09-10'),(196,'form32','Hidding field dynamically in the Form using Macro sc_field_display','','','formulario/f32_en_us.php',30,'http://www.scriptcase.net/sistemas4/exemplos_en_us/form32/form32.php','form bussiness rules hide field sc_field_display','','4','<p><!--\r\n.style1 {\r\n	font-family: Verdana, Arial, Helvetica, sans-serif;\r\n	font-size: 12px;\r\n}\r\n.style2 {font-family: Verdana, Arial, Helvetica, sans-serif; font-size: 12px; font-weight: bold; }\r\n.style3 {font-size: 12px}\r\n.style3 {font-family: Verdana, Arial, Helvetica, sans-serif}\r\n-->\n<script type=\"text/javascript\"></script>\n</p>\n<p class=\"style2\"><strong>F32 - Hidding field dynamically in the Form using&nbsp; sc_field_display Macro</strong><span class=\"style3\"><strong> </strong></span></p>\n<p class=\"style1\"><strong>Application Name</strong>: form_a_fielddisplay<br /><strong>Table</strong>: products<br /><strong>Description</strong>: Hidding fields dynamically.<br /><strong>Fields that will be displayed</strong>: <br />ProductID, ProductName, SupplierID, CategoryID, QuantityPerUnit, UnitPrice, TotalValue, UnitInStock.<br /><strong>Guidance</strong>: Only Register<br /><strong>Paging</strong>: Partial<br /><strong>Table width</strong>: 40<br /><strong>Table unit width</strong>: Percent<br /><strong>Header-&gt;Form Title</strong>: Hidding fields dynamically. <br /><strong>Events:</strong></p>\n<table class=\"style1\" border=\"1\" cellspacing=\"0\" cellpadding=\"0\" width=\"80%\" bordercolor=\"#666666\">\n<tbody>\n<tr>\n<td align=\"left\" valign=\"top\"><strong>OnLoad:</strong></td>\n<td>\n<p>if(!sc_btn_new){</p>\n<p>sc_field_display({SupplierID},@@##off@@##);<br />sc_field_display({CategoryID},@@##off@@##):</p>\n<p>}else{</p>\n<p>sc_field_display({SupplierID},@@##on@@##);<br />sc_field_display({CategoryID,@@##on@@##);<br />}</p>\n</td>\n</tr>\n</tbody>\n</table>\n<p class=\"style1\">&nbsp;</p>','','S','S','','','en_us','form32','2008-09-10'),(197,'form46','Generating a criticism for tables with Dependency','','','formulario/s8_en_us.php',30,'http://www.scriptcase.net/sistemas4/exemplos_en_us/form46/form46.php','Generating a criticism for tables with Dependency','','4','<p><!--\r\n.style1 {	font-family: Verdana, Arial, Helvetica, sans-serif;\r\n	font-size: 12px;\r\n	font-weight: bold;\r\n}\r\n.style2 {font-size: 12px}\r\n.style3 {font-family: Verdana, Arial, Helvetica, sans-serif}\r\n-->\n<script type=\"text/javascript\"></script>\n<strong><span class=\"style1\">F46&nbsp;- Generating a criticism for tables with Dependency</span></strong><span class=\"style2\"><span class=\"style3\"><strong> </strong></span></span></p>','','S','S','','','en_us','form46','2008-09-10'),(198,'form33','Assign values to fields that are not showing on Form','','','formulario/f33_en_us.php',30,'http://www.scriptcase.net/sistemas4/exemplos_en_us/form33/form33.php','Assign values to fields that are not showing on Form','','4','<p><strong><span class=\"style3\">F33 - Assign values to fields that are not showing on Form</span><span class=\"style2\"><span class=\"style4\"> </span></span></strong></p>\n<p class=\"style1\"><strong>Application Name</strong>: form_a_assign<br /><strong>Table</strong>: releases<strong><br />Description</strong>: Assigning values to fields that are not showing on Form<br /><strong>Fields that will be displayed</strong>: <br />LanctoID, fk_CompanyID, fk_DeptID, fk_AccountID, LanctoValue.<br /><strong>Guidance</strong>: Only Register<br /><strong>Paging</strong>: Partial<br /><strong>Table width</strong>: 0<br /><strong>Table unit width</strong>: Automatic<br /><strong>Header-&gt;Form Title</strong>: Assign values<br /><strong>Debug</strong> <strong>Mode</strong>: Yes<br /><strong>Assign Values</strong>:</p>\n<table class=\"style1\" border=\"1\" cellspacing=\"0\" cellpadding=\"0\" width=\"80%\" bordercolor=\"#666666\">\n<tbody>\n<tr>\n<td><strong>Database Value(Insertion)</strong></td>\n<td>All Fields</td>\n</tr>\n<tr>\n<td><strong>Field: LanctoID</strong></td>\n<td>Auto-Increment (manual)</td>\n</tr>\n<tr>\n<td><strong>Field: LanctoDate</strong></td>\n<td>Inclusion Date</td>\n</tr>\n</tbody>\n</table>\n<p class=\"style1\">&nbsp;</p>','','S','S','','','en_us','form33','2008-09-10'),(200,'form48','Auto-complete Field','','','formulario/s2_en_us.php',31,'http://www.scriptcase.net/sistemas4/exemplos_en_us/form48/form48.php','Auto-complete Field ','','4','<p><!--\r\n.style1 {	font-family: Verdana, Arial, Helvetica, sans-serif;\r\n	font-size: 12px;\r\n	font-weight: bold;\r\n}\r\n.style2 {font-size: 12px}\r\n.style3 {font-family: Verdana, Arial, Helvetica, sans-serif}\r\n--><strong><span class=\"style1\">F48&nbsp;- Auto-complete Field</span><span class=\"style2\"><span class=\"style3\"> </span></span></strong></p>','','S','S','','','en_us','form48','2008-09-10'),(201,'form49','Fields Reload','','','formulario/s3_en_us.php',31,'http://www.scriptcase.net/sistemas4/exemplos_en_us/form49/form49.php','Fields Reload','','4','<p><strong><span class=\"style1\">F49&nbsp;- Fields Reload</span><span class=\"style2\"><span class=\"style3\"> </span></span></strong></p>','','S','S','','','en_us','form49','2008-09-10'),(202,'form50','Business Rule using AJAX Events','','','formulario/s4_en_us.php',31,'http://www.scriptcase.net/sistemas4/exemplos_en_us/form50/form50.php','Business Rule using AJAX Events','','4','<p><strong><span class=\"style1\">F50&nbsp;- Business Rule using AJAX Events</span></strong><span class=\"style2\"><span class=\"style3\"><strong> </strong></span></span></p>','','S','S','','','en_us','form50','2008-09-10'),(203,'form51','Auto-Complete field with Capture','','','formulario/s5_en_us.php',31,'http://www.scriptcase.net/sistemas4/exemplos_en_us/form51/form51.php','Auto-Complete field with Capture','','4','<p><!--\r\n.style1 {	font-family: Verdana, Arial, Helvetica, sans-serif;\r\n	font-size: 12px;\r\n	font-weight: bold;\r\n}\r\n.style2 {font-size: 12px}\r\n.style3 {font-family: Verdana, Arial, Helvetica, sans-serif}\r\n-->\n<script type=\"text/javascript\"></script>\n<strong><span class=\"style1\">F51 - Auto-Complete field with Capture</span></strong><span class=\"style2\"><span class=\"style3\"><strong> </strong></span></span></p>','','S','S','','','en_us','form51','2008-09-10'),(204,'form52','Form with AJAX validation','','','formulario/s6_en_us.php',31,'http://www.scriptcase.net/sistemas4/exemplos_en_us/form52/form52.php','Form with AJAX validation','','4','<p><strong><span class=\"style1\">F52&nbsp;- Form with AJAX validation</span><span class=\"style2\"><span class=\"style3\"> </span></span></strong></p>','','S','S','','','en_us','form52','2008-09-10'),(205,'form53','Orders and Items (1 - N) with AJAX routines','','','formulario/s7_en_us.php',31,'http://www.scriptcase.net/sistemas4/exemplos_en_us/form53/form53.php','Orders and Items (1 - N) with AJAX routines','','4','<p><!--\r\n.style1 {	font-family: Verdana, Arial, Helvetica, sans-serif;\r\n	font-size: 12px;\r\n	font-weight: bold;\r\n}\r\n.style2 {font-size: 12px}\r\n.style3 {font-family: Verdana, Arial, Helvetica, sans-serif}\r\n-->\n<script type=\"text/javascript\"></script>\n<strong><span class=\"style1\">F53&nbsp;- Orders and Items (1 - N) with AJAX routines</span></strong><span class=\"style2\"><span class=\"style3\"><strong> </strong></span></span></p>','','S','S','','','en_us','form53','2008-09-10'),(229,'form38','Master/Detail','','http://www.scriptcase.net/siteen/samples/tutoriais/form/form38.php','new/nw1_en_us.php',27,'http://www.scriptcase.net/sistemas4/exemplos_en_us/form38/form38.php','form master detail ','','4','<p><!--\r\n.style1 {\r\n	font-family: Verdana, Arial, Helvetica, sans-serif;\r\n	font-size: 12px;\r\n}\r\n.style2 {font-family: Verdana, Arial, Helvetica, sans-serif; font-size: 12px; font-weight: bold; }\r\n-->\n<script type=\"text/javascript\"></script>\n</p>\n<p class=\"style2\"><strong>F38&nbsp;- Creating a Form Master-Detail</strong></p>\n<p class=\"style1\">&nbsp;</p>\n<p class=\"style1\">This example show how create a master-detail aplication using link detail resource.</p>','S','S','S','','S','en_us','form38','2008-09-10'),(230,'form39','Editable grid','','http://www.scriptcase.net/siteen/samples/tutoriais/form/form39.php','new/nw2_en_us.php',27,'http://www.scriptcase.net/sistemas4/exemplos_en_us/form39/form39.php','Form Editable Grid','video_dest.gif','4','<p><!--\r\n.style1 {\r\n	font-family: Verdana, Arial, Helvetica, sans-serif;\r\n	font-size: 12px;\r\n}\r\n.style2 {\r\n	font-family: Verdana, Arial, Helvetica, sans-serif;\r\n	font-weight: bold;\r\n	font-size: 12px;\r\n}\r\n-->\n<script type=\"text/javascript\"></script>\n</p>\n<p><strong>F39&nbsp;- Form Editable Grid</strong></p>\n<p>&nbsp;</p>\n<p>This example show the resources of Form Editable Grid.</p>\n<p class=\"style1\">&nbsp;</p>','S','S','S','','S','en_us','form39','2008-09-10'),(231,'form40','Multiple records','','http://www.scriptcase.net/siteen/samples/tutoriais/form/form40.php','new/nw3_en_us.php',27,'http://www.scriptcase.net/sistemas4/exemplos_en_us/form40/form40.php','form multiple individually records','video_dest.gif','4','<p><!-- .style2 { font-family: Verdana, Arial, Helvetica, sans-serif; font-weight: bold; font-size: 12px; } .style3 { font-family: Verdana, Arial, Helvetica, sans-serif; font-size: 12px; } -->\n<script type=\"text/javascript\"></script>\n</p>\n<p><strong>F40&nbsp;- Form Mutiple record(Individually)<span class=\"style2\"> </span></strong></p>\n<p>&nbsp;</p>','S','S','S','N','S','en_us','form40','2008-09-10'),(232,'search02','Special conditions for date fields','','http://www.scriptcase.net/siteen/samples/tutoriais/search/search02.php','new/nw4_en_us.php',36,'http://www.scriptcase.net/sistemas4/exemplos_en_us/search02/search02.php','filter special conditions field date','video_dest.gif','4','<p><!--\r\n.style1 {\r\n	font-family: Verdana, Arial, Helvetica, sans-serif;\r\n	font-weight: bold;\r\n	font-size: 12px;\r\n}\r\n.style2 {\r\n	font-family: Verdana, Arial, Helvetica, sans-serif;\r\n	font-size: 12px;\r\n}\r\n-->\n<script type=\"text/javascript\"></script>\n</p>\n<p class=\"style1\"><strong>FILT2 - Special Filters Conditions</strong></p>','S','S','S','','S','en_us','search02','2008-09-10'),(233,'h1_helpcase_overview','HelpCase: Generator of Documentation','','http://www.scriptcase.info/site/examples/video/en_us/com_audio/helpcase_overview/helpcase_overview.htm','new/nw5_en_us.php',42,'','generate documetation helpcase','video_dest.gif','4','<p><!--\r\n.style1 {\r\n	font-family: Verdana, Arial, Helvetica, sans-serif;\r\n	font-size: 12px;\r\n}\r\n.style2 {	font-family: Verdana, Arial, Helvetica, sans-serif;\r\n	font-weight: bold;\r\n	font-size: 12px;\r\n}\r\n-->\n<script type=\"text/javascript\"></script>\n</p>\n<p class=\"style1\"><strong>H1 - HelpCase: Generator of Documentation<span class=\"style2\"> </span></strong></p>','S','S','N','N','S','en_us','helpcase/h1','2008-09-10'),(234,'form41','HTML editor','','http://www.scriptcase.net/siteen/samples/tutoriais/form/form41.php','new/nw6_en_us.php',27,'http://www.scriptcase.net/sistemas4/exemplos_en_us/form41/form41.php','form field type html editor using','video_dest.gif','4','<p><!--\r\n.style1 {\r\n	font-family: Verdana, Arial, Helvetica, sans-serif;\r\n	font-size: 12px;\r\n}\r\n.style2 {	font-family: Verdana, Arial, Helvetica, sans-serif;\r\n	font-weight: bold;\r\n	font-size: 12px;\r\n}\r\n-->\n<script type=\"text/javascript\"></script>\n</p>\n<p class=\"style1\"><strong>F41&nbsp;- Field HTML Editor<span class=\"style2\"> </span></strong></p>\n<p class=\"style1\">&nbsp;</p>','S','S','S','N','S','en_us','form41','2008-09-10'),(235,'','Linking the HelpCase Document to an Application','','','new/nw7_en_us.php',42,'','','video_dest.gif','4','<p><!--\r\n.style1 {\r\n	font-family: Verdana, Arial, Helvetica, sans-serif;\r\n	font-weight: bold;\r\n	font-size: 12px;\r\n}\r\n.style4 {font-size: 12px; font-family: Verdana, Arial, Helvetica, sans-serif; }\r\n-->\n<script type=\"text/javascript\"></script>\n</p>\n<p class=\"style1\"><strong>H2 - Linking the HelpCase Document to an Application</strong></p>','','S','N','N','N','en_us','helpcase/h2','2008-09-10'),(236,'','New Interface Development (Resource of Tabs)','','','new/nw8_en_us.php',42,'','','video_dest.gif','4','<p><!--\r\n.style1 {\r\n	font-family: Verdana, Arial, Helvetica, sans-serif;\r\n	font-size: 12px;\r\n}\r\n.style2 {	font-family: Verdana, Arial, Helvetica, sans-serif;\r\n	font-weight: bold;\r\n	font-size: 12px;\r\n}\r\n.style4 {font-family: Verdana, Arial, Helvetica, sans-serif; font-size: 12px; font-style: italic; }\r\n-->\n<script type=\"text/javascript\"></script>\n</p>\n<p class=\"style1\"><strong>H3 - New Development Interface (Resource of Tabs)<span class=\"style2\"> <br /></span></strong></p>','','S','N','N','N','en_us','helpcase/h3','2008-09-10'),(237,'pdf01','PDF Report with fields Subselect','','','new/nw9_en_us.php',45,'http://www.scriptcase.net/sistemas4/exemplos_en_us/pdf01/pdf01.php','PDF Report with fields Subselect','video_dest.gif','4','<p><!-- .style2 { font-family: Verdana, Arial, Helvetica, sans-serif; font-weight: bold; font-size: 12px; } .style3 { font-family: Verdana, Arial, Helvetica, sans-serif; font-size: 12px; } -->\n<script type=\"text/javascript\"></script>\n</p>\n<p><strong>PDF1 - Report PDF with fields Subselect<span class=\"style2\"> </span></strong></p>\n<p>&nbsp;</p>','S','S','S','N','N','en_us','pdf01','2008-09-10'),(238,'form42','Blocks and tabs','','http://www.scriptcase.net/siteen/samples/tutoriais/form/form42.php','new/nw10_en_us.php',27,'http://www.scriptcase.net/sistemas4/exemplos_en_us/form42/form42.php','Form with Blocks and Tabs','video_dest.gif','4','<p><!--\r\n.style2 {	font-family: Verdana, Arial, Helvetica, sans-serif;\r\n	font-weight: bold;\r\n	font-size: 12px;\r\n}\r\n.style3 {\r\n	font-family: Verdana, Arial, Helvetica, sans-serif;\r\n	font-size: 12px;\r\n}\r\n-->\n<script type=\"text/javascript\"></script>\n</p>\n<p><strong>F42 - Form with Blocks and Tabs<span class=\"style2\"> </span></strong></p>','S','S','S','','S','en_us','form42','2008-09-10'),(239,'pdf02','Printing a business card','','http://www.scriptcase.net/siteen/samples/tutoriais/pdf/pdf02.php','new/nw11_en_us.php',45,'http://www.scriptcase.net/sistemas4/exemplos_en_us/pdf02/pdf02.php','report pdf bussiness card image background ','video_dest.gif','4','<p><!-- .style1 { font-family: Verdana, Arial, Helvetica, sans-serif; font-size: 12; } .style2 {font-size: 12px} .style6 { font-size: 12px; font-family: Verdana, Arial, Helvetica, sans-serif; font-weight: bold; } -->\n<script type=\"text/javascript\"></script>\n</p>\n<p class=\"style6\"><strong>PDF2 - Report PDF : Bussiness Card</strong></p>\n<p class=\"style1\">&nbsp;</p>','S','S','S','N','S','en_us','pdf02','2008-09-10'),(240,'pdf03','Printing an invoice','','http://www.scriptcase.net/siteen/samples/tutoriais/pdf/pdf03.php','new/nw12_en_us.php',45,'http://www.scriptcase.net/sistemas4/exemplos_en_us/pdf03/pdf03.php','report pdf background image invoice','video_dest.gif','4','<p><!-- .style2 {font-family: Verdana, Arial, Helvetica, sans-serif; font-size: 12px; } .tabela { border-style:solid; border-spacing:inherit; border-color:#CCCCCC;} .style3 { font-family: Verdana, Arial, Helvetica, sans-serif; font-weight: bold; font-size: 12px; } -->\n<script type=\"text/javascript\"></script>\n</p>\n<p class=\"style2\"><strong>PDF3 - Report PDF: Printing an Invoice<span class=\"style3\"> </span></strong></p>','S','S','S','N','S','en_us','pdf03','2008-09-10'),(242,'form44','Unique key validation','','http://www.scriptcase.net/siteen/samples/tutoriais/form/form44.php','new/nw14_en_us.php',27,'http://www.scriptcase.net/sistemas4/exemplos_en_us/form44/form44.php','unique key validation','video_dest.gif','4','<p><!-- .style2 { font-family: Verdana, Arial, Helvetica, sans-serif; font-weight: bold; font-size: 12px; } .style3 { font-family: Verdana, Arial, Helvetica, sans-serif; font-size: 12px; } --><strong>F44&nbsp;- Validation of Unique Key<span class=\"style2\"> </span></strong></p>\n<p>&nbsp;</p>','S','S','S','N','S','en_us','form44','2008-09-10'),(243,'form45','Editing a select field using another form','','http://www.scriptcase.net/siteen/samples/tutoriais/form/form45.php','new/nw15_en_us.php',27,'http://www.scriptcase.net/sistemas4/exemplos_en_us/form45/form45.php','form link capture select','video_dest.gif','4','<p><!--\r\n.style2 {	font-family: Verdana, Arial, Helvetica, sans-serif;\r\n	font-weight: bold;\r\n	font-size: 12px;\r\n}\r\n.style3 {\r\n	font-family: Verdana, Arial, Helvetica, sans-serif;\r\n	font-size: 12px;\r\n}\r\n-->\n<script type=\"text/javascript\"></script>\n</p>\n<p><strong>F45&nbsp;- Capture Link in a Field Select</strong></p>','S','S','S','','S','en_us','form45','2008-09-10'),(244,'formf8','Data Entry with Input Mask','','http://www.scriptcase.net/siteen/samples/tutoriais/form/form58.php','',28,'http://www.scriptcase.net/sistemas4/exemplos_en_us/form58/form58.php','input data entry mask form','','4','','N','N','S','N','S','en_us','form58',NULL),(245,'form56','Simple Master-Detail for Employees/Projects','','http://www.scriptcase.net/siteen/samples/tutoriais/form/form56.php','',28,'http://www.scriptcase.net/sistemas4/exemplos_en_us/form56/form56.php','simples master detail form link','','4','','','','S','','S','en_us','form56',NULL),(246,'form57','Updating Many-to-Many Relations via CheckBox List','','http://www.scriptcase.net/siteen/samples/tutoriais/form/form57.php','',28,'http://www.scriptcase.net/sistemas4/exemplos_en_us/form57/form57.php','form link relation many to many n:n checkbox','','4','','','','S','','S','en_us','form57',NULL),(247,'form54','Autocomplete using capture','','http://www.scriptcase.net/siteen/samples/tutoriais/form/form54.php','',28,'http://www.scriptcase.net/sistemas4/exemplos_en_us/form54/form54.php','autocomplete form ajax capture import information','','4','','','','S','','S','en_us','form54',NULL),(248,'form55','Grid and Form in the same page','','http://www.scriptcase.net/siteen/samples/tutoriais/form/form55.php','',28,'http://www.scriptcase.net/sistemas4/exemplos_en_us/form55/form55.php','grid form link same page','','4','','','','S','','S','en_us','form55',NULL),(249,'grid_33','Multiple language grid','','http://www.scriptcase.net/siteen/samples/tutoriais/internationalization/grid_33.php','',46,'http://www.scriptcase.net/sistemas4/exemplos_en_us/grid_33/grid_33.php','internationalization grid multiple languages','','4','','','','S','','S','en_us','grid_33',NULL),(250,'ctr_5','Selecting language on the login','','http://www.scriptcase.net/siteen/samples/tutoriais/internationalization/ctr_5.php','',46,'http://www.scriptcase.net/sistemas4/exemplos_en_us/ctr_5/ctr_5.php','internationalization control multiple languages','','4','','','','S','','S','en_us','ctr_5',NULL),(251,'ctr06','Using Captcha on a Login Form ','','','',33,'http://www.scriptcase.net/sistemas4/exemplos_en_us/ctr06/ctr06.php','captcha login form','','4','','','','S','','','en_us','ctr06',NULL);

--
-- Table structure for table `sys_topic`
--

CREATE TABLE `sys_topic` (
  `TopicID` int(11) NOT NULL AUTO_INCREMENT,
  `CategoryID` int(11) NOT NULL,
  `Nome` varchar(100) NOT NULL,
  PRIMARY KEY (`TopicID`),
  KEY `CategoryID` (`CategoryID`),
  CONSTRAINT `sys_topic_ibfk_1` FOREIGN KEY (`CategoryID`) REFERENCES `sys_category` (`CategoryID`) ON DELETE CASCADE ON UPDATE CASCADE
) ENGINE=InnoDB AUTO_INCREMENT=47 DEFAULT CHARSET=latin1;

--
-- Dumping data for table `sys_topic`
--

INSERT INTO `sys_topic` VALUES (21,10,'Configuring a Grid'),(22,10,'Group By, Sum and Resume'),(23,10,'Grid with Form Search'),(24,10,'Link '),(25,10,'Editing Fields '),(26,10,'Print'),(27,11,'Config a Form Application'),(28,11,'Editing Fields '),(29,11,'Link '),(30,11,'Bussiness Rules'),(31,11,'AJAX'),(32,12,'Link'),(33,12,'Bussiness Rules'),(34,13,'Config a Tab Application'),(35,14,'Config a Menu'),(36,15,'Config a Search'),(38,17,'Security '),(39,18,'Programming with Macro, Libs, Events and Method'),(45,26,'Creating Applications with PDF Report'),(46,27,'Internationalization');


